-- Table structure for table `oje6f_schemas`
--

CREATE TABLE `oje6f_schemas` (
  `extension_id` int(11) NOT NULL,
  `version_id` varchar(20) NOT NULL,
  PRIMARY KEY (`extension_id`,`version_id`)
) ENGINE=InnoDB DEFAULT CHARSET=utf8;

--
-- Dumping data for table `oje6f_schemas`
--

INSERT INTO `oje6f_schemas` (`extension_id`, `version_id`) VALUES (700,'3.4.0-2015-02-26');

--
-- Table structure for table `oje6f_session`
--

CREATE TABLE `oje6f_session` (
  `session_id` varchar(200) NOT NULL DEFAULT '',
  `client_id` tinyint(3) unsigned NOT NULL DEFAULT '0',
  `guest` tinyint(4) unsigned DEFAULT '1',
  `time` varchar(14) DEFAULT '',
  `data` mediumtext,
  `userid` int(11) DEFAULT '0',
  `username` varchar(150) DEFAULT '',
  PRIMARY KEY (`session_id`),
  KEY `userid` (`userid`),
  KEY `time` (`time`)
) ENGINE=InnoDB DEFAULT CHARSET=utf8;

--
-- Dumping data for table `oje6f_session`
--

INSERT INTO `oje6f_session` (`session_id`, `client_id`, `guest`, `time`, `data`, `userid`, `username`) VALUES ('25a2e4ffd6f5e9117720664c12042d04',0,1,'1447668447','__default|a:8:{s:15:\"session.counter\";i:7;s:19:\"session.timer.start\";i:1447668416;s:18:\"session.timer.last\";i:1447668440;s:17:\"session.timer.now\";i:1447668447;s:22:\"session.client.browser\";s:119:\"Mozilla/5.0 (Macintosh; Intel Mac OS X 10_8_4) AppleWebKit/537.36 (KHTML, like Gecko) Chrome/39.0.2171.95 Safari/537.36\";s:8:\"registry\";O:24:\"Joomla\\Registry\\Registry\":2:{s:7:\"\\0\\0\\0data\";O:8:\"stdClass\":0:{}s:9:\"separator\";s:1:\".\";}s:4:\"user\";O:5:\"JUser\":26:{s:9:\"\\0\\0\\0isRoot\";b:0;s:2:\"id\";i:0;s:4:\"name\";N;s:8:\"username\";N;s:5:\"email\";N;s:8:\"password\";N;s:14:\"password_clear\";s:0:\"\";s:5:\"block\";N;s:9:\"sendEmail\";i:0;s:12:\"registerDate\";N;s:13:\"lastvisitDate\";N;s:10:\"activation\";N;s:6:\"params\";N;s:6:\"groups\";a:1:{i:0;i:1;}s:5:\"guest\";i:1;s:13:\"lastResetTime\";N;s:10:\"resetCount\";N;s:12:\"requireReset\";N;s:10:\"\\0\\0\\0_params\";O:24:\"Joomla\\Registry\\Registry\":2:{s:7:\"\\0\\0\\0data\";O:8:\"stdClass\":0:{}s:9:\"separator\";s:1:\".\";}s:14:\"\\0\\0\\0_authGroups\";a:1:{i:0;i:1;}s:14:\"\\0\\0\\0_authLevels\";a:2:{i:0;i:1;i:1;i:1;}s:15:\"\\0\\0\\0_authActions\";N;s:12:\"\\0\\0\\0_errorMsg\";N;s:13:\"\\0\\0\\0userHelper\";O:18:\"JUserWrapperHelper\":0:{}s:10:\"\\0\\0\\0_errors\";a:0:{}s:3:\"aid\";i:0;}s:13:\"session.token\";s:32:\"89dd3f5228fa876faee234254a36032a\";}',0,''),('976556542c3d531a0dc6f675c017f2b4',1,1,'1447667892','__default|a:7:{s:15:\"session.counter\";i:1;s:19:\"session.timer.start\";i:1447667890;s:18:\"session.timer.last\";i:1447667890;s:17:\"session.timer.now\";i:1447667890;s:8:\"registry\";O:24:\"Joomla\\Registry\\Registry\":2:{s:7:\"\\0\\0\\0data\";O:8:\"stdClass\":0:{}s:9:\"separator\";s:1:\".\";}s:4:\"user\";O:5:\"JUser\":26:{s:9:\"\\0\\0\\0isRoot\";N;s:2:\"id\";i:0;s:4:\"name\";N;s:8:\"username\";N;s:5:\"email\";N;s:8:\"password\";N;s:14:\"password_clear\";s:0:\"\";s:5:\"block\";N;s:9:\"sendEmail\";i:0;s:12:\"registerDate\";N;s:13:\"lastvisitDate\";N;s:10:\"activation\";N;s:6:\"params\";N;s:6:\"groups\";a:1:{i:0;i:1;}s:5:\"guest\";i:1;s:13:\"lastResetTime\";N;s:10:\"resetCount\";N;s:12:\"requireReset\";N;s:10:\"\\0\\0\\0_params\";O:24:\"Joomla\\Registry\\Registry\":2:{s:7:\"\\0\\0\\0data\";O:8:\"stdClass\":0:{}s:9:\"separator\";s:1:\".\";}s:14:\"\\0\\0\\0_authGroups\";N;s:14:\"\\0\\0\\0_authLevels\";a:2:{i:0;i:1;i:1;i:1;}s:15:\"\\0\\0\\0_authActions\";N;s:12:\"\\0\\0\\0_errorMsg\";N;s:13:\"\\0\\0\\0userHelper\";O:18:\"JUserWrapperHelper\":0:{}s:10:\"\\0\\0\\0_errors\";a:0:{}s:3:\"aid\";i:0;}s:13:\"session.token\";s:32:\"47c69449cb4236b38a8ac9439056de95\";}',0,''),('a850de454aa4852aef810a4588d3c1d2',1,1,'1447667988','__default|a:8:{s:15:\"session.counter\";i:1;s:19:\"session.timer.start\";i:1447667988;s:18:\"session.timer.last\";i:1447667988;s:17:\"session.timer.now\";i:1447667988;s:22:\"session.client.browser\";s:109:\"Mozilla/5.0 (Windows NT 6.1; WOW64) AppleWebKit/537.36 (KHTML, like Gecko) Chrome/36.0.1985.125 Safari/537.36\";s:8:\"registry\";O:24:\"Joomla\\Registry\\Registry\":2:{s:7:\"\\0\\0\\0data\";O:8:\"stdClass\":0:{}s:9:\"separator\";s:1:\".\";}s:4:\"user\";O:5:\"JUser\":26:{s:9:\"\\0\\0\\0isRoot\";N;s:2:\"id\";i:0;s:4:\"name\";N;s:8:\"username\";N;s:5:\"email\";N;s:8:\"password\";N;s:14:\"password_clear\";s:0:\"\";s:5:\"block\";N;s:9:\"sendEmail\";i:0;s:12:\"registerDate\";N;s:13:\"lastvisitDate\";N;s:10:\"activation\";N;s:6:\"params\";N;s:6:\"groups\";a:1:{i:0;i:1;}s:5:\"guest\";i:1;s:13:\"lastResetTime\";N;s:10:\"resetCount\";N;s:12:\"requireReset\";N;s:10:\"\\0\\0\\0_params\";O:24:\"Joomla\\Registry\\Registry\":2:{s:7:\"\\0\\0\\0data\";O:8:\"stdClass\":0:{}s:9:\"separator\";s:1:\".\";}s:14:\"\\0\\0\\0_authGroups\";N;s:14:\"\\0\\0\\0_authLevels\";a:2:{i:0;i:1;i:1;i:1;}s:15:\"\\0\\0\\0_authActions\";N;s:12:\"\\0\\0\\0_errorMsg\";N;s:13:\"\\0\\0\\0userHelper\";O:18:\"JUserWrapperHelper\":0:{}s:10:\"\\0\\0\\0_errors\";a:0:{}s:3:\"aid\";i:0;}s:13:\"session.token\";s:32:\"d43f140698c3fbb726130b8b91a7ce60\";}',0,''),('faa04f8c97fd6e5065b8a434d75f23b0',0,1,'1447668820','__default|a:8:{s:15:\"session.counter\";i:6;s:19:\"session.timer.start\";i:1447668719;s:18:\"session.timer.last\";i:1447668744;s:17:\"session.timer.now\";i:1447668820;s:22:\"session.client.browser\";s:119:\"Mozilla/5.0 (Macintosh; Intel Mac OS X 10_8_4) AppleWebKit/537.36 (KHTML, like Gecko) Chrome/39.0.2171.95 Safari/537.36\";s:8:\"registry\";O:24:\"Joomla\\Registry\\Registry\":2:{s:7:\"\\0\\0\\0data\";O:8:\"stdClass\":0:{}s:9:\"separator\";s:1:\".\";}s:4:\"user\";O:5:\"JUser\":26:{s:9:\"\\0\\0\\0isRoot\";b:0;s:2:\"id\";i:0;s:4:\"name\";N;s:8:\"username\";N;s:5:\"email\";N;s:8:\"password\";N;s:14:\"password_clear\";s:0:\"\";s:5:\"block\";N;s:9:\"sendEmail\";i:0;s:12:\"registerDate\";N;s:13:\"lastvisitDate\";N;s:10:\"activation\";N;s:6:\"params\";N;s:6:\"groups\";a:1:{i:0;i:1;}s:5:\"guest\";i:1;s:13:\"lastResetTime\";N;s:10:\"resetCount\";N;s:12:\"requireReset\";N;s:10:\"\\0\\0\\0_params\";O:24:\"Joomla\\Registry\\Registry\":2:{s:7:\"\\0\\0\\0data\";O:8:\"stdClass\":0:{}s:9:\"separator\";s:1:\".\";}s:14:\"\\0\\0\\0_authGroups\";a:1:{i:0;i:1;}s:14:\"\\0\\0\\0_authLevels\";a:2:{i:0;i:1;i:1;i:1;}s:15:\"\\0\\0\\0_authActions\";N;s:12:\"\\0\\0\\0_errorMsg\";N;s:13:\"\\0\\0\\0userHelper\";O:18:\"JUserWrapperHelper\":0:{}s:10:\"\\0\\0\\0_errors\";a:0:{}s:3:\"aid\";i:0;}s:13:\"session.token\";s:32:\"8a16e5a38a7306f9c91a8afecf12449a\";}',0,'');

--
-- Table structure for table `oje6f_tags`
--

CREATE TABLE `oje6f_tags` (
  `id` int(10) unsigned NOT NULL AUTO_INCREMENT,
  `parent_id` int(10) unsigned NOT NULL DEFAULT '0',
  `lft` int(11) NOT NULL DEFAULT '0',
  `rgt` int(11) NOT NULL DEFAULT '0',
  `level` int(10) unsigned NOT NULL DEFAULT '0',
  `path` varchar(255) NOT NULL DEFAULT '',
  `title` varchar(255) NOT NULL,
  `alias` varchar(255) CHARACTER SET utf8 COLLATE utf8_bin NOT NULL DEFAULT '',
  `note` varchar(255) NOT NULL DEFAULT '',
  `description` mediumtext NOT NULL,
  `published` tinyint(1) NOT NULL DEFAULT '0',
  `checked_out` int(11) unsigned NOT NULL DEFAULT '0',
  `checked_out_time` datetime NOT NULL DEFAULT '0000-00-00 00:00:00',
  `access` int(10) unsigned NOT NULL DEFAULT '0',
  `params` text NOT NULL,
  `metadesc` varchar(1024) NOT NULL COMMENT 'The meta description for the page.',
  `metakey` varchar(1024) NOT NULL COMMENT 'The meta keywords for the page.',
  `metadata` varchar(2048) NOT NULL COMMENT 'JSON encoded metadata properties.',
  `created_user_id` int(10) unsigned NOT NULL DEFAULT '0',
  `created_time` datetime NOT NULL DEFAULT '0000-00-00 00:00:00',
  `created_by_alias` varchar(255) NOT NULL DEFAULT '',
  `modified_user_id` int(10) unsigned NOT NULL DEFAULT '0',
  `modified_time` datetime NOT NULL DEFAULT '0000-00-00 00:00:00',
  `images` text NOT NULL,
  `urls` text NOT NULL,
  `hits` int(10) unsigned NOT NULL DEFAULT '0',
  `language` char(7) NOT NULL,
  `version` int(10) unsigned NOT NULL DEFAULT '1',
  `publish_up` datetime NOT NULL DEFAULT '0000-00-00 00:00:00',
  `publish_down` datetime NOT NULL DEFAULT '0000-00-00 00:00:00',
  PRIMARY KEY (`id`),
  KEY `tag_idx` (`published`,`access`),
  KEY `idx_access` (`access`),
  KEY `idx_checkout` (`checked_out`),
  KEY `idx_path` (`path`),
  KEY `idx_left_right` (`lft`,`rgt`),
  KEY `idx_alias` (`alias`),
  KEY `idx_language` (`language`)
) ENGINE=InnoDB AUTO_INCREMENT=2 DEFAULT CHARSET=utf8;

--
-- Dumping data for table `oje6f_tags`
--

INSERT INTO `oje6f_tags` (`id`, `parent_id`, `lft`, `rgt`, `level`, `path`, `title`, `alias`, `note`, `description`, `published`, `checked_out`, `checked_out_time`, `access`, `params`, `metadesc`, `metakey`, `metadata`, `created_user_id`, `created_time`, `created_by_alias`, `modified_user_id`, `modified_time`, `images`, `urls`, `hits`, `language`, `version`, `publish_up`, `publish_down`) VALUES (1,0,0,1,0,'','ROOT','root','','',1,0,'0000-00-00 00:00:00',1,'{}','','','',523,'2011-01-01 00:00:01','',0,'0000-00-00 00:00:00','','',0,'*',1,'0000-00-00 00:00:00','0000-00-00 00:00:00');

--
-- Table structure for table `oje6f_template_styles`
--

CREATE TABLE `oje6f_template_styles` (
  `id` int(10) unsigned NOT NULL AUTO_INCREMENT,
  `template` varchar(50) NOT NULL DEFAULT '',
  `client_id` tinyint(1) unsigned NOT NULL DEFAULT '0',
  `home` char(7) NOT NULL DEFAULT '0',
  `title` varchar(255) NOT NULL DEFAULT '',
  `params` text NOT NULL,
  PRIMARY KEY (`id`),
  KEY `idx_template` (`template`),
  KEY `idx_home` (`home`)
) ENGINE=InnoDB AUTO_INCREMENT=14 DEFAULT CHARSET=utf8;

--
-- Dumping data for table `oje6f_template_styles`
--

INSERT INTO `oje6f_template_styles` (`id`, `template`, `client_id`, `home`, `title`, `params`) VALUES (11,'shaper_vocal',0,'1','shaper_vocal - Default','{\"show_rotator\":\"1\",\"rotator_interval\":\"3000\",\"rotator_image1\":\"images\\/morales-entertainmen-group-6.jpg\",\"rotator_image2\":\"images\\/morales-entertainment-group-2.jpg\",\"rotator_image3\":\"images\\/morales-entertainment-group-3.jpg\",\"rotator_image4\":\"images\\/morales-entertainment-group-1.jpg\",\"rotator_image5\":\"images\\/morales-entertainment-group-4.jpg\",\"layout_width\":\"1170\",\"layout_type\":\"responsive\",\"logo_type\":\"image\",\"logo_position\":\"logo\",\"logo_type_image\":\"images\\/morales-entertainment-logo-main.png\",\"logo_type_text\":\"Helix\",\"logo_type_slogan\":\"Joomla! Templates Framework\",\"logo_width\":\"250\",\"logo_height\":\"85\",\"footer_position\":\"footer1\",\"showcp\":\"1\",\"copyright\":\"Copyright ©  {year} Morales Entertainment Group, LTD. Co. All Rights Reserved.\",\"show_helix_logo\":\"0\",\"jcredit\":\"0\",\"credit_link\":\"0\",\"credit_text\":\"Designed by {JoomShaper}\",\"validator\":\"0\",\"showtop\":\"1\",\"totop_position\":\"footer2\",\"preset\":\"preset1\",\"preset1_bg\":\"#000\",\"preset1_text\":\"#fff\",\"preset1_link\":\"#72ec38\",\"preset2_bg\":\"#000\",\"preset2_text\":\"#fff\",\"preset2_link\":\"#00bff3\",\"preset3_bg\":\"#000\",\"preset3_text\":\"#fff\",\"preset3_link\":\"#00a651\",\"preset4_bg\":\"#000000\",\"preset4_text\":\"#ffffff\",\"preset4_link\":\"#ed145b\",\"preset5_bg\":\"#000000\",\"preset5_text\":\"#ffffff\",\"preset5_link\":\"#8560a8\",\"preset6_bg\":\"#000000\",\"preset6_text\":\"#ffffff\",\"preset6_link\":\"#a67c52\",\"layout\":[{\"name\":\"Header\",\"class\":\"container\",\"responsive\":\"\",\"backgroundcolor\":\"rgba(255, 255, 255, 0)\",\"textcolor\":\"rgba(255, 255, 255, 0)\",\"linkcolor\":\"rgba(255, 255, 255, 0)\",\"linkhovercolor\":\"rgba(255, 255, 255, 0)\",\"margin\":\"\",\"padding\":\"\",\"children\":[{\"span\":\"2\",\"offset\":\"\",\"type\":\"modules\",\"position\":\"logo\",\"style\":\"\",\"customclass\":\"\",\"responsiveclass\":\"\"},{\"span\":\"8\",\"offset\":\"2\",\"type\":\"modules\",\"position\":\"menu\",\"style\":\"none\",\"customclass\":\"\",\"responsiveclass\":\"\"}]},{\"name\":\"Countdown\",\"class\":\"container\",\"responsive\":\"\",\"backgroundcolor\":\"rgba(255, 255, 255, 0)\",\"textcolor\":\"rgba(255, 255, 255, 0)\",\"linkcolor\":\"rgba(255, 255, 255, 0)\",\"linkhovercolor\":\"rgba(255, 255, 255, 0)\",\"margin\":\"\",\"padding\":\"\",\"children\":[{\"span\":\"12\",\"offset\":\"\",\"type\":\"modules\",\"position\":\"countdown\",\"style\":\"sp-xhtml\",\"customclass\":\"\",\"responsiveclass\":\"\"}]},{\"name\":\"Slider\",\"class\":\"container\",\"responsive\":\"\",\"backgroundcolor\":\"rgba(255, 255, 255, 0)\",\"textcolor\":\"rgba(255, 255, 255, 0)\",\"linkcolor\":\"rgba(255, 255, 255, 0)\",\"linkhovercolor\":\"rgba(255, 255, 255, 0)\",\"margin\":\"\",\"padding\":\"\",\"children\":[{\"span\":\"12\",\"offset\":\"\",\"type\":\"modules\",\"position\":\"slide\",\"style\":\"sp-xhtml\",\"customclass\":\"\",\"responsiveclass\":\"\"}]},{\"name\":\"Performers\",\"class\":\"container\",\"responsive\":\"\",\"backgroundcolor\":\"rgba(255, 255, 255, 0)\",\"textcolor\":\"rgba(255, 255, 255, 0)\",\"linkcolor\":\"rgba(255, 255, 255, 0)\",\"linkhovercolor\":\"rgba(255, 255, 255, 0)\",\"margin\":\"\",\"padding\":\"\",\"children\":[{\"span\":\"12\",\"offset\":\"\",\"type\":\"modules\",\"position\":\"performers\",\"style\":\"sp_xhtml\",\"customclass\":\"\",\"responsiveclass\":\"\"}]},{\"name\":\"Action\",\"class\":\"container\",\"responsive\":\"\",\"backgroundcolor\":\"rgba(255, 255, 255, 0)\",\"textcolor\":\"rgba(255, 255, 255, 0)\",\"linkcolor\":\"rgba(255, 255, 255, 0)\",\"linkhovercolor\":\"rgba(255, 255, 255, 0)\",\"margin\":\"\",\"padding\":\"25px 0 0\",\"children\":[{\"span\":\"12\",\"offset\":\"\",\"type\":\"modules\",\"position\":\"action\",\"style\":\"sp_xhtml\",\"customclass\":\"\",\"responsiveclass\":\"\"}]},{\"name\":\"User Top\",\"class\":\"container\",\"responsive\":\"\",\"backgroundcolor\":\"rgba(255, 255, 255, 0)\",\"textcolor\":\"rgba(255, 255, 255, 0)\",\"linkcolor\":\"rgba(255, 255, 255, 0)\",\"linkhovercolor\":\"rgba(255, 255, 255, 0)\",\"margin\":\"\",\"padding\":\"\",\"children\":[{\"span\":\"8\",\"offset\":\"\",\"type\":\"modules\",\"position\":\"user-top1\",\"style\":\"sp_xhtml\",\"customclass\":\"\",\"responsiveclass\":\"\"},{\"span\":\"4\",\"offset\":\"\",\"type\":\"modules\",\"position\":\"user-top2\",\"style\":\"sp_xhtml\",\"customclass\":\"\",\"responsiveclass\":\"\"}]},{\"name\":\"Users\",\"class\":\"container\",\"responsive\":\"\",\"backgroundcolor\":\"rgba(255, 255, 255, 0)\",\"textcolor\":\"rgba(255, 255, 255, 0)\",\"linkcolor\":\"rgba(255, 255, 255, 0)\",\"linkhovercolor\":\"rgba(255, 255, 255, 0)\",\"margin\":\"\",\"padding\":\"30px 0\",\"children\":[{\"span\":\"4\",\"offset\":\"\",\"type\":\"modules\",\"position\":\"user1\",\"style\":\"sp_xhtml\",\"customclass\":\"\",\"responsiveclass\":\"\"},{\"span\":\"4\",\"offset\":\"\",\"type\":\"modules\",\"position\":\"user2\",\"style\":\"sp_xhtml\",\"customclass\":\"\",\"responsiveclass\":\"\"},{\"span\":\"4\",\"offset\":\"\",\"type\":\"modules\",\"position\":\"user3\",\"style\":\"sp_xhtml\",\"customclass\":\"\",\"responsiveclass\":\"\"}]},{\"name\":\"Main Body\",\"class\":\"container\",\"responsive\":\"\",\"backgroundcolor\":\"rgba(246, 180, 74, 0)\",\"textcolor\":\"rgba(255, 255, 255, 0)\",\"linkcolor\":\"rgba(255, 255, 255, 0)\",\"linkhovercolor\":\"rgba(255, 255, 255, 0)\",\"margin\":\"\",\"padding\":\"30px 0 0\",\"children\":[{\"span\":\"2\",\"offset\":\"\",\"type\":\"modules\",\"position\":\"left\",\"style\":\"xhtml\",\"customclass\":\"\",\"responsiveclass\":\"\"},{\"span\":\"6\",\"offset\":\"\",\"type\":\"message\",\"position\":\"\",\"style\":\"xhtml\",\"customclass\":\"\",\"responsiveclass\":\"\",\"children\":[{\"name\":\"Component Area\",\"class\":\"\",\"responsive\":\"\",\"backgroundcolor\":\"rgba(255, 255, 255, 0)\",\"textcolor\":\"rgba(255, 255, 255, 0)\",\"linkcolor\":\"rgba(255, 255, 255, 0)\",\"linkhovercolor\":\"rgba(255, 255, 255, 0)\",\"margin\":\"\",\"padding\":\"\",\"children\":[{\"span\":\"12\",\"offset\":\"\",\"type\":\"component\",\"position\":\"\",\"style\":\"xhtml\",\"customclass\":\"\",\"responsiveclass\":\"\",\"children\":[{\"name\":\"\",\"class\":\"\",\"responsive\":\"\",\"backgroundcolor\":\"rgba(255, 255, 255, 0)\",\"textcolor\":\"rgba(255, 255, 255, 0)\",\"linkcolor\":\"rgba(255, 255, 255, 0)\",\"linkhovercolor\":\"rgba(255, 255, 255, 0)\",\"margin\":\"\",\"padding\":\"\",\"children\":[{\"span\":\"12\",\"offset\":\"\",\"type\":\"modules\",\"position\":\"content\",\"style\":\"sp_xhtml\",\"customclass\":\"\",\"responsiveclass\":\"\"}]}]}]}]},{\"span\":\"4\",\"offset\":\"\",\"type\":\"modules\",\"position\":\"right\",\"style\":\"sp_xhtml\",\"customclass\":\"\",\"responsiveclass\":\"\"}]},{\"name\":\"Clients\",\"class\":\"container\",\"responsive\":\"\",\"backgroundcolor\":\"rgba(255, 255, 255, 0)\",\"textcolor\":\"rgba(255, 255, 255, 0)\",\"linkcolor\":\"rgba(255, 255, 255, 0)\",\"linkhovercolor\":\"rgba(255, 255, 255, 0)\",\"margin\":\"\",\"padding\":\"\",\"children\":[{\"span\":\"12\",\"offset\":\"\",\"type\":\"modules\",\"position\":\"clients\",\"style\":\"sp_xhtml\",\"customclass\":\"\",\"responsiveclass\":\"\"}]},{\"name\":\"Breadcrumb\",\"class\":\"container\",\"responsive\":\"\",\"backgroundcolor\":\"rgba(255, 255, 255, 0)\",\"textcolor\":\"rgba(255, 255, 255, 0)\",\"linkcolor\":\"rgba(255, 255, 255, 0)\",\"linkhovercolor\":\"rgba(255, 255, 255, 0)\",\"margin\":\"\",\"padding\":\"\",\"children\":[{\"span\":\"12\",\"offset\":\"\",\"type\":\"modules\",\"position\":\"breadcrumb\",\"style\":\"none\",\"customclass\":\"\",\"responsiveclass\":\"\"}]},{\"name\":\"Bottom\",\"class\":\"container\",\"responsive\":\"\",\"backgroundcolor\":\"rgba(255, 255, 255, 0)\",\"textcolor\":\"rgba(255, 255, 255, 0)\",\"linkcolor\":\"rgba(255, 255, 255, 0)\",\"linkhovercolor\":\"rgba(255, 255, 255, 0)\",\"margin\":\"\",\"padding\":\"30px 0\",\"children\":[{\"span\":\"4\",\"offset\":\"\",\"type\":\"modules\",\"position\":\"bottom1\",\"style\":\"sp_flat\",\"customclass\":\"\",\"responsiveclass\":\"\"},{\"span\":\"4\",\"offset\":\"\",\"type\":\"modules\",\"position\":\"bottom2\",\"style\":\"sp_flat\",\"customclass\":\"\",\"responsiveclass\":\"\"},{\"span\":\"4\",\"offset\":\"\",\"type\":\"modules\",\"position\":\"bottom3\",\"style\":\"sp_flat\",\"customclass\":\"\",\"responsiveclass\":\"\"}]},{\"name\":\"Footer\",\"class\":\"container\",\"responsive\":\"\",\"backgroundcolor\":\"rgba(255, 255, 255, 0)\",\"textcolor\":\"rgba(255, 255, 255, 0)\",\"linkcolor\":\"rgba(255, 255, 255, 0)\",\"linkhovercolor\":\"rgba(255, 255, 255, 0)\",\"margin\":\"\",\"padding\":\"0\",\"children\":[{\"span\":\"8\",\"offset\":\"\",\"type\":\"modules\",\"position\":\"footer1\",\"style\":\"none\",\"customclass\":\"\",\"responsiveclass\":\"\"},{\"span\":\"4\",\"offset\":\"\",\"type\":\"modules\",\"position\":\"footer2\",\"style\":\"none\",\"customclass\":\"\",\"responsiveclass\":\"\"}]}],\"menu\":\"mainmenu\",\"menutype\":\"mega\",\"menu_col_width\":\"200\",\"show_menu_image\":\"1\",\"menu_image_position\":\"1\",\"submenu_position\":\"0\",\"init_x\":\"0\",\"init_y\":\"33\",\"sub_x\":\"0\",\"sub_y\":\"0\",\"body_font\":\"Dosis:300,400,500,700,800\",\"body_selectors\":\"body, p\",\"header_font\":\"Dosis:300,400,500,700,800\",\"header_selectors\":\"h1, h2, h3, h4, h5\",\"other_font\":\"\",\"other_selectors\":\"\",\"cache_time\":\"60\",\"compress_css\":\"0\",\"compress_js\":\"0\",\"enable_ga\":\"0\",\"ga_code\":\"\",\"loadjquery\":\"0\",\"loadfromcdn\":\"0\",\"lessoption\":\"1\",\"hide_component_area\":\"0\"}'),(12,'protostar',0,'0','protostar - Default','{\"templateColor\":\"\",\"logoFile\":\"\",\"googleFont\":\"1\",\"googleFontName\":\"Open+Sans\",\"fluidContainer\":\"0\"}'),(13,'isis',1,'1','isis - Default','{\"templateColor\":\"\",\"logoFile\":\"\"}');

--
-- Table structure for table `oje6f_ucm_base`
--

CREATE TABLE `oje6f_ucm_base` (
  `ucm_id` int(10) unsigned NOT NULL,
  `ucm_item_id` int(10) NOT NULL,
  `ucm_type_id` int(11) NOT NULL,
  `ucm_language_id` int(11) NOT NULL,
  PRIMARY KEY (`ucm_id`),
  KEY `idx_ucm_item_id` (`ucm_item_id`),
  KEY `idx_ucm_type_id` (`ucm_type_id`),
  KEY `idx_ucm_language_id` (`ucm_language_id`)
) ENGINE=InnoDB DEFAULT CHARSET=utf8;

--
-- Dumping data for table `oje6f_ucm_base`
--


--
-- Table structure for table `oje6f_ucm_content`
--

CREATE TABLE `oje6f_ucm_content` (
  `core_content_id` int(10) unsigned NOT NULL AUTO_INCREMENT,
  `core_type_alias` varchar(255) NOT NULL DEFAULT '' COMMENT 'FK to the content types table',
  `core_title` varchar(255) NOT NULL,
  `core_alias` varchar(255) CHARACTER SET utf8 COLLATE utf8_bin NOT NULL DEFAULT '',
  `core_body` mediumtext NOT NULL,
  `core_state` tinyint(1) NOT NULL DEFAULT '0',
  `core_checked_out_time` varchar(255) NOT NULL DEFAULT '',
  `core_checked_out_user_id` int(10) unsigned NOT NULL DEFAULT '0',
  `core_access` int(10) unsigned NOT NULL DEFAULT '0',
  `core_params` text NOT NULL,
  `core_featured` tinyint(4) unsigned NOT NULL DEFAULT '0',
  `core_metadata` varchar(2048) NOT NULL COMMENT 'JSON encoded metadata properties.',
  `core_created_user_id` int(10) unsigned NOT NULL DEFAULT '0',
  `core_created_by_alias` varchar(255) NOT NULL DEFAULT '',
  `core_created_time` datetime NOT NULL DEFAULT '0000-00-00 00:00:00',
  `core_modified_user_id` int(10) unsigned NOT NULL DEFAULT '0' COMMENT 'Most recent user that modified',
  `core_modified_time` datetime NOT NULL DEFAULT '0000-00-00 00:00:00',
  `core_language` char(7) NOT NULL,
  `core_publish_up` datetime NOT NULL,
  `core_publish_down` datetime NOT NULL,
  `core_content_item_id` int(10) unsigned DEFAULT NULL COMMENT 'ID from the individual type table',
  `asset_id` int(10) unsigned DEFAULT NULL COMMENT 'FK to the #__assets table.',
  `core_images` text NOT NULL,
  `core_urls` text NOT NULL,
  `core_hits` int(10) unsigned NOT NULL DEFAULT '0',
  `core_version` int(10) unsigned NOT NULL DEFAULT '1',
  `core_ordering` int(11) NOT NULL DEFAULT '0',
  `core_metakey` text NOT NULL,
  `core_metadesc` text NOT NULL,
  `core_catid` int(10) unsigned NOT NULL DEFAULT '0',
  `core_xreference` varchar(50) NOT NULL COMMENT 'A reference to enable linkages to external data sets.',
  `core_type_id` int(10) unsigned DEFAULT NULL,
  PRIMARY KEY (`core_content_id`),
  KEY `tag_idx` (`core_state`,`core_access`),
  KEY `idx_access` (`core_access`),
  KEY `idx_alias` (`core_alias`),
  KEY `idx_language` (`core_language`),
  KEY `idx_title` (`core_title`),
  KEY `idx_modified_time` (`core_modified_time`),
  KEY `idx_created_time` (`core_created_time`),
  KEY `idx_content_type` (`core_type_alias`),
  KEY `idx_core_modified_user_id` (`core_modified_user_id`),
  KEY `idx_core_checked_out_user_id` (`core_checked_out_user_id`),
  KEY `idx_core_created_user_id` (`core_created_user_id`),
  KEY `idx_core_type_id` (`core_type_id`)
) ENGINE=InnoDB DEFAULT CHARSET=utf8 COMMENT='Contains core content data in name spaced fields';

--
-- Dumping data for table `oje6f_ucm_content`
--


--
-- Table structure for table `oje6f_ucm_history`
--

CREATE TABLE `oje6f_ucm_history` (
  `version_id` int(10) unsigned NOT NULL AUTO_INCREMENT,
  `ucm_item_id` int(10) unsigned NOT NULL,
  `ucm_type_id` int(10) unsigned NOT NULL,
  `version_note` varchar(255) NOT NULL DEFAULT '' COMMENT 'Optional version name',
  `save_date` datetime NOT NULL DEFAULT '0000-00-00 00:00:00',
  `editor_user_id` int(10) unsigned NOT NULL DEFAULT '0',
  `character_count` int(10) unsigned NOT NULL DEFAULT '0' COMMENT 'Number of characters in this version.',
  `sha1_hash` varchar(50) NOT NULL DEFAULT '' COMMENT 'SHA1 hash of the version_data column.',
  `version_data` mediumtext NOT NULL COMMENT 'json-encoded string of version data',
  `keep_forever` tinyint(4) NOT NULL DEFAULT '0' COMMENT '0=auto delete; 1=keep',
  PRIMARY KEY (`version_id`),
  KEY `idx_ucm_item_id` (`ucm_type_id`,`ucm_item_id`),
  KEY `idx_save_date` (`save_date`)
) ENGINE=InnoDB DEFAULT CHARSET=utf8;

--
-- Dumping data for table `oje6f_ucm_history`
--


--
-- Table structure for table `oje6f_update_sites`
--

CREATE TABLE `oje6f_update_sites` (
  `update_site_id` int(11) NOT NULL AUTO_INCREMENT,
  `name` varchar(100) DEFAULT '',
  `type` varchar(20) DEFAULT '',
  `location` text NOT NULL,
  `enabled` int(11) DEFAULT '0',
  `last_check_timestamp` bigint(20) DEFAULT '0',
  `extra_query` varchar(1000) DEFAULT '',
  PRIMARY KEY (`update_site_id`)
) ENGINE=InnoDB AUTO_INCREMENT=13 DEFAULT CHARSET=utf8 COMMENT='Update Sites';

--
-- Dumping data for table `oje6f_update_sites`
--

INSERT INTO `oje6f_update_sites` (`update_site_id`, `name`, `type`, `location`, `enabled`, `last_check_timestamp`, `extra_query`) VALUES (1,'Joomla Core','collection','http://update.joomla.org/core/list.xml',1,1443631297,''),(2,'Joomla Extension Directory','collection','http://update.joomla.org/jed/list.xml',1,1443631297,''),(3,'Accredited Joomla! Translations','collection','http://update.joomla.org/language/translationlist_3.xml',1,0,''),(4,'System - Helix Framework','plugin','http://joomshaper.com/updates/plg_system_helix.xml',1,0,''),(5,'System - Helix Framework','extension','http://www.joomshaper.com/updates/plg_system_helix.xml',0,0,''),(6,'K2 Updates','extension','http://getk2.org/update.xml',1,0,''),(7,'AcyMailing','extension','http://www.acyba.com/component/updateme/updatexml/component-acymailing/level-Starter/file-extension.xml',1,0,''),(8,'WebInstaller Update Site','extension','http://appscdn.joomla.org/webapps/jedapps/webinstaller.xml',1,0,''),(9,'Joomla! Update Component Update Site','extension','http://update.joomla.org/core/extensions/com_joomlaupdate.xml',1,1443631295,''),(10,'Dutch Language Updates','collection','http://download.joomlacommunity.eu/downloads/updates/translationlist_3.xml',1,1443631295,''),(11,'Weblinks Update Site','extension','https://raw.githubusercontent.com/joomla-extensions/weblinks/master/manifest.xml',1,1443631295,''),(12,'Simpl Facebook Module Updates','extension','http://briancoale.com/joom/index.php?option=com_ars&view=update&task=stream&format=xml&id=1&dummy=extension.xml',1,1443631295,'');

--
-- Table structure for table `oje6f_update_sites_extensions`
--

CREATE TABLE `oje6f_update_sites_extensions` (
  `update_site_id` int(11) NOT NULL DEFAULT '0',
  `extension_id` int(11) NOT NULL DEFAULT '0',
  PRIMARY KEY (`update_site_id`,`extension_id`)
) ENGINE=MyISAM DEFAULT CHARSET=utf8 COMMENT='Links extensions to update sites';

--
-- Dumping data for table `oje6f_update_sites_extensions`
--

INSERT INTO `oje6f_update_sites_extensions` (`update_site_id`, `extension_id`) VALUES (1,700),(2,700),(3,600),(3,10062),(3,10065),(3,10068),(4,10000),(5,10000),(6,10008),(7,10024),(8,10058),(9,28),(10,10062),(11,801),(12,10069);

--
-- Table structure for table `oje6f_updates`
--

CREATE TABLE `oje6f_updates` (
  `update_id` int(11) NOT NULL AUTO_INCREMENT,
  `update_site_id` int(11) DEFAULT '0',
  `extension_id` int(11) DEFAULT '0',
  `name` varchar(100) DEFAULT '',
  `description` text NOT NULL,
  `element` varchar(100) DEFAULT '',
  `type` varchar(20) DEFAULT '',
  `folder` varchar(20) DEFAULT '',
  `client_id` tinyint(3) DEFAULT '0',
  `version` varchar(32) DEFAULT '',
  `data` text NOT NULL,
  `detailsurl` text NOT NULL,
  `infourl` text NOT NULL,
  `extra_query` varchar(1000) DEFAULT '',
  PRIMARY KEY (`update_id`)
) ENGINE=InnoDB AUTO_INCREMENT=5 DEFAULT CHARSET=utf8 COMMENT='Available Updates';

--
-- Dumping data for table `oje6f_updates`
--

INSERT INTO `oje6f_updates` (`update_id`, `update_site_id`, `extension_id`, `name`, `description`, `element`, `type`, `folder`, `client_id`, `version`, `data`, `detailsurl`, `infourl`, `extra_query`) VALUES (2,10,10062,'nl-NL','','pkg_nl-NL','package','',0,'3.4.3.1','','http://download.joomlacommunity.eu/downloads/details/nl-NL_details_3.xml','',''),(3,11,801,'Weblinks Extension Package','Joomla! CMS Weblinks Package','pkg_weblinks','package','',0,'3.4.1','','https://raw.githubusercontent.com/joomla-extensions/weblinks/master/manifest.xml','https://github.com/joomla-extensions/weblinks/releases/tag/3.4.1',''),(4,12,10069,'Simpl Facebook Module','Simpl Facebook Module','mod_simpl_fb','module','',0,'1.2.1','','http://briancoale.com/joom/index.php?option=com_ars&view=update&task=stream&format=xml&id=1&dummy=extension.xml','http://briancoale.com/joom/component/ars/?view=release&id=26','');

--
-- Table structure for table `oje6f_user_keys`
--

CREATE TABLE `oje6f_user_keys` (
  `id` int(10) unsigned NOT NULL AUTO_INCREMENT,
  `user_id` varchar(255) NOT NULL,
  `token` varchar(255) NOT NULL,
  `series` varchar(255) NOT NULL,
  `invalid` tinyint(4) NOT NULL,
  `time` varchar(200) NOT NULL,
  `uastring` varchar(255) NOT NULL,
  PRIMARY KEY (`id`),
  UNIQUE KEY `series` (`series`),
  UNIQUE KEY `series_2` (`series`),
  UNIQUE KEY `series_3` (`series`),
  KEY `user_id` (`user_id`)
) ENGINE=InnoDB DEFAULT CHARSET=utf8;

--
-- Dumping data for table `oje6f_user_keys`
--


--
-- Table structure for table `oje6f_user_notes`
--

CREATE TABLE `oje6f_user_notes` (
  `id` int(10) unsigned NOT NULL AUTO_INCREMENT,
  `user_id` int(10) unsigned NOT NULL DEFAULT '0',
  `catid` int(10) unsigned NOT NULL DEFAULT '0',
  `subject` varchar(100) NOT NULL DEFAULT '',
  `body` text NOT NULL,
  `state` tinyint(3) NOT NULL DEFAULT '0',
  `checked_out` int(10) unsigned NOT NULL DEFAULT '0',
  `checked_out_time` datetime NOT NULL DEFAULT '0000-00-00 00:00:00',
  `created_user_id` int(10) unsigned NOT NULL DEFAULT '0',
  `created_time` datetime NOT NULL DEFAULT '0000-00-00 00:00:00',
  `modified_user_id` int(10) unsigned NOT NULL,
  `modified_time` datetime NOT NULL DEFAULT '0000-00-00 00:00:00',
  `review_time` datetime NOT NULL DEFAULT '0000-00-00 00:00:00',
  `publish_up` datetime NOT NULL DEFAULT '0000-00-00 00:00:00',
  `publish_down` datetime NOT NULL DEFAULT '0000-00-00 00:00:00',
  PRIMARY KEY (`id`),
  KEY `idx_user_id` (`user_id`),
  KEY `idx_category_id` (`catid`)
) ENGINE=InnoDB DEFAULT CHARSET=utf8;

--
-- Dumping data for table `oje6f_user_notes`
--


--
-- Table structure for table `oje6f_user_profiles`
--

CREATE TABLE `oje6f_user_profiles` (
  `user_id` int(11) NOT NULL,
  `profile_key` varchar(100) NOT NULL,
  `profile_value` text NOT NULL,
  `ordering` int(11) NOT NULL DEFAULT '0',
  UNIQUE KEY `idx_user_id_profile_key` (`user_id`,`profile_key`)
) ENGINE=InnoDB DEFAULT CHARSET=utf8 COMMENT='Simple user profile storage table';

--
-- Dumping data for table `oje6f_user_profiles`
--


--
-- Table structure for table `oje6f_user_usergroup_map`
--

CREATE TABLE `oje6f_user_usergroup_map` (
  `user_id` int(10) unsigned NOT NULL DEFAULT '0' COMMENT 'Foreign Key to #__users.id',
  `group_id` int(10) unsigned NOT NULL DEFAULT '0' COMMENT 'Foreign Key to #__usergroups.id',
  PRIMARY KEY (`user_id`,`group_id`)
) ENGINE=InnoDB DEFAULT CHARSET=utf8;

--
-- Dumping data for table `oje6f_user_usergroup_map`
--

INSERT INTO `oje6f_user_usergroup_map` (`user_id`, `group_id`) VALUES (523,8),(524,2),(525,2),(526,2),(527,2),(528,2),(529,2),(530,2),(531,2),(532,2),(533,2),(534,2),(535,2),(536,2),(537,2),(538,2),(539,2),(540,2),(541,2),(542,2),(543,2),(544,2),(545,2),(546,2),(547,2),(548,2),(549,2),(550,2),(551,2),(552,2),(553,2),(554,2),(555,2),(556,2),(557,2),(558,2),(559,2),(560,2),(561,2),(562,2),(563,2),(564,2),(565,2),(566,2),(567,2),(568,2),(569,2),(570,2),(571,2),(572,2),(573,2),(574,2),(575,2),(576,2),(577,2),(578,2),(579,2),(580,2),(581,2),(582,2),(583,2),(584,2),(585,2),(586,2),(587,2),(588,2),(589,2),(590,2),(591,2),(592,2),(593,2),(594,2),(595,2),(596,2),(597,2),(598,2),(599,2),(600,2),(601,2),(602,2),(603,2),(604,2),(605,2),(606,2),(607,2),(608,2),(609,2),(610,2),(611,2),(612,2),(613,2),(614,2),(615,2),(616,2),(617,2),(618,2),(619,2),(620,2),(621,2),(622,2),(623,2),(624,2),(625,2),(626,2),(627,2),(628,2),(629,2),(630,2),(631,2),(632,2),(633,2),(634,2),(635,2),(636,2),(637,2),(638,2),(639,2),(640,2),(641,2),(642,2),(643,2),(644,2),(645,2),(646,2),(647,2),(648,2),(649,2),(650,2),(651,2),(652,2),(653,2),(654,2),(655,2),(656,2),(657,2),(658,2),(659,2),(660,2),(661,2),(662,2),(663,2),(664,2),(665,2),(666,2),(667,2),(668,2),(669,2),(670,2),(671,2),(672,2),(673,2),(674,2),(675,2),(676,2),(677,2),(678,2),(679,2),(680,2),(681,2),(682,2),(683,2),(684,2),(685,2),(686,2),(687,2),(688,2),(689,2),(690,2),(691,2),(692,2),(693,2),(694,2),(695,2),(696,2),(697,2),(698,2),(699,2),(700,2),(701,2),(702,2),(703,2),(704,2),(705,2),(706,2),(707,2),(708,2),(709,2),(710,2),(711,2),(712,2),(713,2),(714,2),(715,2),(716,2),(717,2),(718,2),(719,2),(720,2),(721,2),(722,2),(723,2),(724,2),(725,2),(726,2),(727,2),(728,2),(729,2),(730,2),(731,2),(732,2),(733,2),(734,2),(735,2),(736,2),(737,2),(738,2),(739,2),(740,2),(741,2),(742,2),(743,2),(744,2),(745,2),(746,2),(747,2),(748,2),(749,2),(750,2),(751,2),(752,2),(753,2),(754,2),(755,2),(756,2),(757,2),(758,2),(759,2),(760,2),(761,2),(762,2),(763,2),(764,2),(765,2),(766,2),(767,2),(768,2),(769,2),(770,2),(771,2),(772,2),(773,2),(774,2),(775,2),(776,2),(777,2),(778,2),(779,2),(780,2),(781,2),(782,2),(783,2),(784,2),(785,2),(786,2),(787,2),(788,2),(789,2),(790,2),(791,2),(792,2),(793,2),(794,2),(795,2),(796,2),(797,2),(798,2),(799,2),(800,2),(801,2),(802,2),(803,2),(804,2),(805,2),(806,2),(807,2),(808,2),(809,2),(810,2),(811,2),(812,2),(813,2),(814,2),(815,2),(816,2),(817,2),(818,2),(819,2),(820,2),(821,2),(822,2),(823,2),(824,2),(825,2),(826,2),(827,2),(828,2),(829,2),(830,2),(831,2),(832,2),(833,2),(834,2),(835,2),(836,2),(837,2),(838,2),(839,2),(840,2),(841,2),(842,2),(843,2),(844,2),(845,2),(846,2),(847,2),(848,2),(849,2),(850,2),(851,2),(852,2),(853,2),(854,2),(855,2),(856,2),(857,2),(858,2),(859,2),(860,2),(861,2),(862,2),(863,2),(864,2),(865,2),(866,2),(867,2),(868,2),(869,2),(870,2),(871,2),(872,2),(873,2),(874,2),(875,2),(876,2),(877,2),(878,2),(879,2),(880,2),(881,2),(882,2),(883,2),(884,2),(885,2),(886,2),(887,2),(888,2),(889,2),(890,2),(891,2),(892,2),(893,2),(894,2),(895,2),(896,2),(897,2),(898,2),(899,2),(900,2),(901,2),(902,2),(903,2),(904,2),(905,2),(906,2),(907,2),(908,2),(909,2),(910,2),(911,2),(912,2),(913,2),(914,2),(915,2),(916,2),(917,2),(918,2),(919,2),(920,2),(921,2),(922,2),(923,2),(924,2),(925,2),(926,2),(927,2),(928,2),(929,2),(930,2),(931,2),(932,2),(933,2),(934,2),(935,2),(936,2),(937,2),(938,2),(939,2),(940,2),(941,2),(942,2),(943,2),(944,2),(945,2),(946,2),(947,2),(948,2),(949,2),(950,2),(951,2),(952,2),(953,2),(954,2),(955,2),(956,2),(957,2),(958,2),(959,2),(960,2),(961,2),(962,2),(963,2),(964,2),(965,2),(966,2),(967,2),(968,2),(969,2),(970,2),(971,2),(972,2),(973,2),(974,2),(975,2),(976,2),(977,2),(978,2),(979,2),(980,2),(981,2),(982,2),(983,2),(984,2),(985,2),(986,2),(987,2),(988,2),(989,2),(990,2),(991,2),(992,2),(993,2),(994,2),(995,2),(996,2),(997,2),(998,2),(999,2),(1000,2),(1001,2),(1002,2),(1003,2),(1004,2),(1005,2),(1006,2),(1007,2),(1008,2),(1009,2),(1010,2),(1011,2),(1012,2),(1013,2),(1014,2),(1015,2),(1016,2),(1017,2),(1018,2),(1019,2),(1020,2),(1021,2),(1022,2),(1023,2),(1024,2),(1025,2),(1026,2),(1027,2),(1028,2),(1029,2),(1030,2),(1031,2),(1032,2),(1033,2),(1034,2),(1035,2),(1036,2),(1037,2),(1038,2),(1039,2),(1040,2),(1041,2),(1042,2),(1043,2),(1044,2),(1045,2),(1046,2),(1047,2),(1048,2),(1049,2),(1050,2),(1051,2),(1052,2),(1053,2),(1054,2),(1055,2),(1056,2),(1057,2),(1058,2),(1059,2),(1060,2),(1061,2),(1062,2),(1063,2),(1064,2),(1065,2),(1066,2),(1067,2),(1068,2),(1069,2),(1070,2),(1071,2),(1072,2),(1073,2),(1074,2),(1075,2),(1076,2),(1077,2),(1078,2),(1079,2),(1080,2),(1081,2),(1082,2),(1083,2),(1084,2),(1085,2),(1086,2),(1087,2),(1088,2),(1089,2),(1090,2),(1091,2),(1092,2),(1093,2),(1094,2),(1095,2),(1096,2),(1097,2),(1098,2),(1099,2),(1100,2),(1101,2),(1102,2),(1103,2),(1104,2),(1105,2),(1106,2),(1107,2),(1108,2),(1109,2),(1110,2),(1111,2),(1112,2),(1113,2),(1114,2),(1115,2),(1116,2),(1117,2),(1118,2),(1119,2),(1120,2),(1121,2),(1122,2),(1123,2),(1124,2),(1125,2),(1126,2),(1127,2),(1128,2),(1129,2),(1130,2),(1131,2),(1132,2),(1133,2),(1134,2),(1135,2),(1136,2),(1137,2),(1138,2),(1139,2),(1140,2),(1141,2),(1142,2),(1143,2),(1144,2),(1145,2),(1146,2),(1147,2),(1148,2),(1149,2),(1150,2),(1151,2),(1152,2),(1153,2),(1154,2),(1155,2),(1156,2),(1157,2),(1158,2),(1159,2),(1160,2),(1161,2),(1162,2),(1163,2),(1164,2),(1165,2),(1166,2),(1167,2),(1168,2),(1169,2),(1170,2),(1171,2),(1172,2),(1173,2),(1174,2),(1175,2),(1176,2),(1177,2),(1178,2),(1179,2),(1180,2),(1181,2),(1182,2),(1183,2),(1184,2),(1185,2),(1186,2),(1187,2),(1188,2),(1189,2),(1190,2),(1191,2),(1192,2),(1193,2),(1194,2),(1195,2),(1196,2),(1197,2),(1198,2),(1199,2),(1200,2),(1201,2),(1202,2),(1203,2),(1204,2),(1205,2),(1206,2),(1207,2),(1208,2),(1209,2),(1210,2),(1211,2),(1212,2),(1213,2),(1214,2),(1215,2),(1216,2),(1217,2),(1218,2),(1219,2),(1220,2),(1221,2),(1222,2),(1223,2),(1224,2),(1225,2),(1226,2),(1227,2),(1228,2),(1229,2),(1230,2),(1231,2),(1232,2),(1233,2),(1234,2),(1235,2),(1236,2),(1237,2),(1238,2),(1239,2),(1240,2),(1241,2),(1242,2),(1243,2),(1244,2);

--
-- Table structure for table `oje6f_usergroups`
--

CREATE TABLE `oje6f_usergroups` (
  `id` int(10) unsigned NOT NULL AUTO_INCREMENT COMMENT 'Primary Key',
  `parent_id` int(10) unsigned NOT NULL DEFAULT '0' COMMENT 'Adjacency List Reference Id',
  `lft` int(11) NOT NULL DEFAULT '0' COMMENT 'Nested set lft.',
  `rgt` int(11) NOT NULL DEFAULT '0' COMMENT 'Nested set rgt.',
  `title` varchar(100) NOT NULL DEFAULT '',
  PRIMARY KEY (`id`),
  UNIQUE KEY `idx_usergroup_parent_title_lookup` (`parent_id`,`title`),
  KEY `idx_usergroup_title_lookup` (`title`),
  KEY `idx_usergroup_adjacency_lookup` (`parent_id`),
  KEY `idx_usergroup_nested_set_lookup` (`lft`,`rgt`) USING BTREE
) ENGINE=InnoDB AUTO_INCREMENT=10 DEFAULT CHARSET=utf8;

--
-- Dumping data for table `oje6f_usergroups`
--

INSERT INTO `oje6f_usergroups` (`id`, `parent_id`, `lft`, `rgt`, `title`) VALUES (1,0,1,18,'Public'),(2,1,8,15,'Registered'),(3,2,9,14,'Author'),(4,3,10,13,'Editor'),(5,4,11,12,'Publisher'),(6,1,4,7,'Manager'),(7,6,5,6,'Administrator'),(8,1,16,17,'Super Users'),(9,1,2,3,'Guest');

--
-- Table structure for table `oje6f_users`
--

CREATE TABLE `oje6f_users` (
  `id` int(11) NOT NULL AUTO_INCREMENT,
  `name` varchar(255) NOT NULL DEFAULT '',
  `username` varchar(150) NOT NULL DEFAULT '',
  `email` varchar(100) NOT NULL DEFAULT '',
  `password` varchar(100) NOT NULL DEFAULT '',
  `block` tinyint(4) NOT NULL DEFAULT '0',
  `sendEmail` tinyint(4) DEFAULT '0',
  `registerDate` datetime NOT NULL DEFAULT '0000-00-00 00:00:00',
  `lastvisitDate` datetime NOT NULL DEFAULT '0000-00-00 00:00:00',
  `activation` varchar(100) NOT NULL DEFAULT '',
  `params` text NOT NULL,
  `lastResetTime` datetime NOT NULL DEFAULT '0000-00-00 00:00:00' COMMENT 'Date of last password reset',
  `resetCount` int(11) NOT NULL DEFAULT '0' COMMENT 'Count of password resets since lastResetTime',
  `otpKey` varchar(1000) NOT NULL DEFAULT '' COMMENT 'Two factor authentication encrypted keys',
  `otep` varchar(1000) NOT NULL DEFAULT '' COMMENT 'One time emergency passwords',
  `requireReset` tinyint(4) NOT NULL DEFAULT '0' COMMENT 'Require user to reset password on next login',
  PRIMARY KEY (`id`),
  KEY `idx_name` (`name`),
  KEY `idx_block` (`block`),
  KEY `username` (`username`),
  KEY `email` (`email`)
) ENGINE=InnoDB AUTO_INCREMENT=1245 DEFAULT CHARSET=utf8;

--
-- Dumping data for table `oje6f_users`
--

INSERT INTO `oje6f_users` (`id`, `name`, `username`, `email`, `password`, `block`, `sendEmail`, `registerDate`, `lastvisitDate`, `activation`, `params`, `lastResetTime`, `resetCount`, `otpKey`, `otep`, `requireReset`) VALUES (523,'Super User','imwebadmin','carlos@moralesent.com','$2y$10$w/6MuwSR9GnGf2C/cAi.GuSUHZHG674MYSmjglhXTfL.u1V80kLeG',0,1,'2015-03-24 04:46:43','2015-09-30 16:41:30','0','','0000-00-00 00:00:00',0,'','',0),(524,'Etuzozuzu','Etuzozuzu','marion@dodajogloszenia.net','$2y$10$nR0xYBVTXfxS9D0CS/Inw.xj7Jtbl.Gckz0UBZiXuaqUzzMPcETN.',0,0,'2015-04-04 23:53:33','2015-04-04 23:55:12','','{}','0000-00-00 00:00:00',0,'','',0),(525,'Penney Martino','penneyzba53764550973','nancihonahniyk8312@yahoo.com','$2y$10$sAvM7S3t1jsvQIuiXbdWh.ib.GyypWXZ9bfSVYgevJBaM3jZxIb3K',1,0,'2015-04-12 20:48:03','0000-00-00 00:00:00','1d628deeb1e6b9672d71b32da365cd3d','{}','0000-00-00 00:00:00',0,'','',0),(526,'Romaine Macghey','romaine0800765100233','mellisamoorermm3026@yahoo.com','$2y$10$zDzO2Uqjas6n8kxuE.Exu.n9mg7qKes7KA/G6MV1ql5W4uFwCH0Bi',1,0,'2015-04-12 21:01:21','0000-00-00 00:00:00','b175d87f13b4818042227ea94937871d','{}','0000-00-00 00:00:00',0,'','',0),(527,'Brodie Lammon','brodieywiprnfzkcebz','kerriszufatkkk@yahoo.com','$2y$10$SQ3GSIipHbSwz7E1NGRS7.KYuNN63qONipqmJPeOfFmipbrGlMm7q',1,0,'2015-04-12 21:06:37','0000-00-00 00:00:00','f7ea2d6c11f7d2e00026eb831b6483a9','{}','0000-00-00 00:00:00',0,'','',0),(528,'Maria Felts','mariaa63ferhkjjfizh','brandiebrukzwz@yahoo.com','$2y$10$lf4cQ2cmgz.iOr4DMs0FP.r5dlXm35mLtwCdawZmjP4.YYQkmLjZS',0,0,'2015-04-12 21:44:55','2015-04-12 21:56:16','','{}','0000-00-00 00:00:00',0,'','',0),(529,'Annette Teasdale','oawannette383990679','isabelleborysno2989@yahoo.com','$2y$10$AU3.6bLw7n9v6nBeZAtJYeCdJUFuW7TBk9Dei0mXiikDDCkVBb5Q.',0,0,'2015-04-12 22:08:00','2015-04-12 22:18:56','','{}','0000-00-00 00:00:00',0,'','',0),(530,'Shelly Kittredge','shellykittredge','ronnatsruakih5069@yahoo.com','$2y$10$SUxpxBeicFSnFY5kTkWAku3Q.kVb8QIvnC32KnKWrEk19Njv6rBZG',0,0,'2015-04-12 22:42:07','2015-04-12 22:51:35','','{}','0000-00-00 00:00:00',0,'','',0),(531,'Charissa Kerrigan','charissakerrigan','chinlklabatetsr7722@yahoo.com','$2y$10$k.A.07M1/f2tn5hXrUSygerNEbzhcmd5bQgGcsyyHd/iA7r7Xgw3a',1,0,'2015-04-12 23:20:13','0000-00-00 00:00:00','9cd7b06eec62c0e38b0a3f04451a6e5d','{}','0000-00-00 00:00:00',0,'','',0),(532,'India Dudgeon','dmkindiaiphulabz','nevadatonozziszp@yahoo.com','$2y$10$2T6jc1CUCxHFoEvc2mYw3eIgjO48xZU7imea3owEXQRst9KCZ4W2u',1,0,'2015-04-12 23:34:30','0000-00-00 00:00:00','b4eeafb9cef006fe94f0be5f92ec7ca0','{}','0000-00-00 00:00:00',0,'','',0),(533,'Rubye Kauper','rubyekauper53898687','brandekastelur3897@yahoo.com','$2y$10$Z5eKT.AnxT81T3HbXkieNelp9m3pbeqp7WuIufuGMcc3NJJF.Gvqa',1,0,'2015-04-13 00:22:49','0000-00-00 00:00:00','5ef9aee9dd748fd371c54afe21ee1083','{}','0000-00-00 00:00:00',0,'','',0),(534,'Melina Sturgill','melina61104177858689','dainebustojg4658@yahoo.com','$2y$10$pbmd5rDW7XhOW99ohhZ3NuxWZw29nkEaQYRmcHPTDdzGS9gm5eyJu',0,0,'2015-04-13 00:30:02','2015-04-13 00:36:31','','{}','0000-00-00 00:00:00',0,'','',0),(535,'Earlene Lacey','earlenelacey4132193','elishakonopnickimv7716@yahoo.com','$2y$10$CDOKEfJOdbcbs17Wds.1VedNzvdr40nEnfQu72dBSigK.kYrrj.6q',0,0,'2015-04-13 01:14:13','2015-04-13 01:36:08','','{}','0000-00-00 00:00:00',0,'','',0),(536,'Jimmie Officer','jimmieofficerfeg','bradesawickihjh@yahoo.com','$2y$10$Pze/0.3Vu3bxZeRHQPqCF.cSJeB45X9pqnMRpjZMQYv5zGprOhWsK',1,0,'2015-04-13 01:22:51','0000-00-00 00:00:00','7327fae6feeb7c98015bcdbd5869b50f','{}','0000-00-00 00:00:00',0,'','',0),(537,'Lottie Baughan','lottiebaughanngsccnt','henrietacontisoz@yahoo.com','$2y$10$sWIkn/5f8rti0vp54YdorulmyCFAew8ehwI985O6jVYja3dqhvT3S',0,0,'2015-04-13 01:33:54','2015-04-14 06:03:24','','{}','0000-00-00 00:00:00',0,'','',0),(538,'Selene Stevens','selenestevensecwsh','kandysweneyydl@yahoo.com','$2y$10$2wc3aSROHUH3jFnFRl.PQe8MJ6D4Fk7of0LoYj2qdP/vjXp1hIJaO',0,0,'2015-04-13 01:41:01','2015-04-13 02:56:51','','{}','0000-00-00 00:00:00',0,'','',0),(539,'Merle Chaffey','merle34sbvzqkxfsw','gayleneestrinkre@yahoo.com','$2y$10$FOHRW93t5n6h6ywi9z1nVOQpgoZBFsxOHJ37jiY07VmGjJSPFE/be',0,0,'2015-04-13 01:49:22','2015-04-13 02:50:30','','{}','0000-00-00 00:00:00',0,'','',0),(540,'Stephan Rife','stephanrifeounjpoyq','andreahollcvh@yahoo.com','$2y$10$f1k4PJD30NTSnSh5PwrrJuFx8PArx2QSXW4nbUWJtFyYEUckMtJAe',0,0,'2015-04-13 02:02:08','2015-04-13 02:47:45','','{}','0000-00-00 00:00:00',0,'','',0),(541,'Retha Church','rethachurchsvrdlsge','evangelinelderidgehkf@yahoo.com','$2y$10$bqansAZJX4BpH9XqQjKsU.pKiI8SnSEmtUzecrRiULZ1X1TLb.5uC',1,0,'2015-04-13 02:04:42','0000-00-00 00:00:00','435c9c897e6626b0d5cd975f67b22f7e','{}','0000-00-00 00:00:00',0,'','',0),(542,'Susie Guy','susiemfvpricptwwaq','alysiabukowskikfz@yahoo.com','$2y$10$Vn4ocGibXGsOaORhesVqXuQBtFR7tJFWgmUm9Q5Ruf9yQe6k00Gsu',0,0,'2015-04-13 02:12:31','2015-04-13 02:41:57','','{}','0000-00-00 00:00:00',0,'','',0),(543,'Shawn Carbone','shawncarbonenfv','rochellonbolseryxw2196@yahoo.com','$2y$10$COCEZjFVUzTiv6yMr8mwsuer93TpJWpVp35/aV75bZrhJ0uEqF1pe',0,0,'2015-04-13 02:13:00','2015-04-13 02:35:02','','{}','0000-00-00 00:00:00',0,'','',0),(544,'Wilburn Scherf','wilburnscherflrmfwpy','christoferschainlxy@yahoo.com','$2y$10$tCyUKeifYLO10DTuvQE63.e1ZoJ4gM86llrZHw1cUml6tGa4DV8Am',0,0,'2015-04-13 02:17:40','2015-04-13 02:58:35','','{}','0000-00-00 00:00:00',0,'','',0),(545,'Lilian Costello','liliancostelloh','merridiezachmantmm@yahoo.com','$2y$10$rN8ousGdwmDk14A2orHOu.kMMylE9fiHJZiCxD/H7uwTEEXprev9a',0,0,'2015-04-13 02:27:56','2015-04-13 02:35:17','','{}','0000-00-00 00:00:00',0,'','',0),(546,'Louella Darnell','louelladarnellyzufm','konstantinhertlerwvt@yahoo.com','$2y$10$N5o4vN3fSzyiA.IM1rdJpuKU0/QJnyKmYoBIswQJDWLKCGW7YWdLC',0,0,'2015-04-13 02:29:09','2015-04-13 02:32:02','','{}','0000-00-00 00:00:00',0,'','',0),(547,'Sanora Vieira','wwesanoraybeilyire','ninafasulaxsj@yahoo.com','$2y$10$qPFf4xS7EZcQgCoVisdJgeaWvf9Zv9/bajetc3kR1hYf3.PzCL1V2',0,0,'2015-04-13 02:39:28','2015-04-13 02:45:03','','{}','0000-00-00 00:00:00',0,'','',0),(548,'Mae Cranwell','maecranwellckryug','violetoravunb@yahoo.com','$2y$10$QdJ65Jafm1d5hsL.3R/GdOXoEQo63v6bGUKdf7OyJDn5mY7xWGq6G',0,0,'2015-04-13 02:47:59','2015-04-13 03:36:47','','{}','0000-00-00 00:00:00',0,'','',0),(549,'Grady Lowrie','gradylowriezzgcc','frenchhayakawaxib@yahoo.com','$2y$10$gwms5Ly3qc5EcJktN4vATu4fBdjH0OS/Vr8dPgngOpdFVWmNzdvqm',0,0,'2015-04-13 02:48:02','2015-04-13 03:46:07','','{}','0000-00-00 00:00:00',0,'','',0),(550,'Byron Murrell','byronmurrellztmrpp','sheridanschillaciivb@yahoo.com','$2y$10$CD.bX6fx.xRyKfqE3k5mKuZGlnaLVhjSHgSyDXLdb4xWgAlQ0pCBe',1,0,'2015-04-13 03:09:20','0000-00-00 00:00:00','ac35e95b92e541f4f1a70495bedae35d','{}','0000-00-00 00:00:00',0,'','',0),(551,'Etta Padilla','ettapadillauqjjoaqgqp','nobewinemillernub@yahoo.com','$2y$10$./IrvNniBAMW0c/wVV4t4eMiOf/6V/SIVQ6OJabLbJKLcnx4CAjva',0,0,'2015-04-13 03:33:48','2015-04-13 03:48:24','','{}','0000-00-00 00:00:00',0,'','',0),(552,'Otilia Ojeda','otiliaojedalzthya','thornielecronetsg@yahoo.com','$2y$10$FTv5Y8HpWYJ54/j1hCtIKepKqwsLlSlbF5PaZtziOUTg8J3W6Whn6',1,0,'2015-04-13 03:46:28','0000-00-00 00:00:00','28c3f0c5a80c2394cca61919de37881b','{}','0000-00-00 00:00:00',0,'','',0),(553,'Alisa Lammon','alisalammonfuqtw','anitatenleyndy@yahoo.com','$2y$10$mAmEnYzGWasa5JK7bcSs4.lU/q9eemUzC4S7..H6P6CNDYTCdbRfy',0,0,'2015-04-13 04:01:26','2015-04-13 04:56:56','','{}','0000-00-00 00:00:00',0,'','',0),(554,'Tory Ruddell','toryruddellftsj','shantelleherpolsheimeradh@yahoo.com','$2y$10$3pmZkgYiL2YnzoUJAk6wJOtbd85U7aeNZrku6cwZsI011I1DF.7X2',0,0,'2015-04-13 04:03:16','2015-04-13 10:02:59','','{}','0000-00-00 00:00:00',0,'','',0),(555,'Cheri McGeehan','cherimcgeehankmgukelx','latashaywmackynenurq6573@yahoo.com','$2y$10$pVr1kfso7Mete3hfdzAiMeVyGg1J3yrbgX9hMtP7TgjrWGcRZpUYa',1,0,'2015-04-13 04:03:25','0000-00-00 00:00:00','937bbf640bcdee1c7ca1fc9ee1c5c9e1','{}','0000-00-00 00:00:00',0,'','',0),(556,'Hildred Bowes','hildredbowespza','petrafrascellaomg@yahoo.com','$2y$10$zcolNqZGcu.n8Q252Imr/OH1dEqziMXOj9X6EVAmu3yA/Uu/.Mube',1,0,'2015-04-13 04:04:06','0000-00-00 00:00:00','7105c9325bc90aa124a2286fe13704bc','{}','0000-00-00 00:00:00',0,'','',0),(557,'Andre Bernal','andrebernalhgsfnq','cazwightmanroa@yahoo.com','$2y$10$64XDC2oaC4RxFyIFzGRfZ..YIWacywprCwmOySQN9LQnTR6KzBfCy',1,0,'2015-04-13 04:07:45','0000-00-00 00:00:00','dc66dc17b8fed8c0898ebac915554fe8','{}','0000-00-00 00:00:00',0,'','',0),(558,'Antwan Reiner','antwanreinerwjs','cindamaczkopkd@yahoo.com','$2y$10$gE00k1HrODAIx4iiOardxOfbuVgeERmBTkDbr3aMFxnuGTfaPRhAG',1,0,'2015-04-13 04:09:35','0000-00-00 00:00:00','14eaf36d679fe40a2005226525c007c9','{}','0000-00-00 00:00:00',0,'','',0),(559,'Brook Worden','brookmdnwggtbhypabd','rodiepavloskicah@yahoo.com','$2y$10$Kd0xGUa1fOZoCmzvHfBRb.kf38fvVGkdx2jXbuHSpCYjmhYiE6R8m',1,0,'2015-04-13 04:11:37','0000-00-00 00:00:00','a703af2e472b0aea3e2386bf985907f3','{}','0000-00-00 00:00:00',0,'','',0),(560,'Archie Summerville','archiesummerville','sanfordposadarpq@yahoo.com','$2y$10$vJwcjsTnE/DgZd60SWo/aer4wzg6zOjAeUxndQ/2lbwrgp7XAaeom',1,0,'2015-04-13 04:15:51','0000-00-00 00:00:00','50c96fe1ceccbad1e0c5fbad5613fdf7','{}','0000-00-00 00:00:00',0,'','',0),(561,'Lavada Pumphrey','lavadapumphreycwc','amanditalonesmg@yahoo.com','$2y$10$L5P9A2StiTDRELaI3rHhF.MwKO4crbleKz.fjqU37UlRmI6G4RV9e',0,0,'2015-04-13 04:17:01','2015-04-13 04:35:19','','{}','0000-00-00 00:00:00',0,'','',0),(562,'Valorie Vanzetti','valorievanzetti','celestyncadieuxdya@yahoo.com','$2y$10$9KG96XaCPkDivifPX38F5entXgJKcvYhTW6nxInlGxa5CgV2ZR262',0,0,'2015-04-13 04:20:48','2015-04-13 04:59:43','','{}','0000-00-00 00:00:00',0,'','',0),(563,'Alexandra Blaxland','alexandra87aackynea','margaretewitryxlb@yahoo.com','$2y$10$UI4OIZLGEeWXNGAkTdnJPeYh39wdx73FEof/ptveU1oSLi7kIIxqe',1,0,'2015-04-13 04:22:46','0000-00-00 00:00:00','5128f8c9ff8e2513a331ee69ee7490b7','{}','0000-00-00 00:00:00',0,'','',0),(564,'Lona O\'Haran','lona0814mhzwrrej','francoisdunfeewpf@yahoo.com','$2y$10$0kvmRKvtyMgjBxgAkfDy5OESNXxErghEPkQA/8diLzzJ/BZFoq9he',0,0,'2015-04-13 04:35:14','2015-04-13 04:45:50','','{}','0000-00-00 00:00:00',0,'','',0),(565,'Gilbert Rustin','gilbertrustinrosxm','paxonwidickfoy@yahoo.com','$2y$10$rwsZIXTrU/CoCQhGsGG62e2fq202LkOQekiW6rh5ba4JkuQsZ8JGu',0,0,'2015-04-13 04:36:49','2015-04-13 04:52:06','','{}','0000-00-00 00:00:00',0,'','',0),(566,'Gena Lindsay','genalindsayfhcxd','renatemilnesoyn@yahoo.com','$2y$10$IXN9dkFFxfXfSBUPnZ6mu.xW4DD0.kI7GZvWih/o6Va7RL.oarsfu',0,0,'2015-04-13 04:37:12','2015-04-13 04:38:41','','{}','0000-00-00 00:00:00',0,'','',0),(567,'Teodoro Pettway','teodoropettwaykuwu','laurianneormerodlwo@yahoo.com','$2y$10$/mXF7M5gEvwrsNQJGM7gJOONgEPbrwBqauw9WdlZB25XjD3Wt/WY6',1,0,'2015-04-13 04:49:52','0000-00-00 00:00:00','61c72dd32458d83ab42b7ca805f3cc71','{}','0000-00-00 00:00:00',0,'','',0),(568,'Ila Vanzetti','ilavanzettizupkd','ingridloadholtzbg@yahoo.com','$2y$10$2i./.EBAKTdLByezlJNaD.gf/vPohwqyec6eyM70DgR9OicldzDDW',0,0,'2015-04-13 04:51:20','2015-04-13 05:51:09','','{}','0000-00-00 00:00:00',0,'','',0),(569,'Gabriela Horniman','gabrielahorniman','ravenretterbushnkp@yahoo.com','$2y$10$jzZ94XdmOg3GyK4inJIXWuSAcxQu2TEiQJ82vY/AD9TPvwYfId7dm',0,0,'2015-04-13 05:04:21','2015-04-13 06:22:18','','{}','0000-00-00 00:00:00',0,'','',0),(570,'Crystle Arispe','crystlearispenhebzt','nikodongoskidxv@yahoo.com','$2y$10$JWdaG4UfhlE.B.sNd1ex6eqVYb5ZNwvJ9O0z/dU7D4s6HW/PNShge',0,0,'2015-04-13 05:05:46','2015-04-13 05:49:44','','{}','0000-00-00 00:00:00',0,'','',0),(571,'Son Driskell','sondriskellhfluiq','octaviaddphillipbbb7404@yahoo.com','$2y$10$Eb/P.MJ79Nh5Qv71o6Gm0ez1bj0fp3lRj/X8ww94HA2DOyxZJD45W',0,0,'2015-04-13 05:06:07','2015-04-13 05:44:06','','{}','0000-00-00 00:00:00',0,'','',0),(572,'Errol Toussaint','errolsxpwtinlkievc','marmadukemercantecsn@yahoo.com','$2y$10$I/YtAM9NhYmcuDXM1k8U0.v92eI4j.U6NvQQPtXfSmtj8a.kMHJ86',1,0,'2015-04-13 05:09:41','0000-00-00 00:00:00','96a1df25598cd22d69890e6ad2f21c6c','{}','0000-00-00 00:00:00',0,'','',0),(573,'Lin Petherick','lin9169ybymfwpk','margrettrangzmi@yahoo.com','$2y$10$vkZMw7tsPb06w/X2oHjYi.UUW6THLqexwetDnEHBWsQ1bUo3fYwe2',1,0,'2015-04-13 05:15:16','0000-00-00 00:00:00','6ada89ef7d3a48aa68a88080d1ee6fcd','{}','0000-00-00 00:00:00',0,'','',0),(574,'Aida Hoang','aidahoanguqrjcl','fleuresaulho@yahoo.com','$2y$10$cIqIpXao9.1i0HRA9gChJ.RAC/945/FnXXZzV7igkwPf/MIgp.gty',1,0,'2015-04-13 05:15:39','0000-00-00 00:00:00','e30fed46f152cabf903e8ea82e9bc383','{}','0000-00-00 00:00:00',0,'','',0),(575,'Juliet Benning','julietbenningdi','fosskrausernmj@yahoo.com','$2y$10$yZiL2l3NGVzZEHe3iI3qxu0T2iOPC.OX38gOiJS2KnBtXq.9hj.q2',0,0,'2015-04-13 05:18:16','2015-04-13 06:25:53','','{}','0000-00-00 00:00:00',0,'','',0),(576,'Gita Oatley','gitaoatleyihfaq','cristinelahmerslxa@yahoo.com','$2y$10$Yhd7jJQF9tqbfZwlK3UDPeHV75QUNzIilr8SBzC7rhHFrmbw6uFxW',0,0,'2015-04-13 05:28:18','2015-04-13 06:44:10','','{}','0000-00-00 00:00:00',0,'','',0),(577,'Teddy Harries','teddy79pvhsfobjwhjz','sidonniechasenhfo@yahoo.com','$2y$10$2fAZJ2vTiwB4F0gahMdKjubswi/1KcH.BTm6weGRDIocP.I28vPnm',1,0,'2015-04-13 05:29:44','0000-00-00 00:00:00','e3818591f1a2fe48abfa2d41b4c00cc1','{}','0000-00-00 00:00:00',0,'','',0),(578,'Helen Tindall','helentindallmxenu','dinobueningzaw@yahoo.com','$2y$10$HIfAZDlkl/J2WbSHbOakh.vbyG09LLPa2bGE0rlaZEBWZCVWOmfOe',0,0,'2015-04-13 05:31:03','2015-04-13 05:57:49','','{}','0000-00-00 00:00:00',0,'','',0),(579,'Terri Kallas','terrikallasdvlawl','fridapichepfb@yahoo.com','$2y$10$NsJ36BkZ4lkMypCnl2ThtO93C1AfBFFIB2zqNzoj2TSN6YJpL7/.G',0,0,'2015-04-13 05:34:33','2015-04-13 05:40:24','','{}','0000-00-00 00:00:00',0,'','',0),(580,'Elane Willilams','elanewillilamsydfz','killianibseniak@yahoo.com','$2y$10$j8stIC2FxuhrwUnNWUWWm.J3KJoEDrZDVf84ziMY5lyAAEr3Ca70K',0,0,'2015-04-13 05:45:59','2015-04-13 06:05:21','','{}','0000-00-00 00:00:00',0,'','',0),(581,'Kina Browder','kzukinapoatkvsrck','faviolarogerscqb@yahoo.com','$2y$10$nR.QffblTmZq4SsXB4bXquuKUqhLhzLsggooKgAZ4SEhU71wUEWT.',0,0,'2015-04-13 05:50:24','2015-04-13 06:02:57','','{}','0000-00-00 00:00:00',0,'','',0),(582,'Iva Weymouth','ivaweymouthinpvfy','lavernetauberhvz@yahoo.com','$2y$10$9lFMf99kKKheJDNzUmkBbOZm1vXtodS5f/Ya.pINCxXd2Wj89yHI2',0,0,'2015-04-13 05:51:37','2015-04-13 06:01:41','','{}','0000-00-00 00:00:00',0,'','',0),(583,'Dallas Batey','dallasbateygkgvlukey','aliapataguemgo@yahoo.com','$2y$10$Xuah6zA3P6bBaUjiDdcQQeinUrMJ2aY0FuoGsO5RGvNKL1eTfSpEG',0,0,'2015-04-13 05:57:43','2015-04-13 06:02:56','','{}','0000-00-00 00:00:00',0,'','',0),(584,'Rachael Chau','rachaelchaugtnbawtkax','sharasteigokl4587@yahoo.com','$2y$10$995NiieonFAfQ7lQTNFQn.jBfZjqQyC8jPo7Z2c6ob9Dm.138e0YK',0,0,'2015-04-13 06:05:13','2015-04-13 06:10:44','','{}','0000-00-00 00:00:00',0,'','',0),(585,'Adrianna Quinlivan','adriannaquinlivan','mamieedgcombnmd@yahoo.com','$2y$10$ZRy.yd/AYFne2Re.WEHaReqNDGOIxcsln81fKv9H8Eshz8WpW0Px2',0,0,'2015-04-13 06:14:09','2015-04-13 07:25:55','','{}','0000-00-00 00:00:00',0,'','',0),(586,'Leia Lavarack','leialavarackrrfzxhfjr','jadebellisdhg@yahoo.com','$2y$10$lko0N.MOlRCeaHM8yz.OWuEC4GDX9zYGKNQV7Mb1rC8.p0w811hQW',0,0,'2015-04-13 06:22:24','2015-04-13 07:52:36','','{}','0000-00-00 00:00:00',0,'','',0),(587,'Lasonya Vansickle','lasonyavansickle','belitadeliawcd@yahoo.com','$2y$10$3qqzR3bEfJc5wA/oXuE2PuqS4K3mPb231GJ2Irag5qtIMhDYyVagG',0,0,'2015-04-13 06:23:02','2015-04-13 07:37:51','','{}','0000-00-00 00:00:00',0,'','',0),(588,'Kurt Lin','kurtlintregyoytdrray','willyhenkedja@yahoo.com','$2y$10$3yuKZlc0M2laEjYU3Pvh7u9hdFapZDgCtiaU0yTrBpawZ8N5rZKPa',1,0,'2015-04-13 06:24:34','0000-00-00 00:00:00','0138df775518163e3f724041359d0eb6','{}','0000-00-00 00:00:00',0,'','',0),(589,'Luciana Hennessey','lucianadzfpglysovo','lekishahollawayake@yahoo.com','$2y$10$6wTKY8tGGNCX6zXMhCmwve7r51rmlURUZjhnhsU4CVE2ttL/ImPna',0,0,'2015-04-13 06:26:20','2015-04-13 06:53:51','','{}','0000-00-00 00:00:00',0,'','',0),(590,'Jung Walden','jungy26cyynbnvls','delindaschlueterfrp@yahoo.com','$2y$10$m.JA2V97ATZ/Y9RWJMiMouO/oSjMngYwYqApHSRAIa8bbNNnPiDYK',0,0,'2015-04-13 06:33:45','2015-04-13 06:51:20','','{}','0000-00-00 00:00:00',0,'','',0),(591,'Wilton Foltz','wiltonfoltzarnenrdmb','emaliashavelljbu@yahoo.com','$2y$10$Yz8SJHedjXsupEKq9YcUSu.isTkX8UYJO4ZtpWA74lPzhVOy7H1AK',0,0,'2015-04-13 06:40:35','2015-04-13 06:45:35','','{}','0000-00-00 00:00:00',0,'','',0),(592,'Clyde Shackell','clydeshackellvjs','arelholdermanzyn@yahoo.com','$2y$10$i3MnERXLpBj6exEs22NWEOHtilUohVQPZionVrpb9CirnkZz.0Z0.',0,0,'2015-04-13 06:48:02','2015-04-13 07:29:03','','{}','0000-00-00 00:00:00',0,'','',0),(593,'Nicki Kidman','nickikidmantjumhzn','eleanorehuemif@yahoo.com','$2y$10$g4eSU9d8vCV912EsQgsjvObl/dil1pCBpE9.YAtf4d0M9IfyO4xDe',0,0,'2015-04-13 07:04:45','2015-04-13 07:28:54','','{}','0000-00-00 00:00:00',0,'','',0),(594,'Elias Vosper','eliasvospermcedpqofp','aundreabadleyoqf@yahoo.com','$2y$10$xHJWlMb4c7R/0mfospyT2.JDWUZRpJYWMUHOmfp68yw1BEbusFsxy',0,0,'2015-04-13 07:05:04','2015-04-13 07:09:03','','{}','0000-00-00 00:00:00',0,'','',0),(595,'Chu Carrell','chucarrelloqcknlwveee','doraliacraterkpy@yahoo.com','$2y$10$ttPAEZYpBS07Nvi1NjTV/OxQLmjNuwztrn8AyR/Nv1AwHm8kbBXRC',0,0,'2015-04-13 07:06:09','2015-04-13 07:06:48','','{}','0000-00-00 00:00:00',0,'','',0),(596,'Jed Martinovich','jedf11saczcrfujyja','danettewentelia@yahoo.com','$2y$10$b5JRR.GnQUbJBGnmcv4P7u92wJJjca99ipjTlWzfYEqOoqE080jTu',0,0,'2015-04-13 07:06:14','2015-04-13 07:34:12','','{}','0000-00-00 00:00:00',0,'','',0),(597,'Makayla Fryer','makayla04swumyvjbjrv','ilariokinlinpok@yahoo.com','$2y$10$ljJkf6HEZ5n1pDdYQY7sluBeAlqckuqGLc8130dH7V2hwL66EztyO',0,0,'2015-04-13 07:10:07','2015-04-13 07:12:39','','{}','0000-00-00 00:00:00',0,'','',0),(598,'Garland Watkins','garlandwatkinssfvark','beatrisleonardiszqf@yahoo.com','$2y$10$dpH46ca13gPLCBMY6RGEqegJWM9kDvNV2z.qDz/KYz0FlZW.PmHhO',0,0,'2015-04-13 07:30:59','2015-04-13 07:49:23','','{}','0000-00-00 00:00:00',0,'','',0),(599,'Ilana Davila','ilana41rxmcoctb','annepappasbnw@yahoo.com','$2y$10$vT5yl0VvzZ00g4GcIkkJAu75i5sSX/ty0TbdJcjuVFRKDM1UgkJCm',0,0,'2015-04-13 07:34:26','2015-04-13 07:52:44','','{}','0000-00-00 00:00:00',0,'','',0),(600,'Danae Bales','danaebaleshdtkezhqk','brookothontte@yahoo.com','$2y$10$t8vQfMB.SR1G7mUUNZkmUOy4xQm.DcxWX1oRoGZjcQNT3cA333i1S',1,0,'2015-04-13 07:48:41','0000-00-00 00:00:00','53df082a0bb41de76a978e54bd71a938','{}','0000-00-00 00:00:00',0,'','',0),(601,'Chassidy Benny','chassidytbbbaaa','erminagilbergkno@yahoo.com','$2y$10$78TVBH34XKbiIaiCOS2IF.Fo861hYIwAD58o6uYubL1FzgikWbxg.',0,0,'2015-04-13 08:05:34','2015-04-13 08:09:47','','{}','0000-00-00 00:00:00',0,'','',0),(602,'Yvonne Winters','yvonnefhbofjlnavgakwp','kimberliedeschaineozn@yahoo.com','$2y$10$9v.w7kDoswj5O210SefEA.IgHHniZkjdK5J5mZJ8LXXNBMFaf6GPS',0,0,'2015-04-13 08:08:45','2015-04-13 08:10:16','','{}','0000-00-00 00:00:00',0,'','',0),(603,'Ismael Johns','ismaelmyikagwfq','yukodenbaarselb@yahoo.com','$2y$10$znp.jd305lUur50aSj/64eZxgMx3vrLS4ebTyvrpOLgxm4go8.xju',0,0,'2015-04-13 08:09:25','2015-04-13 08:14:57','','{}','0000-00-00 00:00:00',0,'','',0),(604,'Brandy Banda','brandybandagxqidereh','leannehixonydv@yahoo.com','$2y$10$1roL9IIoV4aWEVeYe7Qg2.VanMj0tVKEVaVxki/.kQaUOIbNlrbUq',0,0,'2015-04-13 08:13:33','2015-04-13 08:24:02','','{}','0000-00-00 00:00:00',0,'','',0),(605,'Terrie Graves','terriegravesqsyiirh','schuylernicksoncsu@yahoo.com','$2y$10$fMHtGVK1EHk2LChwQRGlQeoQZkIN5MqtJk830zBSl4SBInl2SgiGO',0,0,'2015-04-13 08:20:52','2015-04-13 08:31:05','','{}','0000-00-00 00:00:00',0,'','',0),(606,'Aida Girdlestone','aidagirdlestone','galvinlebeckrwj@yahoo.com','$2y$10$S8bloW2lH/.3ldR6xYPQ3.Pz4L5iA17b9kEFzCFpSV3mWVkjKToEa',0,0,'2015-04-13 08:27:27','2015-04-13 08:58:53','','{}','0000-00-00 00:00:00',0,'','',0),(607,'Jon Visconti','jon89neskwvawbnp','andriaeppersonyyf@yahoo.com','$2y$10$tQtvy6pFD6KU7fXXr2yDp.84jjGy5ZUukdt6R7hnBZGDIRIQJgTG.',0,0,'2015-04-13 08:32:53','2015-04-13 09:21:34','','{}','0000-00-00 00:00:00',0,'','',0),(608,'Gonzalo Vanhorn','gonzalovanhornreipjjv','ainsleegrimsteadutl@yahoo.com','$2y$10$.4kCc3kg/W4VyTTRzrYCzema9HW4QPpMtxoPZaN5XsR/RjlPKMaE2',0,0,'2015-04-13 08:32:59','2015-04-13 08:56:02','','{}','0000-00-00 00:00:00',0,'','',0),(609,'Virginia Tjalkabota','virginiatjalkabota','shalnapiontkowskiqvk@yahoo.com','$2y$10$AUgggZejw4YQX3p902lZVu/K/bmqG3qfHMqSGmp6legQZrEM/EiKu',0,0,'2015-04-13 08:45:23','2015-04-13 08:53:25','','{}','0000-00-00 00:00:00',0,'','',0),(610,'Kaley Mash','kaleymashlakinwdnv','friedricksoderbergwop@yahoo.com','$2y$10$gSuJ30vNIp4pf.pEO8SnrelDlkdg2hRYM1nTr3R0PGLsxINJ5bBp2',0,0,'2015-04-13 08:46:02','2015-04-13 08:57:27','','{}','0000-00-00 00:00:00',0,'','',0),(611,'Lacy Mooring','lacymooringazadselja','jamalradwankrq@yahoo.com','$2y$10$UVY1.BZupRUOjIeQe4qMjusyLofIss5DRCrQmmPp8nCtzn2v7kv0a',0,0,'2015-04-13 08:47:34','2015-04-13 09:06:33','','{}','0000-00-00 00:00:00',0,'','',0),(612,'Keira Carden','keirazmhjdchcxoj','hoytderoussesfr@yahoo.com','$2y$10$Qy3sOPHfV7C5DwRDwxVVmeYec3/HjwUggZH5HO9XNOOOfso5ip4uC',0,0,'2015-04-13 08:48:54','2015-04-13 09:05:36','','{}','0000-00-00 00:00:00',0,'','',0),(613,'Hortense Castrejon','hortensecastrejon','laurenaaikengyc@yahoo.com','$2y$10$Nldpt4iJZAiJn6h58Yjb8.3NyTTFUcitU2aGadVwHz48jJRafDF0u',0,0,'2015-04-13 08:56:32','2015-04-13 09:03:05','','{}','0000-00-00 00:00:00',0,'','',0),(614,'Virgil Avalos','virgilavalosflk','timothyantinorosjd@yahoo.com','$2y$10$AYkW./Fd25J57jUPbDd5XeMkAqB2aE70x43JwBHSZy1CPrR6Bn8t6',0,0,'2015-04-13 09:00:37','2015-04-13 09:38:46','','{}','0000-00-00 00:00:00',0,'','',0),(615,'Isabella Mackersey','isabellamackersey','mychaldepasqualedvz@yahoo.com','$2y$10$vlWIQ1TbMfDiAatMAmtjVupT4nRbpTicv2J2lRJTZo3W7FAMNNmT6',0,0,'2015-04-13 09:00:54','2015-04-13 09:17:01','','{}','0000-00-00 00:00:00',0,'','',0),(616,'Lorraine Lofland','lorraine5474chhpqjru','minacrokeoac@yahoo.com','$2y$10$nkRiBU36ydwLl3gXusIq1edOvdq8oMT3VReb2w56R9puo0dUTOGQK',0,0,'2015-04-13 09:01:03','2015-04-13 09:06:50','','{}','0000-00-00 00:00:00',0,'','',0),(617,'Chu Geary','chugearykmenlhlr','katherndorsaintxio@yahoo.com','$2y$10$XIAL0zUB5tdgeKRFPmSxxOorgnMm5XfaxBlaxt2m36cfnm/hns5je',0,0,'2015-04-13 09:09:31','2015-04-13 09:34:16','','{}','0000-00-00 00:00:00',0,'','',0),(618,'Lon Roark','lonroarkmzlyciy','marilouclancyxvz@yahoo.com','$2y$10$TazIbPtHX4fY9yBi31DKVelq1tTiPTax0V4djTEwsGEOhmqaJCRyu',0,0,'2015-04-13 09:13:02','2015-04-13 09:26:25','','{}','0000-00-00 00:00:00',0,'','',0),(619,'Gertrude De Boos','gertrudedebooshxqthm','aileenbenauidesvnp@yahoo.com','$2y$10$.pdgh40ycoECJ5XK6qLQiuuhGFGMPMHb8M0OsfEhf3/XLy./lTNWW',0,0,'2015-04-13 09:20:51','2015-04-13 09:40:41','','{}','0000-00-00 00:00:00',0,'','',0),(620,'Dennis Guerard','dennisguerardfjy','kristelccwisemanzzz3942@yahoo.com','$2y$10$GKIg8KccSXuz2DBHfG45jO6j2kqK2RaKTzWwgx8G5iQQSNQdy3a6G',0,0,'2015-04-13 09:20:55','2015-04-13 09:25:42','','{}','0000-00-00 00:00:00',0,'','',0),(621,'Tina Tarleton','tinatarletonanbhugfqo','kymlartigueill@yahoo.com','$2y$10$PMzBOKoPUs7Aw97WxmYHoucNeWL7e5Y3PKYcAYT.8VFyLtm/wPaaG',0,0,'2015-04-13 09:24:29','2015-04-13 09:39:20','','{}','0000-00-00 00:00:00',0,'','',0),(622,'Leif Desjardins','leifdesjardinsyra','wendolynfurtawmrh@yahoo.com','$2y$10$8yWU7gVylZ5yEfu5.rTjy.uLcfc/ipkypIzPBeGDoWN214PVnrW/6',0,0,'2015-04-13 09:25:09','2015-04-13 09:34:32','','{}','0000-00-00 00:00:00',0,'','',0),(623,'Caryn Hicks','carynhicksewdqjnlkmw','laelcalleroshde@yahoo.com','$2y$10$0sTL7A6FiI0heL0m4z7o5.LDkfP0oiNnRtefZBYhlFYucHVFXfRyW',0,0,'2015-04-13 09:29:42','2015-04-13 10:04:56','','{}','0000-00-00 00:00:00',0,'','',0),(624,'Carmen Gottlieb','carmengottliebyvr','murdochsuppleefgu@yahoo.com','$2y$10$7.aveu7q2KcHWcgxMkjPee58rEs3B0EyPVKQGrjc6BM9ZSr2hQSve',0,0,'2015-04-13 09:33:57','2015-04-13 09:41:08','','{}','0000-00-00 00:00:00',0,'','',0),(625,'Terence Odonnell','terenceeevkcfhtxvh','sandagrindezjl@yahoo.com','$2y$10$u2HcFFqS.Y0FN4pQfpsb.OxPpgytOhbTPKfugfJJj6VTqhDwP496y',0,0,'2015-04-13 09:37:49','2015-04-13 09:42:09','','{}','0000-00-00 00:00:00',0,'','',0),(626,'Johnnie Tuckson','johnnieaiwobdsvmev','vergieforgevjo@yahoo.com','$2y$10$9PGZ/xKNmLRBsYklDr4AL.echO.jwFvOrjhra40U/HokqxfCergKi',0,0,'2015-04-13 09:38:02','2015-04-13 09:58:41','','{}','0000-00-00 00:00:00',0,'','',0),(627,'Quentin Rubin','quentinrubingryt','rosmundaeschevsa@yahoo.com','$2y$10$7hToLy8nvfbuB4DygNHZLubu6R1E1k4yDtdpOWV15Vf1lLAIYo0fS',0,0,'2015-04-13 09:41:36','2015-04-13 09:57:25','','{}','0000-00-00 00:00:00',0,'','',0),(628,'Asa Hervey','asaherveyybiknur','darlaschmeltzeruit@yahoo.com','$2y$10$k1TtIctBsD1ZrfoZmiNu6eAW4hx0VSi47n0QzZPBEYeIIVLukzl/6',0,0,'2015-04-13 09:43:55','2015-04-13 10:07:30','','{}','0000-00-00 00:00:00',0,'','',0),(629,'Danial Duong','danialduonguaitqtq','alexarinconeslhk@yahoo.com','$2y$10$Mey6Kzgl9XQ4wmSlDPeCFeSZHqDpW9P/cxyrUJOxdQK9x7VP3cjPu',0,0,'2015-04-13 09:45:33','2015-04-13 10:00:51','','{}','0000-00-00 00:00:00',0,'','',0),(630,'Rochelle Perron','rochelleperronyghisd','naomamcclimonwgj@yahoo.com','$2y$10$VTGZxVuFpuxJpQL67KRqV.pant4RHLqj5QjATYKt/cn.t./BaMC8m',0,0,'2015-04-13 09:48:52','2015-04-13 09:55:23','','{}','0000-00-00 00:00:00',0,'','',0),(631,'Glinda Parkin','glindaparkinxuwplgg','prudencerubidfb@yahoo.com','$2y$10$hENa.l2q2EIO1sOu7/6lkOW8uWtzxZFjgHW/flezFRw.GBoebOL5C',0,0,'2015-04-13 09:52:37','2015-04-13 10:15:01','','{}','0000-00-00 00:00:00',0,'','',0),(632,'Renaldo Heckman','renaldoheckmanjyhbo','sheelahnaftalidaz@yahoo.com','$2y$10$hBSY.aXz.SHT.2X3vCLylO/iVqMHT021E5GLUsZjF53FBxLrhcPba',0,0,'2015-04-13 09:57:07','2015-04-13 10:05:25','','{}','0000-00-00 00:00:00',0,'','',0),(633,'Austin Dudley','austintxnuhjbdgregneb','quintjunescxu@yahoo.com','$2y$10$NyO1CXfVBtNbeZsnenmNuO8vjSQjPc/ttXjHJMHCu0aKVZXBhah92',0,0,'2015-04-13 10:00:20','2015-04-13 10:12:50','','{}','0000-00-00 00:00:00',0,'','',0),(634,'Genevieve Greenhalgh','genevievegreenhalgh','correyweldonryg@yahoo.com','$2y$10$I/Rw7qv59cCR0N/R/9Oa5e993bZOfrs1Z1gzTthjtbCoRAQ9jt8ZO',0,0,'2015-04-13 10:04:15','2015-04-13 10:44:03','','{}','0000-00-00 00:00:00',0,'','',0),(635,'Hudson Waxman','hudsonwaxmanrzrhncvru','cortguideravma@yahoo.com','$2y$10$r/GMRw.j2ndxK1asewa6QuDzw.dvg7ioIX3wZHEiUPcg0izkZ9uNG',0,0,'2015-04-13 10:13:43','2015-04-13 10:40:45','','{}','0000-00-00 00:00:00',0,'','',0),(636,'Giselle Edmund la Touche','giselleedmundlatouche','nikolepenepentypn@yahoo.com','$2y$10$QKJm.XbNRHgQ.pRyFkeAE.ZVWp1y962s0b3VZs2VbZ2rsoSsZfS0C',0,0,'2015-04-13 10:25:27','2015-04-13 10:31:32','','{}','0000-00-00 00:00:00',0,'','',0),(637,'Fannie Kentish','fanniekentishuel','chanellevickermancgl@yahoo.com','$2y$10$dQmffLTmI2Mzqj9XjZN9ye1Gr0iysCNzX7Y.7kZL58Hc0bGXg91x6',0,0,'2015-04-13 10:29:09','2015-04-13 10:43:13','','{}','0000-00-00 00:00:00',0,'','',0),(638,'Myron Sheedy','myronz88wcjvqnmix','rossieywluckenbaughurq1638@yahoo.com','$2y$10$QcGiAvNpfyP85IkhTE4Dy.ubTP1aqAYJf8yDn/kt32wQgw36xBZHS',0,0,'2015-04-13 10:30:21','2015-04-13 10:38:26','','{}','0000-00-00 00:00:00',0,'','',0),(639,'Lucile Hinkler','lucilexgsqhosev','letishafrieseapy@yahoo.com','$2y$10$rcWZHrweo7R.p1oYDbpMseG2o8NCpnBiqxb3hnLvXYdBzqdB/E99a',0,0,'2015-04-13 10:36:45','2015-04-13 10:51:47','','{}','0000-00-00 00:00:00',0,'','',0),(640,'Sofia Probert','sofiaxuqbqqezuwiwgnh','ermannobambenekfrx@yahoo.com','$2y$10$BogFK0KOTPKJTDWTTMhA0ujDweNEM0f7aTV9hM.fuUL3rxCGvVdVW',0,0,'2015-04-13 10:37:55','2015-04-13 10:49:40','','{}','0000-00-00 00:00:00',0,'','',0),(641,'Burton Nolen','burtonnolentzurzfy','verarobinxpg@yahoo.com','$2y$10$SxEuotiSc.slAsFmmbScyOmKER300Vio7p9E/QNandJsPQAR0Y/U2',0,0,'2015-04-13 10:40:43','2015-04-13 10:58:03','','{}','0000-00-00 00:00:00',0,'','',0),(642,'Sherry Mackrell','sherrymackrellwz','miguelitahickeylol@yahoo.com','$2y$10$NLM6J6LgWcNHQcGSv9mPpOU4yboB6wCLQu2rAbIEc7DdPF7vWv816',0,0,'2015-04-13 10:41:42','2015-04-13 11:06:16','','{}','0000-00-00 00:00:00',0,'','',0),(643,'Desiree Stockman','desireestockman','goldierappoldrmj@yahoo.com','$2y$10$JQmKb2AiCCUgL/ci0FSrCeiMNydyqqazinzW5BoxI9Zcn1LPi/2bu',0,0,'2015-04-13 10:42:26','2015-04-13 10:48:19','','{}','0000-00-00 00:00:00',0,'','',0),(644,'Maxine Power','maxinepowernxwujyqco','lavonwilkinszzw@yahoo.com','$2y$10$blCw49n7EtUP42l7gaYWS.KGtE97tYlN0pdi8WHjRl5g1liXc.0zC',0,0,'2015-04-13 10:45:45','2015-04-13 10:59:44','','{}','0000-00-00 00:00:00',0,'','',0),(645,'Natisha Rous','natisharouswxvnqmi','redgunderzbd@yahoo.com','$2y$10$tM1Xg/A0sYPoJ/QLLlZM2.3tytQ7PCwh4hvUktNzyaDJbdHxNP9jy',0,0,'2015-04-13 10:47:52','2015-04-13 11:13:28','','{}','0000-00-00 00:00:00',0,'','',0),(646,'Gabriella Lions','gabriellalionst','zenaapodacadog@yahoo.com','$2y$10$QRmRZ8m5Pm.lsK3Pfk5jUOdxL//eDlYfxANIVE1pKWR7Eiju9Ujki',0,0,'2015-04-13 10:49:15','2015-04-13 10:56:41','','{}','0000-00-00 00:00:00',0,'','',0),(647,'Rocco Cowper','roccocowperzpvqosejod','shawneerobideaurrv@yahoo.com','$2y$10$xOFD5w74e7fVhkLwEF38/.a8fqjj8OOkeo1qH23PBXh9WqgpgJcLO',0,0,'2015-04-13 10:50:36','2015-04-13 11:07:49','','{}','0000-00-00 00:00:00',0,'','',0),(648,'Galen Hely','galenoeymtsajgelaqzu','tarrawillibrandwez@yahoo.com','$2y$10$Rbg3oAMlle7mFd7mwHEfFe99Sdarwwj6vL0HKegoxU5IItfua6fOa',0,0,'2015-04-13 10:59:08','2015-04-13 11:42:38','','{}','0000-00-00 00:00:00',0,'','',0),(649,'Robbin Lenihan','robbinlenihanjdswr','welchtsounxy@yahoo.com','$2y$10$zp/Cb1hI9mvGf1kk06WmCezUCibBqL/.i9y1rM5m/WNAzV9jlLjl2',0,0,'2015-04-13 11:08:44','2015-04-13 11:16:19','','{}','0000-00-00 00:00:00',0,'','',0),(650,'Chang Easterbrook','changeasterbrook','easterguerreranbr@yahoo.com','$2y$10$mGHELE6rEuI6jULcBNiPxuEreD4bzbQs9/0CxaBQIo9cee8QCBDQm',0,0,'2015-04-13 11:09:56','2015-04-13 11:25:43','','{}','0000-00-00 00:00:00',0,'','',0),(651,'Roberta Ricks','robertarickscwgn','celinachanceacj@yahoo.com','$2y$10$7.h5tbKji/wE3QFq4QJpsOIXUtLu.2471KgB2baGi7Qpj9IFzHJCm',0,0,'2015-04-13 11:12:17','2015-04-14 05:36:40','','{}','0000-00-00 00:00:00',0,'','',0),(652,'Carmela Gilchrist','carmelagilchrist','inessatretheweyyde@yahoo.com','$2y$10$cOLtoBiG4V1/Ql2MJjmUa.348Pc4pJW0zI9zGIfc2GKGw1FAJlBAe',0,0,'2015-04-13 11:16:57','2015-04-13 11:19:46','','{}','0000-00-00 00:00:00',0,'','',0),(653,'Dewitt Schmitt','dewittschmittzmqlymq','acemonetteibr@yahoo.com','$2y$10$orV1rKHCn9A9/c3YEqSUHOnAVjIdKujgRVRDk3K/rPqg/UiOIPtN2',0,0,'2015-04-13 11:17:42','2015-04-13 11:25:55','','{}','0000-00-00 00:00:00',0,'','',0),(654,'Janine Bearden','janinebeardenjs','beliaradvanyaix@yahoo.com','$2y$10$rkLID3agWI.QX.xwwYaNgeNGfYH.Zg2ZppilZ/fzAQC1L9/rswLRG',0,0,'2015-04-13 11:53:50','2015-04-13 12:13:45','','{}','0000-00-00 00:00:00',0,'','',0),(655,'Fidel Fain','fidelmcuiqfnopdkywgxj','keriannjollapzk@yahoo.com','$2y$10$ylL47l6edvXDhv/vAL0ea.27a58CeqWQh32utI4OlE1FMSlAD5zF.',0,0,'2015-04-13 12:00:08','2015-04-13 12:19:37','','{}','0000-00-00 00:00:00',0,'','',0),(656,'Sheena O\'Callaghan','sheenanmgamaeiegshox','suebroodyzva@yahoo.com','$2y$10$VRvgEKdxKSMenswhsEqQh.AulHJw4F5PcKgGGvly4Jl7SfId9uvIO',0,0,'2015-04-13 12:12:50','2015-04-13 12:47:38','','{}','0000-00-00 00:00:00',0,'','',0),(657,'Errol Lara','errolu54vvzzevwsxgkwi','leonorastackhouseelu@yahoo.com','$2y$10$dvog4dKDYy8UT1.AmzmUee8TnBhYfcPztZw7V8nqk4tNAx./Spo.K',0,0,'2015-04-13 12:15:54','2015-04-13 12:40:48','','{}','0000-00-00 00:00:00',0,'','',0),(658,'Vernell Mackay','vernellmackayhjz','codytrovillionzeq@yahoo.com','$2y$10$P4aIFj.uA.tm31YHSix6fu3wUpSJi9WKcwfNgn2hWTRmtcilgJD0e',0,0,'2015-04-13 12:20:49','2015-04-13 12:34:28','','{}','0000-00-00 00:00:00',0,'','',0),(659,'Lelia Pool','leliabpbnqwmfay','muffindursovmw@yahoo.com','$2y$10$76WmZqxzB8IETKb12Yn/sOBLV0uDRQhjv5mire/kD08f51FsgO6P.',0,0,'2015-04-13 12:24:28','2015-04-13 12:26:37','','{}','0000-00-00 00:00:00',0,'','',0),(660,'Latia Melancon','latiamelanconkcsmwc','pacificaalanisnnp@yahoo.com','$2y$10$ldtyh8DiB1f2URIJO5pj..PzT8BRL41detZTcwfG.pjcXpzuN1mk2',0,0,'2015-04-13 12:28:46','2015-04-13 12:34:17','','{}','0000-00-00 00:00:00',0,'','',0),(661,'Gilberto Soutter','gilbertosoutter','pamelawilmothgwi@yahoo.com','$2y$10$pS5I1qQfMLElH8mLD/bt5.UT4mkn9mB9nqyEPcigSZXWNF3Q1miNW',0,0,'2015-04-13 12:30:07','2015-04-13 12:38:53','','{}','0000-00-00 00:00:00',0,'','',0),(662,'Antonio Cato','antoniocatohdjcxgako','yaekoleroyshg@yahoo.com','$2y$10$T4tkQGWNqE344B2eoEl9QuLRi90t26l60qyQn2z0Uzhkcgm9TV.sC',0,0,'2015-04-13 12:31:22','2015-04-13 12:41:40','','{}','0000-00-00 00:00:00',0,'','',0),(663,'Blanche Bevan','blanche7094sqlm','miguelkochanskifds@yahoo.com','$2y$10$gOFW7Ck8VJ23rejZ48I71OOvf21MOra5fceLQUtggAsLZhKo6col6',0,0,'2015-04-13 12:35:15','2015-04-13 12:58:18','','{}','0000-00-00 00:00:00',0,'','',0),(664,'Jennifer Crouch','jennifercrouchs','johnnacuringtongtw@yahoo.com','$2y$10$evNt4pD0VlDjc/BMzi3uCO5TbutQtEBVlW9bUgpY5Dggcs1Z8uSjm',0,0,'2015-04-13 12:39:43','2015-04-13 12:52:48','','{}','0000-00-00 00:00:00',0,'','',0),(665,'Rachel Skalski','rachelskalskiqehsphq','talyahloveladycas@yahoo.com','$2y$10$k6ehpZN/maOWKfbk/LqdtulLtMwtlR9ARZfQWxQot1F5j5SHNUcpi',0,0,'2015-04-13 12:42:02','2015-04-13 13:07:49','','{}','0000-00-00 00:00:00',0,'','',0),(666,'Tandy Conover','tandyconoverptjx','alvirakirklenxpk@yahoo.com','$2y$10$LX0hbhW7z0Y9KVRn0Gp74.nJlvCB66cSpbqUS/FoboHjNBz.gciPS',0,0,'2015-04-13 12:57:19','2015-04-13 13:17:38','','{}','0000-00-00 00:00:00',0,'','',0),(667,'Clinton Pigdon','clinton7744zgzfpe','bevvywolcheskykbh@yahoo.com','$2y$10$8hqRwjnL1BJtrM49r4KG7ewRs7wU/2f1wPkRHYlZmt9DKcNb1x4NO',0,0,'2015-04-13 13:01:10','2015-04-13 13:08:35','','{}','0000-00-00 00:00:00',0,'','',0),(668,'Pearline Apple','pearline4328par','katerinefairleybip@yahoo.com','$2y$10$UEbYy6OEH47NwZgm3p71huMFkBZqLRdZDDaYXipsI870YKIVyhwHa',0,0,'2015-04-13 13:04:33','2015-04-13 13:12:14','','{}','0000-00-00 00:00:00',0,'','',0),(669,'Edgar Sutherland','edgar63nmlixltlr','sadeazzataavj@yahoo.com','$2y$10$gw04sJ.VRUmW09WhL0qXx.E.T3yeSE3CB3KjYQL3cLrEMojBVtndK',0,0,'2015-04-13 13:08:18','2015-04-13 13:20:01','','{}','0000-00-00 00:00:00',0,'','',0),(670,'Jefferey Plott','jeffereyc34eznuzozknk','jennybjellandusl@yahoo.com','$2y$10$m3nh1YsuCK7d6IVDLvW6RuDMyTspDkzUUz.J1t8ibjAL4nSwH8Qyq',0,0,'2015-04-13 13:31:24','2015-04-13 13:57:15','','{}','0000-00-00 00:00:00',0,'','',0),(671,'Fredric Canchola','fredriccanchola','malissahendleraza@yahoo.com','$2y$10$5a9QqG97OYsJIDdPa9b4M.MrwRQW8w.9xz.4hQU/WY2y4y4PvgFQW',0,0,'2015-04-13 13:37:40','2015-04-13 13:59:55','','{}','0000-00-00 00:00:00',0,'','',0),(672,'Marvin Muench','marvinmuenchdql','ashlilibertozge@yahoo.com','$2y$10$hzxg3kCMaKhjBA06vVR2YeeCIHFgz5kbCWh5WhT5kKytBwvSIdKY2',0,0,'2015-04-13 13:44:27','2015-04-13 13:57:22','','{}','0000-00-00 00:00:00',0,'','',0),(673,'Annett Gillies','annettgilliesssl','emmahamzapig@yahoo.com','$2y$10$nrI4SU4/3VdcNAqWHvYYBOKshJ0gnUTHMEOGF14vNOXlb32NRkhWS',0,0,'2015-04-13 13:56:09','2015-04-13 14:12:45','','{}','0000-00-00 00:00:00',0,'','',0),(674,'Leticia Fortenberry','leticiafortenberry','raimundturchettawzl@yahoo.com','$2y$10$.ZDnHpJDj6I8/HoDwSeGyO7V5X.hqNnrk3fAsECE.XAu5cD5s4V4y',1,0,'2015-04-13 14:00:36','0000-00-00 00:00:00','7225b67cd21461fd20f4f9a90b0ffb83','{}','0000-00-00 00:00:00',0,'','',0),(675,'Melva Starkey','melvastarkeykbjq','mitranicklesonktb@yahoo.com','$2y$10$nqyqaoqmpwJvbtgd62UeReKnTLo7yiyk8ll6nw6D8rJbKXRny43dq',1,0,'2015-04-13 14:09:03','0000-00-00 00:00:00','d3a418e0c85540be4cc0d7992b735609','{}','0000-00-00 00:00:00',0,'','',0),(676,'Ann Bills','ann63ibkgnrztpcuev','vickbyfieldzqo@yahoo.com','$2y$10$u1R.6kvQyNbFAyaPlw13te7SzuyRSQzRy2MoEDj/3LR3rAaJTCkZK',0,0,'2015-04-13 14:26:32','2015-04-13 14:37:28','','{}','0000-00-00 00:00:00',0,'','',0),(677,'Wilma Bullen','wilmabullenebxkixt','carreekumroodb@yahoo.com','$2y$10$ztvu5LgWHAsfgmvimA6RdeTI.ymfFn0yOaJEriOgngFOCZlDYg4gS',1,0,'2015-04-13 14:28:38','0000-00-00 00:00:00','b64df36533d3596f9ab4414492a7d192','{}','0000-00-00 00:00:00',0,'','',0),(678,'Aundrea Gow','phjaundreaxuebmbwcr','daloriscloustonhlg@yahoo.com','$2y$10$mpoo4slF.GN3iqk1MGT/JuU0Y6179vAdgX9iTUJEEnF2N/Inrz/sC',0,0,'2015-04-13 14:30:38','2015-04-13 14:46:33','','{}','0000-00-00 00:00:00',0,'','',0),(679,'Geraldine Prerauer','geraldineprerauer','reginarippelgws@yahoo.com','$2y$10$ei2PAB5gM3I1TRNdNYCG4egNk1xDKP10wIjr96.MXPnSH/nlJqEf2',0,0,'2015-04-13 14:32:53','2015-04-13 14:41:26','','{}','0000-00-00 00:00:00',0,'','',0),(680,'Billy Eades','billyautziwjiwueym','breannhurket@yahoo.com','$2y$10$wnC5N4cNcIj1KSIh/PHyQu99o7KY6lFFDPF6kn9EtYuu.w35bUbAe',0,0,'2015-04-13 14:37:37','2015-04-13 14:51:08','','{}','0000-00-00 00:00:00',0,'','',0),(681,'Porter Marsden','porterv65lxttgyfyhuw','yvesrichardsonxkh@yahoo.com','$2y$10$R3CIg6ScxwT5GEeHleNVauTNXrC8vKEDVB4IelKdiR77CDbn/jkk2',0,0,'2015-04-13 14:42:38','2015-04-13 14:51:27','','{}','0000-00-00 00:00:00',0,'','',0),(682,'Zara Kelsall','zarakelsallfxmgbmcot','hallialvesmzj@yahoo.com','$2y$10$okIrIRmbN7.P.7A4mseXZ.cI162fL7z0e.qbL5ZNpQ896oSpyAHpy',0,0,'2015-04-13 14:52:16','2015-04-13 15:49:07','','{}','0000-00-00 00:00:00',0,'','',0),(683,'Alta Sena','altasenapegvxhvje','pennwortheymox@yahoo.com','$2y$10$NTtLMHw9gcNVg79YfDUEaeUbo9m17s3tzOXg6LMqaNYI3sPUNJkiy',1,0,'2015-04-13 14:56:29','0000-00-00 00:00:00','8da1a51b7093c385cee35e2546640f86','{}','0000-00-00 00:00:00',0,'','',0),(684,'Theron Lara','theronlarawcsgocku','burlhermannsuul@yahoo.com','$2y$10$AF47SX8nd7a2Xs.jSJrdH.vkpcnGY.HmnC3gZ.U2uwl1Z6FrCnuva',1,0,'2015-04-13 14:58:33','0000-00-00 00:00:00','7ca953304f8f42cdf469cbbda68d4013','{}','0000-00-00 00:00:00',0,'','',0),(685,'Maxwell Conaway','maxwellconawayn','merrimckuskerhct@yahoo.com','$2y$10$zIcaxLNeeb9o6iWgr73UmOQb90blnBV/79QtiI/hceXFGdHRUzjNy',0,0,'2015-04-13 15:12:16','2015-04-13 15:42:19','','{}','0000-00-00 00:00:00',0,'','',0),(686,'Iona Rosson','iona0685pxwaaxdiy','kaciconnerpqc@yahoo.com','$2y$10$NkGwq8de3LbVlop7O8Cng.4hmnqPwiVg.7KCzhqQRJAPHzGHtAo/i',0,0,'2015-04-13 15:17:57','2015-04-13 15:58:37','','{}','0000-00-00 00:00:00',0,'','',0),(687,'Elba Bourgeois','elbabourgeoissjpwqjqc','brittnydignanmhv@yahoo.com','$2y$10$ZNacftIKHq9GR2aivLOeuO5sNYwBRFpMKJoGyQgkJOJ1oTkAJz8Z.',0,0,'2015-04-13 15:43:17','2015-04-13 16:53:06','','{}','0000-00-00 00:00:00',0,'','',0),(688,'Lashunda Triplett','lashundatriplett','ferdinandkeatinghfl@yahoo.com','$2y$10$yndy82BTVlCrc4JykY915eLbEgymmKRyyYtpgBpqqImrvRiDnLs9i',0,0,'2015-04-13 15:48:36','2015-04-13 16:17:23','','{}','0000-00-00 00:00:00',0,'','',0),(689,'Maira Ludlum','mairaludlumjkclwai','zachharriganemt@yahoo.com','$2y$10$9WJ2vYzbYNEnBpIPjXc5f.YyZKM9i0xkuAGwHm9tR.5E6rlkIoHoO',0,0,'2015-04-13 15:51:12','2015-04-13 16:31:01','','{}','0000-00-00 00:00:00',0,'','',0),(690,'Leanne Cloud','leannecloudtyxbjxn','chrissybeaufordbys@yahoo.com','$2y$10$2crE2O9gYG3cb2alfIhsLutFR6VrC1Ygsswo0kEtWaltiWFsmoT5y',0,0,'2015-04-13 16:02:04','2015-04-13 16:19:33','','{}','0000-00-00 00:00:00',0,'','',0),(691,'Joycelyn Garside','joycelyngarside','cosbrendalggw@yahoo.com','$2y$10$OlJpkKfsVXuKYTrNHCTmnezODj3MYMQy7A8hRQLCuxjieXwQ1TFha',0,0,'2015-04-13 16:18:43','2015-04-13 16:29:49','','{}','0000-00-00 00:00:00',0,'','',0),(692,'Nydia Hedberg','nydiaocygiuaiqizvga','emmiemayonuwu@yahoo.com','$2y$10$HajRaV33sCgddMwSppUjNuWVc7mzEZ8W0TmDfjkePiZ.pGzet902S',0,0,'2015-04-13 16:46:35','2015-04-13 16:49:45','','{}','0000-00-00 00:00:00',0,'','',0),(693,'Zachery Mills','zacherymillscizxql','lanceafshariipz@yahoo.com','$2y$10$gbsHaZju2GrcPJ5Coxx0SuLogvM.XcSD76sOYBSF7b4ERVLL2OcgC',0,0,'2015-04-13 16:49:38','2015-04-13 16:56:51','','{}','0000-00-00 00:00:00',0,'','',0),(694,'Thorsten Reagan','thorstenreagansd','joeannfeltusede@yahoo.com','$2y$10$iVl8TX64qdZQABMgXqR1BOSx3MOdsOp771qVCdrCIymh.ngNDIp6S',0,0,'2015-04-13 17:09:45','2015-04-13 17:13:25','','{}','0000-00-00 00:00:00',0,'','',0),(695,'Jonathon Wooley','jonathonwooleyrge','jayneyerkedwm@yahoo.com','$2y$10$or2Fa8WSRexmIIFEBXk5UOxNXzwn8hQvz93IrRjgNLnfOEhtMofQy',0,0,'2015-04-13 17:24:00','2015-04-13 17:33:05','','{}','0000-00-00 00:00:00',0,'','',0),(696,'Lemuel Hobler','lemuelhoblerdopuw','judithmahlumayu@yahoo.com','$2y$10$.67JzcZHLOiQ9o177ecrwegIuPwY2IES1ETVg8TBK2Mp9vVK9r7xK',0,0,'2015-04-13 17:29:16','2015-04-13 17:34:09','','{}','0000-00-00 00:00:00',0,'','',0),(697,'Mickie Bowling','mickiebowlingltyuko','jerrinepedrazacpf@yahoo.com','$2y$10$ydhbtCRexP3f6YOApTibMOSyPTz5s5IyDOydegjNl76hnhSo7ztEm',0,0,'2015-04-13 17:31:06','2015-04-13 17:37:38','','{}','0000-00-00 00:00:00',0,'','',0),(698,'Elyse Furr','elyse5830ircvmsqyady','georgeneirwinphm@yahoo.com','$2y$10$qgS4NiNISTJ6wnpbw2fX5OTgq/EBbFWZ/DySanVcOUN6zevQpUOT.',0,0,'2015-04-13 17:44:02','2015-04-13 18:03:59','','{}','0000-00-00 00:00:00',0,'','',0),(699,'Cyril Vallecillo','olycyrilshowgluvltu','kristoforoshapirotid@yahoo.com','$2y$10$BxGkGTiXMMBWk1joSn57G.hLo6k7XLU.g4djS4lTPX78pnk5nszRC',0,0,'2015-04-13 17:47:23','2015-04-13 17:55:25','','{}','0000-00-00 00:00:00',0,'','',0),(700,'Jaclyn McCabe','jaclyndhsvhgcmjkvam','kandymosinskifcq@yahoo.com','$2y$10$YGTvAxleOBiaBmla/jlrturAClTwW79ecTx0QwxLeyDAMvoxyTCZy',0,0,'2015-04-13 18:25:56','2015-04-13 18:48:47','','{}','0000-00-00 00:00:00',0,'','',0),(701,'Numbers Soward','numberssowardnt','reganbavawkz@yahoo.com','$2y$10$MPQBB6xaoQtGyfVgAhWXNuYotB3irn5a3R8levEHewMbv8Zue4/g6',0,0,'2015-04-13 19:01:53','2015-04-13 19:18:46','','{}','0000-00-00 00:00:00',0,'','',0),(702,'Roger Sennitt','rogeru05wgkkpwoznhr','pacetwymanhyl@yahoo.com','$2y$10$ep4bBlm7gTUwyo/B1X4uqeT2gmeOwWsa69ept6PcZ3zJ/4CtfuAuW',0,0,'2015-04-13 19:37:34','2015-04-13 19:56:41','','{}','0000-00-00 00:00:00',0,'','',0),(703,'Aurora Beliveau','aurorabeliveaucltipk','lonniehorawha@yahoo.com','$2y$10$4VYET8uM7c5/yjy1OpLjUe1.bZNoc98PuCaY2wLNGyXsOM2bmdzm6',0,0,'2015-04-13 19:56:34','2015-04-13 20:07:54','','{}','0000-00-00 00:00:00',0,'','',0),(704,'Roberto O\'Loghlen','roberto0135mgbgjiicen','patriziobhattyf@yahoo.com','$2y$10$Kewa6/6mJwuq5ZZwvKOzq.seub7whA77ldLo4av2fUIlKtew7SuYy',0,0,'2015-04-13 20:06:50','2015-04-13 20:13:56','','{}','0000-00-00 00:00:00',0,'','',0),(705,'Jeramy Holyfield','tmijeramyszjltugikfeu','christenahugemst@yahoo.com','$2y$10$GsLwuoIa5kgFNvAvVGDHBed4GBlxAWgpsdE46k1jTRxv1YnY07Kgi',0,0,'2015-04-13 20:09:10','2015-04-13 20:17:20','','{}','0000-00-00 00:00:00',0,'','',0),(706,'Royce Rossi','roycerossihyqkdrxlt','karilehnhoffpoq@yahoo.com','$2y$10$Lw54P3tzQ5O3oknoslWe2.T0ghToQmGqvT.FOd3Bdh7T0uVnrUDre',0,0,'2015-04-13 20:14:09','2015-04-13 20:19:26','','{}','0000-00-00 00:00:00',0,'','',0),(707,'Hans Milerum','hanshivvxpxanutyo','andiedoucehfx@yahoo.com','$2y$10$W5H41PRwq1PabAosUAaL9..5rIt5Ved.njjf85uLGiXc3ajT96LfC',0,0,'2015-04-13 20:35:33','2015-04-13 20:51:25','','{}','0000-00-00 00:00:00',0,'','',0),(708,'Laverne Body','lavernebodybookxtgb','katheydrosickobv@yahoo.com','$2y$10$Q7b25pDyX6IjchJu2/.tDO1xqYhvK3Q0KbwYOLl1mxI8nBUWT719C',0,0,'2015-04-13 20:39:10','2015-04-13 20:42:55','','{}','0000-00-00 00:00:00',0,'','',0),(709,'Angus Paramor','angusparamorxgjsjuk','nishalutherdqq@yahoo.com','$2y$10$F8qtJ0SqltA7UDGkQckrgeynTOixPB9l2jxJPVGOhRZujA7TsfsXS',0,0,'2015-04-13 20:46:14','2015-04-13 20:55:42','','{}','0000-00-00 00:00:00',0,'','',0),(710,'Larhonda Carlisle','larhondahboezkvem','marylnrascomto@yahoo.com','$2y$10$P/.d7zS4hfDfV7lr4og.g.LBNNORc9M4YouUmub35DOXURa25.b1m',0,0,'2015-04-13 20:58:23','2015-04-13 21:04:33','','{}','0000-00-00 00:00:00',0,'','',0),(711,'Casey Vestal','caseyvestalqdbprhtnj','brindacrownermzp@yahoo.com','$2y$10$iZ863Mhqcm9n5p5JpD9ureG3.FhmgraVAS5zmYbRR2opeVQ0xQ2eC',0,0,'2015-04-13 21:16:24','2015-04-13 21:28:44','','{}','0000-00-00 00:00:00',0,'','',0),(712,'Gabriel Earls','gabrielearlstlkypulyw','dathafountainigt@yahoo.com','$2y$10$QWh5.3kpE6DoT27YsliJ2O7YlBE9n4NysTMn0kBhxJhqg4n485qU6',0,0,'2015-04-13 21:36:19','2015-04-13 21:43:39','','{}','0000-00-00 00:00:00',0,'','',0),(713,'Reginald Mccrory','reginaldugstagwjlvcqj','cecilesessionvfz@yahoo.com','$2y$10$0ommJ4BLWrk5MdquV72pouO4RVpqcUkSufcVyPEIyt./BFLILRbQO',0,0,'2015-04-13 22:06:43','2015-04-13 22:11:29','','{}','0000-00-00 00:00:00',0,'','',0),(714,'Antony Lemieux','antonylemieuxxfchx','teresabeedywjx@yahoo.com','$2y$10$BFzJfQ9ErdtNC2oAKb1CGeqAUxOSggTQLcU.RvL2QWdxhDNH9TNuy',0,0,'2015-04-13 22:38:36','2015-04-13 22:41:54','','{}','0000-00-00 00:00:00',0,'','',0),(715,'Alfred Gunter','alfredgunterjtrkfrac','mericanadycxq@yahoo.com','$2y$10$.BvfzkT82b6Hvt5CrFnm3OKDlibqnuqHf6ri1JQ.V/wrHdnuMmWzq',0,0,'2015-04-13 23:06:49','2015-04-13 23:21:27','','{}','0000-00-00 00:00:00',0,'','',0),(716,'Rosario Walters','rosariowaltersqcihoej','keshiacarpinteyroxso@yahoo.com','$2y$10$OUKvQrhC3DZ5kc1K5a/HhO8cqMqAkB6LiPexQk9gb1wa6m2IQAie.',0,0,'2015-04-14 00:06:31','2015-04-14 00:12:17','','{}','0000-00-00 00:00:00',0,'','',0),(717,'Albert Cocks','albertcocksjqqxbylq','augiecinquantimfj@yahoo.com','$2y$10$QbgAO3/HIiarMt.Vu7u7k.tsjMGRqN4e3y7ENfLIIN08QeqwJpojK',0,0,'2015-04-14 00:25:46','2015-04-14 00:35:42','','{}','0000-00-00 00:00:00',0,'','',0),(718,'Kandis Emerson','kandisfxstlyjjgo','shavonneonbreuningeryxw4188@yahoo.com','$2y$10$oPC5KKzj2o/EMSB2zy/KcOz2s81u9QzewsxazEF/f0Lp1Cf/mwX1y',0,0,'2015-04-14 07:02:09','2015-04-14 07:09:15','','{}','0000-00-00 00:00:00',0,'','',0),(719,'Julianne Edmunds','julianneedmunds','kaneshahopejy6076@yahoo.com','$2y$10$K8HUjBpSr6OJmQvel7KBSumDXgVzbNKn6ERxWrGfs20XvhqMX8IoK',1,0,'2015-04-14 17:22:09','0000-00-00 00:00:00','8b0a981d25bd82ff47a3bc3454d6357d','{}','0000-00-00 00:00:00',0,'','',0),(720,'Mariano Abe','marianoabewnrznwcmkz','lionelolden8098@trash-mail.com','$2y$10$Al.KklYZa.zp9L0Hn4awGee7nt.OHjkFraJ11msXBaqGafPWcHd5W',1,0,'2015-04-14 17:57:36','0000-00-00 00:00:00','f613339cef3ed39848cedfd9968df3a3','{}','0000-00-00 00:00:00',0,'','',0),(721,'Shenna Huon de Kerilleau','shennahuondekerilleau','alfonzo@a.bestmail.website','$2y$10$blKSTqhLzaf4WOu2VJeUVuXoWk5wmVjoXukxssFAWWD8K.OOZ4I1K',0,0,'2015-04-14 18:49:23','2015-04-14 19:05:57','','{}','0000-00-00 00:00:00',0,'','',0),(722,'Harry Sunseri','harryu857180172','jasmin@a.gsamail.website','$2y$10$qdCBAYqVXyhpb5O4.ojD6u6H8m84Xggsu8UuSycdk0JM2BQopL4i.',0,0,'2015-04-14 18:58:14','2015-04-14 20:10:15','','{}','0000-00-00 00:00:00',0,'','',0),(723,'Tammie Harker','tammievqhgdagqf','hermahhcrepeaukjj5793@yahoo.com','$2y$10$xW4W0iUTihHfUYxMpFawx.SVVPukaktC.Gfu80zx0vC53OClXVUOC',1,0,'2015-04-14 19:01:07','0000-00-00 00:00:00','c2d0fd9f8c5cebecb14d9607a4690479','{}','0000-00-00 00:00:00',0,'','',0),(724,'Gay Aponte','gayaponte489003704495','angelinetax71r@mail.ru','$2y$10$Me2dYGof3LJ/EEQck4htluwDxxnWreZlWsYr5Q04cjV/aFeI8MbJ2',0,0,'2015-04-14 19:05:20','2015-04-14 19:08:13','','{}','0000-00-00 00:00:00',0,'','',0),(725,'Helena Baughman','helenabaughman5','leola@f.bestmail.website','$2y$10$U7APlbnH3gVZFdXAwIdFp.ycRwPEilywT0B4gfVQ0byz6Em3grAam',0,0,'2015-04-14 19:33:23','2015-04-14 20:08:49','','{}','0000-00-00 00:00:00',0,'','',0),(726,'Sal Metters','sal5145skbvsjybymhlk','particiakjrightpoo4311@yahoo.com','$2y$10$TLXv1Dunk.3lMv3cn691oueF4opvsHRwyPz2GP6DZvRrgtPIcIZ0y',0,0,'2015-04-14 20:08:59','2015-04-15 12:14:57','','{}','0000-00-00 00:00:00',0,'','',0),(727,'Mariano Kincheloe','marianop05hslouyuth','liliablackabyumb@yahoo.com','$2y$10$HweFFBYJuHG1h6Buh.GszeG0v6xMT7DHD5xNVk39M3.amDta96z3K',1,0,'2015-04-14 20:09:04','0000-00-00 00:00:00','364a5994fc46fa0acfe50f4488ad1457','{}','0000-00-00 00:00:00',0,'','',0),(728,'Myra Gentle','yeqmyrafpkhxlqyplfkeq','raisapoodiornedbz8900@yahoo.com','$2y$10$0UJThWjv//M86ed.kVHFAekZOnFFKeK51p.A0EuFJkY8a5tozTtVS',0,0,'2015-04-14 20:25:40','2015-04-14 21:42:49','','{}','0000-00-00 00:00:00',0,'','',0),(729,'Delilah Boulton','delilah56nsjnkhlegkyc','kendallwaterfieldgsq@yahoo.com','$2y$10$1gpgPemZKsKq073SJRmgZ.Nf7nuXso0Ol5thsWyo6g6dWIpdFkFYq',0,0,'2015-04-14 20:30:28','2015-04-14 20:41:14','','{}','0000-00-00 00:00:00',0,'','',0),(730,'Elden Kintore','eldenbqrfjmblaiun','shanavoilesmj1414@yahoo.com','$2y$10$J68vAjd89A4UmK.Boo6y5O5W.As8PM9fzScl8jYGf2PHwypDupXJ2',1,0,'2015-04-14 20:35:12','0000-00-00 00:00:00','1d88a4465e7025670700276e03d7f06b','{}','0000-00-00 00:00:00',0,'','',0),(731,'Jannie Elmer','jannieelmerkywhhurx','shainapawlowskiwk4136@yahoo.com','$2y$10$PYVCncLX1p2n76Z4W.c3XeC6fgCeLIt/PmvhI2LiJK0gToPOhS696',1,0,'2015-04-14 20:38:16','0000-00-00 00:00:00','dcb373780aeb30156d66d33318008bc3','{}','0000-00-00 00:00:00',0,'','',0),(732,'Syreeta Fay','syreetamfqwygkdmowrca','ameliagraefmh7708@yahoo.com','$2y$10$s5nJQnGiww6F4M5.Wkn2Yuh6obJv6IR.XMv6koJkOa1zgD8t9M9T6',0,0,'2015-04-14 21:10:41','2015-04-14 21:24:28','','{}','0000-00-00 00:00:00',0,'','',0),(733,'Margot Huon De Kermadec','margotpdatphovnpbsdsp','jannetstitesfj3841@yahoo.com','$2y$10$2gkYgB2W2g//qcMS/.zf1u64giq.BMdqa0CybU3/acR6maMKb4Uf2',0,0,'2015-04-14 21:11:31','2015-04-14 21:26:45','','{}','0000-00-00 00:00:00',0,'','',0),(734,'Sunny Mancini','sunnymanciniwqqjmd','fairytinchpd1658@yahoo.com','$2y$10$WCIIRUSt1BhOGHIdr9m3R.Q41LeMei0E6DCMy/imVhng0O4By12t6',1,0,'2015-04-14 21:14:31','0000-00-00 00:00:00','2e24ecf9f7b77d9b361ab1594ce9ad4a','{}','0000-00-00 00:00:00',0,'','',0),(735,'Reyna Mcdermott','reyna34gwghytcvoodtah','shaunaburkhardue2146@yahoo.com','$2y$10$fH8ntCVZkOGRcwaOtnlvtebm4pY59QKkbG2o3nTqnQNT3FPSTNQ3.',1,0,'2015-04-14 21:25:19','0000-00-00 00:00:00','fb12cf7b69994911012e3ffacdfeb79f','{}','0000-00-00 00:00:00',0,'','',0),(736,'Matt Mcdowell','mattmcdowelldhqbio','allinegallatinrn6082@yahoo.com','$2y$10$7qpm9neHSLmUsi9LTWOonuSs2nAl/LDvMtPFAMOGt5YxzM94jJOya',1,0,'2015-04-14 21:41:48','0000-00-00 00:00:00','28adcf1a1e6965c82c32ad7b77420750','{}','0000-00-00 00:00:00',0,'','',0),(737,'Christy Mosman','christyp36pvkdprz','carienmmillienywv2991@yahoo.com','$2y$10$8rmGwhLo42YoQ1pIkvWD..qQ0.u1xbI9U9vee1kou3FGNFDLG03Wy',1,0,'2015-04-14 21:45:16','0000-00-00 00:00:00','c3b1281527da0ce7daad00e64b691993','{}','0000-00-00 00:00:00',0,'','',0),(738,'Audry Macghey','audrymacgheyczlpdk','elisazwillingio5987@yahoo.com','$2y$10$WE.nsliFslqkcZI0moBO1uxZHy2VnL8.0XIkosPDajoKCC1UD5JdK',0,0,'2015-04-14 21:54:07','2015-04-15 01:51:42','','{}','0000-00-00 00:00:00',0,'','',0),(739,'Melina Krebs','melinakrebshurvytuobr','seandeblancgq2409@yahoo.com','$2y$10$zbgqqOGs55NqUt1195qkQu9C/SzC.BOqYq0WqH3yYuP6VXxjO6ZKa',1,0,'2015-04-14 21:59:38','0000-00-00 00:00:00','a1bf21b234508370e5b078000643083b','{}','0000-00-00 00:00:00',0,'','',0),(740,'Virginia Batchelor','virginiabatchelor','joannafilipskiub5609@yahoo.com','$2y$10$soMvUoXDpU9emK/eYY4Xk.aL06j.k1ZXdT6XrUlBVc2OlP6qaa33O',0,0,'2015-04-14 22:06:13','2015-04-14 22:13:25','','{}','0000-00-00 00:00:00',0,'','',0),(741,'Claudette Luse','claudettelusenaqnhks','malissaewersis9764@yahoo.com','$2y$10$DETSOYkLkH7Y1B2fZ/nT3.7Iba6t26WT63xflK9CkK92p6lRSxTmm',0,0,'2015-04-14 22:10:10','2015-04-14 22:31:41','','{}','0000-00-00 00:00:00',0,'','',0),(742,'Mai Olson','maiolsonhwlapdm','ellankjproudfootpoo1454@yahoo.com','$2y$10$azNnJubZiHO1A6G5Qu8Dke6PaUJ9OYy2SoLE8TEM3x.yZBFZ3mf8C',1,0,'2015-04-14 22:15:28','0000-00-00 00:00:00','7edac9f33610140d76c7be2ef24b51ff','{}','0000-00-00 00:00:00',0,'','',0),(743,'Irwin Medlin','irwinmedlinruyumsg','pegwubhardwajrpn5233@yahoo.com','$2y$10$/G6WAuauBRRN.xy9.XgGi.y6E2Whc5uC81YXg05obauDGXOmdRz6a',1,0,'2015-04-14 22:20:03','0000-00-00 00:00:00','3bc4dd52b64f56f4baa4fc4365d1a5a3','{}','0000-00-00 00:00:00',0,'','',0),(744,'Leilani Solar','leilani70mldicibnhbj','milagrossrcherrezjhf5717@yahoo.com','$2y$10$a.RgKyOCagnqrSWqSl3ABODMSsYHL8yx25p/1gNJNZXn7WSQoC8yO',0,0,'2015-04-14 22:56:22','2015-04-15 12:04:20','','{}','0000-00-00 00:00:00',0,'','',0),(745,'Traci Candler','tracicandleryjz','laurenkacheraoo@yahoo.com','$2y$10$JZihWv71hg6W/Bb2gHyRruqLz.KHPs080k3r45C27JqkXWmUp6gwq',0,0,'2015-04-14 23:38:25','2015-04-15 00:37:15','','{}','0000-00-00 00:00:00',0,'','',0),(746,'Shawn Frayne','shawnfrayneliikbz','emmerylindnerrou@yahoo.com','$2y$10$fp.AFUB/CCLObj6XJwAPnuFSwSmUkqlnRYYERFxRYk0GQGZzAol2y',1,0,'2015-04-14 23:38:30','0000-00-00 00:00:00','f7299a1c121c3e3115d03a092c32a734','{}','0000-00-00 00:00:00',0,'','',0),(747,'Amber Bankston','amber7209crupirhip','laticiauzzellsm6587@yahoo.com','$2y$10$znCpmJHAY8nkdn961ERaJeFuiT76y5hT27J0W2if831ObQeaLrdze',0,0,'2015-04-15 00:52:15','2015-04-15 10:12:25','','{}','0000-00-00 00:00:00',0,'','',0),(748,'Rochell Mowery','rochellp11azntcnlyxve','hazelfranceywvi@yahoo.com','$2y$10$4.64Hzn33W1KUjCz3OmKnObbyzIDASVkyw3tppvO4rW.Q8zm6XGTK',1,0,'2015-04-15 00:56:52','0000-00-00 00:00:00','59f15f0096bffc1bfead823c956867aa','{}','0000-00-00 00:00:00',0,'','',0),(749,'Meri Darwin','meridarwinaoscemn','meghannlofinkhgb@yahoo.com','$2y$10$C/NitNb3I39N0Kpqg3JWFuaDGbKf8l2a2Xc.tZVwwZu4IIdswMM4.',1,0,'2015-04-15 01:04:19','0000-00-00 00:00:00','af6dc1554b682d02e5bf2bb10d7b67c5','{}','0000-00-00 00:00:00',0,'','',0),(750,'Zane Lieb','zaneliebmmhkqoh','mercyschragerrmm@yahoo.com','$2y$10$9.ehrgE2dqP/tmsr73nXP.tohDWMXb1aSGhUjMJTDSDPX7SCl9I7.',1,0,'2015-04-15 01:06:53','0000-00-00 00:00:00','4b55bf6ef0715571edfc5a5f75525c79','{}','0000-00-00 00:00:00',0,'','',0),(751,'Star Ramaciotti','starcckcvgqjisf','kristinefouchasg@yahoo.com','$2y$10$ZRcqUTfeVQr0vzQulkZIZebQnl66qAFUYh.U6oAZIU5H5ngasFj6e',1,0,'2015-04-15 01:47:28','0000-00-00 00:00:00','d4e9f9d4fbacec4a37238e974ebdc211','{}','0000-00-00 00:00:00',0,'','',0),(752,'Theda Joslyn','thedajoslynkicgnyid','giselamarzettegs6949@yahoo.com','$2y$10$a2YftSLui/9eR2fg8V3gcOFeeY4W2SQhBzT4pQnh10aJ7f0xPKjou',0,0,'2015-04-15 01:59:15','2015-04-15 14:31:38','','{}','0000-00-00 00:00:00',0,'','',0),(753,'Selma Skeats','selmaskeatsmypt','griseldahiblerkc2392@yahoo.com','$2y$10$VAoIxbc4HCsYHSKpGm9qWeQJWG3VYbLCtfopkj7M.x2v2O05BTVhu',0,0,'2015-04-15 02:08:22','2015-04-15 03:33:12','','{}','0000-00-00 00:00:00',0,'','',0),(754,'Dalton Crowder','daltonm76zqooli','marchellelangwithydn@yahoo.com','$2y$10$gHxI0nO9nLXMm1jK5H2TCOOBLnJbRuMo865CFzLJfA7gJrEj3xaAy',0,0,'2015-04-15 03:20:20','2015-04-15 03:24:32','','{}','0000-00-00 00:00:00',0,'','',0),(755,'Cherie Cheong Cheok Hong','cheriecheongcheokhong','jadaterrelvrj@yahoo.com','$2y$10$NvspX.nkXPQOmJ2ulE/JTuzEknTvObQnpovBECfsi9RdjXV.d3OnC',1,0,'2015-04-15 05:25:02','0000-00-00 00:00:00','28282cefa2664a0fe7ae869f0c53c360','{}','0000-00-00 00:00:00',0,'','',0),(756,'Jorja Watterston','jorjawatterston','allegraheximerclb@yahoo.com','$2y$10$Xlc6x.AtcWNJKOdUYGfMBeBYy90qBzNZfun5CycgTZWl8p5aS44DW',1,0,'2015-04-15 06:16:42','0000-00-00 00:00:00','be854b0d10d303f0285d99c9862c1a7c','{}','0000-00-00 00:00:00',0,'','',0),(757,'Aliza Simonson','alizasimonsonnrmnsmv','fanniehairwxg@yahoo.com','$2y$10$MgYv8FsTB4FudBtpQo1eTeiAf3IPYYuWgw05eLoN6xzGA7elWqoRa',0,0,'2015-04-15 08:09:04','2015-04-15 08:14:45','','{}','0000-00-00 00:00:00',0,'','',0),(758,'Ruth Synan','ruthpvrqlickazqujndcw','salomowomermny@yahoo.com','$2y$10$DPqLgZxNPVEYsltUYYdN0uFg/KccXEJ4UOWf7m7iSfxXm7P8ZTRtG',0,0,'2015-04-15 09:13:08','2015-04-15 09:24:20','','{}','0000-00-00 00:00:00',0,'','',0),(759,'Lucienne Markham','luciennemarkham','debgascotqur@yahoo.com','$2y$10$rB3h1JwKRhlLdQgizTEbj.tD9Lqa0pbzpXPQMStPb7UaHNWnu16eG',1,0,'2015-04-15 09:36:50','0000-00-00 00:00:00','25bff38967b1cb93d87fe3c2764c4ecd','{}','0000-00-00 00:00:00',0,'','',0),(760,'Sherry Vue','sherry30ruovsel','alinaharingtonvv4284@yahoo.com','$2y$10$EbpuHtgHKK5f20/mqpbovuuiByULp8VNSowMhTxP0iBCKEUJoZEbO',0,0,'2015-04-15 09:46:25','2015-04-15 11:08:25','','{}','0000-00-00 00:00:00',0,'','',0),(761,'Izetta Foote','izettafootefces','christyzachersz4402@yahoo.com','$2y$10$wqA7rr6njiysKEbTZN5mzu1nogLQGFXODcbP/u5iTw2eUEPPnEsqi',0,0,'2015-04-15 09:48:53','2015-04-15 11:32:16','','{}','0000-00-00 00:00:00',0,'','',0),(762,'Denice Houck','sozdeniceouchjk','adrianarosslso@yahoo.com','$2y$10$nQxYpcFCiJr3FVc.OKVhROGNIIy1zCaVMOuFdJ773LpkQxWr8Olui',1,0,'2015-04-15 10:13:16','0000-00-00 00:00:00','3b3e22dda3a9b82a13e2b061570009c1','{}','0000-00-00 00:00:00',0,'','',0),(763,'Vickie Aquino','vickieaquinophpzpr','eleaselandesswa5799@yahoo.com','$2y$10$VbDMCm1ZADzD/h2wARkvR./tVcEwBfdHGeIuNgnCYy6X9SbWk/tGS',1,0,'2015-04-15 11:58:58','0000-00-00 00:00:00','77add523cbc121b0dbade837d3cd7df6','{}','0000-00-00 00:00:00',0,'','',0),(764,'Tamara Cato','tamaratwxqzunbbhqs','valerisatterthwaitedg4705@yahoo.com','$2y$10$OYQGdx1V1NzvqjkXBPeemOkU53zqI9Munmp8DO/6vU0kq70lff1DW',1,0,'2015-04-15 12:07:30','0000-00-00 00:00:00','567fd2fc9ffa3d13d54a6101c6c0407b','{}','0000-00-00 00:00:00',0,'','',0),(765,'Augustus Perrin','zwfaugustusleluz','latrinapenwellbe2450@yahoo.com','$2y$10$HtgaUS9H.0Gd94GZm0v8IuefPsBDX6JSp7l.xvDOGdgifFyNxbrK.',1,0,'2015-04-15 12:31:34','0000-00-00 00:00:00','1ddbcd4cf80e70e5cbf3328d2d649743','{}','0000-00-00 00:00:00',0,'','',0),(766,'Polly Hoffman','pollyx24racrjqe','ellanywduparwtr3598@yahoo.com','$2y$10$IQi3RJVIEIfdP6cSJb12F.aDhNJZhmUbp/PTMj1szn2qa6fgZayH6',0,0,'2015-04-15 12:31:40','2015-04-16 11:45:39','','{}','0000-00-00 00:00:00',0,'','',0),(767,'Nick Siegel','nicksiegelnwfnbjdcoq','allensaeedts1840@yahoo.com','$2y$10$khmV0PqvxSNAQgLRiicj9uK6mFQnsMHhN5vFSrueNRLSHDgRHAp1a',0,0,'2015-04-15 12:41:52','2015-04-15 13:05:43','','{}','0000-00-00 00:00:00',0,'','',0),(768,'Wilton Bolden','wiltonm40nnqetugwoqlk','tyeshapoaujlacaz7128@yahoo.com','$2y$10$bH.uzcgIlI7rYN99uEdxAu7A/wUikr0aedkwPlQ28mNhQZlzDoJsW',0,0,'2015-04-15 13:02:43','2015-04-16 11:39:39','','{}','0000-00-00 00:00:00',0,'','',0),(769,'Dwight Odriscoll','dwightodriscoll','lestersikora@spambog.ru','$2y$10$PbY9dQhmeXO0fg8Y/V9XM.jjIe/ONC94XOT3d3e3E7z3AhRiDSCDC',0,0,'2015-04-15 13:04:47','2015-04-15 13:35:42','','{}','0000-00-00 00:00:00',0,'','',0),(770,'Torri Eads','torrieadsolojqpeusmu','beulahmlhochsteinuts6257@yahoo.com','$2y$10$RHA66rHmB3RlMpKurYuIcudTz0ufbxor6WzhUL5cDAh.AzyGXj0ye',1,0,'2015-04-15 13:12:08','0000-00-00 00:00:00','23ecf72f6e4a2d9d47b18b7499729699','{}','0000-00-00 00:00:00',0,'','',0),(771,'Esteban Picard','estebanpicardnxat','rikkinmmarmasywv8663@yahoo.com','$2y$10$YIhmB8yqMUL3WxBv6/.B1eJnXgs3b74LuwG/FF/f1p./wO5KBDR.e',0,0,'2015-04-15 13:12:35','2015-04-16 11:39:46','','{}','0000-00-00 00:00:00',0,'','',0),(772,'Modesto Leff','modestoleffsimnxadrm','leahddharwellbba5509@yahoo.com','$2y$10$ybB0n/1wyu5hoY/7IGWDpeyR2O6zPm01fHB7tXsB8DzNa5PkF3AZC',0,0,'2015-04-15 13:18:46','2015-04-16 12:00:17','','{}','0000-00-00 00:00:00',0,'','',0),(773,'Adelaide Spafford','adelaidespafford','roseannekamerlingqo2909@yahoo.com','$2y$10$hA.GMv9XGvmc6G0vmEimkOWAxzuQmWEa7dV57td4gknjEoSWz.joC',1,0,'2015-04-15 13:44:02','0000-00-00 00:00:00','33fd206c3ae8a7fcd7f54e724df781b5','{}','0000-00-00 00:00:00',0,'','',0),(774,'Yvette Sholl','yvetteshollifdxw','brandondynkinpdl@yahoo.com','$2y$10$HgfFAX.gTFZDXgvZuIpuU.cnyF/tPo8X4J5dxMJ0IzBwgu1aZ.nyW',0,0,'2015-04-15 14:05:38','2015-04-15 14:11:57','','{}','0000-00-00 00:00:00',0,'','',0),(775,'Nancy Kiddle','nancykiddlevwqtlhx','malliecurboyg4265@yahoo.com','$2y$10$lt1r/IFKDgkC3eYe.plSGuzBFa5mDlvLrGbKtBZXFf5r3UPBr8DrW',0,0,'2015-04-15 14:14:49','2015-04-15 14:49:12','','{}','0000-00-00 00:00:00',0,'','',0),(776,'Thomas Atchley','thomasatchleyibjflfqn','mortyburdmanvhw@yahoo.com','$2y$10$6sZmjF69fZkNdk3Sm4xKJuD0cD6auIV1a9AmX.KUyWD7OR62K7hL.',1,0,'2015-04-15 14:19:16','0000-00-00 00:00:00','0d3b898e7aee4c31c39e93bf49aa052a','{}','0000-00-00 00:00:00',0,'','',0),(777,'Houston Bach','houstonbachhssmjoiw','kendatsroseliuslih4621@yahoo.com','$2y$10$cI/A1CY5qaHZZ3qJUcpWzO.nviEkXpiLT0y5HiCCwM0hIX1uxpNei',0,0,'2015-04-15 17:53:21','2015-04-16 12:01:31','','{}','0000-00-00 00:00:00',0,'','',0),(778,'Charline Vanburen','charline30zaijlhyoqo','ignaciaxvvalreyspo3040@yahoo.com','$2y$10$DymTO0acu4AyLIUEl3TzlenNaOlIhqly8J5nz6UKTri0VYgzHYrUm',1,0,'2015-04-15 23:58:29','0000-00-00 00:00:00','aa05abf7e5e9b8392dc294a86b5baf6c','{}','0000-00-00 00:00:00',0,'','',0),(779,'William Kaler','williamx80koexkmok','trudyywhatawayvsq3341@yahoo.com','$2y$10$g1ttDys3jaCChfgA4Z9kseOe7Zx2ddanlPifmdpfquS93MD4l/fq2',0,0,'2015-04-16 01:17:38','2015-04-16 12:19:15','','{}','0000-00-00 00:00:00',0,'','',0),(780,'Judith Pigdon','judithpigdon1669','kazukomtmayallum6015@yahoo.com','$2y$10$04h1dhU9gMGaYug9qfZu.OCQK00vb0/d5ouVm1HULBkU/BzoadK2S',1,0,'2015-04-16 01:35:04','0000-00-00 00:00:00','141aa2edf0f5e35df8c29e9f678a8962','{}','0000-00-00 00:00:00',0,'','',0),(781,'Perry Moya','perrymoyalyqmxzutdipu','piakjzippqpo3214@yahoo.com','$2y$10$Iz/hR23Ccw.e7IifOoRfEOw8tBS7u3q07dTjuo/0RciJNySKrYU3y',1,0,'2015-04-16 01:43:35','0000-00-00 00:00:00','f94b9aa086dc6e1dadc7dae35f577645','{}','0000-00-00 00:00:00',0,'','',0),(782,'Mable Clubbe','mableclubbepsuovmdfej','felisavtortunopml2758@yahoo.com','$2y$10$OPhchDk3dvGX8SPflxWpDuCEi3hwOESwfexu4yRs0psn.djn/NJY.',1,0,'2015-04-16 05:20:46','0000-00-00 00:00:00','ee7b0ee9b4e8662f8d08282d6d926ef1','{}','0000-00-00 00:00:00',0,'','',0),(783,'Brigette Edkins','brigetteedkinspy','prefraitripac1970@yahoo.com','$2y$10$sB53598V2V3hOcNI1SSx9.D1ABcwhbuiWbzdT0cGv4SO8BypMGmCG',1,0,'2015-04-16 06:32:34','0000-00-00 00:00:00','d2bf9676d50b35e977847e08e6d660a7','{}','0000-00-00 00:00:00',0,'','',0),(784,'Harold Mcclung','haroldmcclunggy','libradatskorzzz7906@yahoo.com','$2y$10$lryF/OKQ7euMURkQnHTIcu4mRah09rz44GTGBE6mM6.AQvomDK8t6',0,0,'2015-04-16 12:12:52','2015-04-17 12:03:58','','{}','0000-00-00 00:00:00',0,'','',0),(785,'Jillian O\'Connell','jillianoconnell','lorettawufioranelliqom4126@yahoo.com','$2y$10$Co/TuTT/Jtajr2cRUXEVNueJOdnN8kdXFl35tVp93cjTNskxbiOwu',0,0,'2015-04-16 13:59:43','2015-04-17 12:39:50','','{}','0000-00-00 00:00:00',0,'','',0),(786,'Jodie Underhill','jodieraotncjopnwnb','jazminstahleyqm0924@yahoo.com','$2y$10$f.2iEqbr4cK9DWaWA4j7veZPakA4g9269tvaXgjxp5IIn3LtctgrW',0,0,'2015-04-16 14:39:10','2015-04-16 14:52:03','','{}','0000-00-00 00:00:00',0,'','',0),(787,'Muoi Hubert','muoihubertjbtdvmfveza','loycezauchakp8684@yahoo.com','$2y$10$5IbrLWvZ2OkWUBaMDI6JVejDv1GE9nI9yT4WVFCHe6Kvnj3iI112S',0,0,'2015-04-16 14:40:25','2015-04-16 15:23:02','','{}','0000-00-00 00:00:00',0,'','',0),(788,'Elvia Colbert','elviacolbertsgksm','elsyleandryov5027@yahoo.com','$2y$10$M6N1qkW7Di.ocbX4FWgNpuYlxEiiSosTNbb3gP.OVb.dRnGTzKUwm',1,0,'2015-04-16 15:24:02','0000-00-00 00:00:00','04edea3e91a5b795154dd7e93677dff5','{}','0000-00-00 00:00:00',0,'','',0),(789,'Simon Yewen','simon51midkdvasl','carriboyefh0838@yahoo.com','$2y$10$EeeD2ZQNeCHA3zp6qBqVceUvvQwHy1AmWonMjGFElAsmAKZNNbCYi',0,0,'2015-04-16 16:48:15','2015-04-16 17:40:04','','{}','0000-00-00 00:00:00',0,'','',0),(790,'Andres Gwin','andresgwingrpqefq','kizzievukonekqnl7497@yahoo.com','$2y$10$deFqhWfhYvxeywolIK2P9e21HgVhmc8wfESeG1iBeqDZIhtvDchTy',1,0,'2015-04-16 16:55:15','0000-00-00 00:00:00','cfbaaec70f914bf2e0214d16195ef881','{}','0000-00-00 00:00:00',0,'','',0),(791,'Lester Konig','lester54hresmfevvk','debbravtpovpmk3283@yahoo.com','$2y$10$UJ6b9cayUzhasrJFtV6iJ.uIMjV4TFIkcu3kiQxf2BZRurKLdzhvu',1,0,'2015-04-16 17:00:14','0000-00-00 00:00:00','8195a7b2601960950fde64137d97b4f9','{}','0000-00-00 00:00:00',0,'','',0),(792,'Marcelino Goldsmith','marcelinogoldsmith','wsstandaw@yahoo.com','$2y$10$pGHzHMzzjrJ5ee0u22fh5efmklzP5WcGiThcXc07I9cEt/BTdlw9a',1,0,'2015-04-16 20:01:45','0000-00-00 00:00:00','a46961921b9d732be438a97aa266577d','{}','0000-00-00 00:00:00',0,'','',0),(793,'Mamie Wilkinson','mamiewilkinsonie','staceylkgaccionesrq5702@yahoo.com','$2y$10$OlrPsc1eAM5TeGkaxWLh4e4LKdSYE5arHrFBrqvKOK4EgU5mwN8GW',1,0,'2015-04-16 20:12:26','0000-00-00 00:00:00','471b23072c18713c93cf65a827175f06','{}','0000-00-00 00:00:00',0,'','',0),(794,'Betsey Hendrickson','betseyhendrickson','kaguhuder1974@yahoo.com','$2y$10$GZrXU5.HpOQbRlhwp.fYtuB7Co7rMP1nQ2BVcjVPUjSAHtyqnrlqC',0,0,'2015-04-16 21:17:13','2015-04-17 01:36:32','','{}','0000-00-00 00:00:00',0,'','',0),(795,'Myrna Patteson','myrnapatteson8162955','myrnapatteson93@silver.burmails.com','$2y$10$0OvidLqoqKnLwD1tIKX8Tu3PGM1o15Na7YEsp0iEWmpetJzwjJQ26',1,0,'2015-04-16 21:22:35','0000-00-00 00:00:00','a746919d1455d89a640217e916af5942','{}','0000-00-00 00:00:00',0,'','',0),(796,'Carolyn Ah Mouy','carolyno88bxjqwf','renerubottomsw6376@yahoo.com','$2y$10$dIw/87WYJVFQ/yRHUba5N.wV61m83WT2cU0nXOpBDL8/zEhyEZi2a',1,0,'2015-04-16 21:27:09','0000-00-00 00:00:00','2d9ef52900bdc4816950a085ed73f9a0','{}','0000-00-00 00:00:00',0,'','',0),(797,'Sam Schulze','samschulze7097840','samschulze@blog.reopenetic.com','$2y$10$t76N/eW7U3I8VUq43fHmZeRehoAHNkNM6sGc7yZgEJDnZzjN9AcO2',1,0,'2015-04-16 21:51:56','0000-00-00 00:00:00','b1df7889ed24f79ac9212d63399cccca','{}','0000-00-00 00:00:00',0,'','',0),(798,'Dominik Hoeft','dominikhoeftyznhexht','maryamkrokosmw8056@yahoo.com','$2y$10$jm3e3YmTRr6IBk9fczJPQON4L879rohPTc77RVqIvk/QLQWatJT3W',0,0,'2015-04-16 22:29:43','2015-04-16 23:04:04','','{}','0000-00-00 00:00:00',0,'','',0),(799,'Declan Wilkinson','declanwilkinson','wilkinson70@apt.proconview.com','$2y$10$eJ1bb.Vz7H17EaTSgSlVFOniEqumMt0Rkw0eAh0LVUjnLBKnE90uu',1,0,'2015-04-16 22:50:13','0000-00-00 00:00:00','c40dd41a602852da33d657aca1917259','{}','0000-00-00 00:00:00',0,'','',0),(800,'Rosalie Badgett','rosaliebadgettqysyzrv','gadimisbe1984@yahoo.com','$2y$10$uikw6XhEJ.DxWdJG2/q9cenPqd3S1mArc42kqiC8qABc5yxcE/8Ba',0,0,'2015-04-16 23:59:02','2015-04-17 03:56:23','','{}','0000-00-00 00:00:00',0,'','',0),(801,'Lazaro McEvoy','lazaromcevoygtf','opressmae@yahoo.com','$2y$10$eux/THa7h/VluqguQGueG.Sa/6OLfC4kLWr8ielDlfu0Q5utPOR4q',1,0,'2015-04-17 03:04:04','0000-00-00 00:00:00','ce10f7c49eb10e921f45fd764eca4e00','{}','0000-00-00 00:00:00',0,'','',0),(802,'Merlin Illingworth','merlinr14ktjfnrb','ceciliallterrienusr4890@yahoo.com','$2y$10$8t/JoPdubMbFN7zGbTh9Gubag9y0hBjQtd08nQ5PyoVf1OoIqLjEK',0,0,'2015-04-17 03:39:54','2015-04-17 06:28:50','','{}','0000-00-00 00:00:00',0,'','',0),(803,'Glory Dingle','gloryrrwmvmsnibwccex','glory-dingle95@meesterlijkmoederschap.nl','$2y$10$es2K4YjgHGwXcM5/cLOnBu2o486p/nQXohcxbcOZp5yx8mTWcSUtS',1,0,'2015-04-17 03:46:07','0000-00-00 00:00:00','049a7499a24d16b593be8ef6ba1489cd','{}','0000-00-00 00:00:00',0,'','',0),(804,'Eartha Kelley','secretllawofattraction','carrolliygayernv7678@yahoo.com','$2y$10$dPRO4WHyvDwEYZnyuQdJyOXGHKire.vkZ0ajBH0iHVgmuWxD55Tly',1,0,'2015-04-17 04:00:30','0000-00-00 00:00:00','17e2405e34fd1fe54c08f740bd579fcc','{}','0000-00-00 00:00:00',0,'','',0),(805,'Ngan Shipley','ngan9416bhxxscav','betseyongaudioayx6116@yahoo.com','$2y$10$GPt/RWpLZENb6YF412XCJuXHaQuhFJC3VkoMUzOAarPbog9J53YlO',1,0,'2015-04-17 04:10:04','0000-00-00 00:00:00','85bc7d4bef4ac1c3ea0d1c272f0422de','{}','0000-00-00 00:00:00',0,'','',0),(806,'Leesa Todd','leesatoddjdwthgfmfbe','dgdfghfgh.dfhfgh@mail.ru','$2y$10$oYvBLe6IzxKzXmXLpCquNO76IPHyjMQWNqdP02OrgAVmrmJDvDC9u',0,0,'2015-04-17 04:37:21','2015-04-17 04:37:48','','{}','0000-00-00 00:00:00',0,'','',0),(807,'Nathaniel Harless','nathaniele43izkti','nathanielharless@bronze.feamail.com','$2y$10$Yb.0/5gv8MqrvrnIjYKx9OmkLKtuKLzrkGd0ZMk4.2nGocOkLIfWq',1,0,'2015-04-17 05:00:14','0000-00-00 00:00:00','59110a85d18509e4a29c10bf9333f5a5','{}','0000-00-00 00:00:00',0,'','',0),(808,'Vernita Kime','vernitakimeaytz','m1ss-qunajageesooqu868@mail.ru','$2y$10$ACnFNI0UXmTKcXZpyFxi2u/gEFJyZbyUuc8taf9xAzIKbPlAcbOL2',0,0,'2015-04-17 05:40:50','2015-04-17 07:55:57','','{}','0000-00-00 00:00:00',0,'','',0),(809,'Abigail Chitwood','abigailchitwood','sherilynbratchettwx3660@yahoo.com','$2y$10$JfOtGW8DxJqsKLgMs3VGnuTzCdhJ/a.7kGHmK0RE3ceNYS7rILfPG',1,0,'2015-04-17 06:39:12','0000-00-00 00:00:00','e66c91b23eb1d0e2f0414e81c345698f','{}','0000-00-00 00:00:00',0,'','',0),(810,'Merri Dicks','merridicksevyrfqki','dorotheanmbelascoxvu5988@yahoo.com','$2y$10$WWStBjT3WEQoX9n/Pzt6teBlef5kpK9uQSlMghER0Q537qtyvL.Ki',0,0,'2015-04-17 11:01:44','2015-04-17 12:41:51','','{}','0000-00-00 00:00:00',0,'','',0),(811,'Swen Voss','swenvyrmouevvxkhuga','lruefuchg@mail.ru','$2y$10$9XM9K8XjywekCPIWdj5JReM57HeAgiOeccxeSBAn2RrKKAqdczrGq',0,0,'2015-04-17 11:03:48','2015-04-17 13:23:51','','{}','0000-00-00 00:00:00',0,'','',0),(812,'Gina Bard','ginajuulofqgykb','lucillafiremi3120@yahoo.com','$2y$10$wyAsH/tKbRla7T5TwxHonOi0mBFm2/0.asqj.is8bmWwIMUMETH1G',1,0,'2015-04-17 12:00:36','0000-00-00 00:00:00','01bf08de241453780cf15046ae54b6fc','{}','0000-00-00 00:00:00',0,'','',0),(813,'Tawnya Wurfel','tawnya19oarogkbjsbs','lyubochka.anastasova@mail.ru','$2y$10$.xpEREOP3pZe/WQmYl6I2OT8xsUlIHwqd.R1u49ofSHe4KbaJabu6',0,0,'2015-04-17 12:08:36','2015-04-17 14:10:49','','{}','0000-00-00 00:00:00',0,'','',0),(814,'Ramonita Van Raalte','ramonitafxfswacdhbkd','libbiewufederleqom5654@yahoo.com','$2y$10$g/gfR/qzZxxXxYI46GBvD.jHFhSKbPvahIYbHgtSFQd2PyKaTG8EG',0,0,'2015-04-17 15:01:23','2015-04-17 17:01:17','','{}','0000-00-00 00:00:00',0,'','',0),(815,'Melinda Merrett','melindamerrettszv','nicolccfowleryyy4525@yahoo.com','$2y$10$GCTUtXflGCwsa9aTFdPHuuTikXk0rMeBEjZBaXO3L.UelOfcTo8UK',1,0,'2015-04-17 15:25:02','0000-00-00 00:00:00','e2f853b5b536f95b9cf6b7afc31787cc','{}','0000-00-00 00:00:00',0,'','',0),(816,'Dennis Pool','dennispooltpzwoeqpdmx','marinrqchanningged2251@yahoo.com','$2y$10$/sIRQG2iEL7WgraQ/4Rx2ewA6XF1sNoeJnOkpCciVJL9zqyVzBtxe',1,0,'2015-04-17 15:59:11','0000-00-00 00:00:00','2e9a2a3ea17eb9b87102c5df4529d112','{}','0000-00-00 00:00:00',0,'','',0),(817,'Ulrich Pickering','ulrichpickering','ulrichpickering58@bronze.feamail.com','$2y$10$pEDy/cv4KrfaQHFKXZ35QunpeEpyaKerzvyGzeNgVJInSGBZCAYP2',1,0,'2015-04-17 17:14:13','0000-00-00 00:00:00','a3e6f5d060e3d76e2033cc23a891da29','{}','0000-00-00 00:00:00',0,'','',0),(818,'France Super','francesuperjcjqcmrnif','francesuper20@sheep.maildin.com','$2y$10$VamFe9ZBxEuyh/0HzYZ2T.H3sJxCaUTHv8IDlrPDUER/qd4XtLDUW',1,0,'2015-04-17 17:44:33','0000-00-00 00:00:00','3c4130c5b30555e19a31c5235de93658','{}','0000-00-00 00:00:00',0,'','',0),(819,'Georgianna Kaleski','georgiannajyhoq','elviraxvohlandurp5713@yahoo.com','$2y$10$fIr6LojfOmYFcMC7Z1elGOXbX8TNeth8Q1O3feZ6FbsE7MyYFlozm',0,0,'2015-04-17 19:11:01','2015-04-17 21:34:28','','{}','0000-00-00 00:00:00',0,'','',0),(820,'Wilford Ribush','wilfordribushmsrn','luannefeparadafee6944@yahoo.com','$2y$10$cnsh1pifQCdrLzozO4LwEOZnUnUkqFfEMXPnGd5lUM/gxNG5c2yFO',0,0,'2015-04-17 19:42:45','2015-04-17 21:51:11','','{}','0000-00-00 00:00:00',0,'','',0),(821,'Salvador Kirkwood','owrsalvadorhmkkuiu','suzanneccmaganazzz4288@yahoo.com','$2y$10$SRNlQs/vWQZXcLfQS8NXeuPbrlHIot2YD9HweJFJYxGPaoYiCE2CG',0,0,'2015-04-17 19:51:11','2015-04-17 22:10:06','','{}','0000-00-00 00:00:00',0,'','',0),(822,'Julie Bohm','juliebohmpqblsltfhe','ungersoper1989@yahoo.com','$2y$10$ohXa2iko1icAC/0Z8lI/LuyDIimY6MH2qZ6DQF8wypZKyuyhQwqrK',1,0,'2015-04-17 20:37:46','0000-00-00 00:00:00','9187a3ee432e0a31aec909d759099eec','{}','0000-00-00 00:00:00',0,'','',0),(823,'Ashton Houtz','ashtonhoutzdurztdubt','trevordorron4288@mailcatch.com','$2y$10$k9/s3.yhOJBpfH5GWa8ll.qJIMg8eMMtfdnuz0LbmfaweTyAjXfSG',1,0,'2015-04-17 20:49:25','0000-00-00 00:00:00','c1965e20bc2d7225209035c73c8db6b4','{}','0000-00-00 00:00:00',0,'','',0),(824,'Linnie Chin Kaw','linniechinkawbkym','yersqnaguinige5823@yahoo.com','$2y$10$c9YXv3DAJkxsYo8fset.o.uMIcn6mmPi/niIkbAB6oDOiGcXjAb7e',0,0,'2015-04-17 22:11:02','2015-04-18 00:12:37','','{}','0000-00-00 00:00:00',0,'','',0),(825,'Florentina Polk','florentinapolkkofdlgy','marlotsscampolikih4339@yahoo.com','$2y$10$LDze/MT.5YGNG0rOH4o9KejEopFE3MrfOvSfyL4euvV5mG.KR09Gi',0,0,'2015-04-18 06:44:55','2015-04-18 08:57:20','','{}','0000-00-00 00:00:00',0,'','',0),(826,'Bobbye Fysh','bobbye8051odsrhfkr','shellirqfoodygec7861@yahoo.com','$2y$10$dg4nUdcziXVbcH0ghlQF1uJQuLi06LP2E5LwlfssyjRR4WKwNNare',0,0,'2015-04-18 06:46:24','2015-04-18 08:59:29','','{}','0000-00-00 00:00:00',0,'','',0),(827,'Lien Neustadt','lienniifuutpctagbmt','lovieefip@mail.ru','$2y$10$l8KSP52WafTgfJLKK/mGwOoitn6al9ZCwojSxYQtVT.KPMIHO4gIK',0,0,'2015-04-18 07:50:35','2015-04-18 10:01:57','','{}','0000-00-00 00:00:00',0,'','',0),(828,'Bridget Parer','bridgetxqvfrrqk','kaylkkilmartintsr4902@yahoo.com','$2y$10$7dEVtGL/6jEyy4CihK6b9O9pL.j.tdoKmSRhYTyzhjshycoECuYPe',0,0,'2015-04-18 08:17:27','2015-04-18 09:18:00','','{}','0000-00-00 00:00:00',0,'','',0),(829,'Val Bavister','valbavisterharufks','lanelleqonesheimdba1988@yahoo.com','$2y$10$XXCwWZUDD/AQmFSkH03KPOJoR6wQtsWBDAEh3UmvCjO5UGzyrehDy',0,0,'2015-04-18 08:26:37','2015-04-18 10:26:58','','{}','0000-00-00 00:00:00',0,'','',0),(830,'Delia Robertson','deliarobertsonbh','natachasrloreyige5854@yahoo.com','$2y$10$FHuGJFgkvqZxgA.cK3jgQeTi3iTexXuzesoVILcZd6LCWv4/zx4N6',0,0,'2015-04-18 09:12:54','2015-04-18 11:17:08','','{}','0000-00-00 00:00:00',0,'','',0),(831,'Nam Canter','namcanterpawbgowxi','partheniahgkemmererjii2572@yahoo.com','$2y$10$aOhi9xkCiaFuOmqlq73K2ui4wTReS7kk/mTMuVZpGmbDstXWlpTda',0,0,'2015-04-18 09:54:26','2015-04-18 10:54:28','','{}','0000-00-00 00:00:00',0,'','',0),(832,'Felica Sparling','felicawotbqdobl','vasilikivtsickingeromk3104@yahoo.com','$2y$10$Vg6CTv2sfZutiD1iFvwInO22r12KuUl58QRuzIhRtNkytmuuAptZa',0,0,'2015-04-18 10:30:55','2015-04-18 12:31:08','','{}','0000-00-00 00:00:00',0,'','',0),(833,'Latisha Liddell','latishaliddellvlhf','darceyuskrehlji4671@yahoo.com','$2y$10$MBslkIe2C2gD7SjQ3sluVecyHVDD5j/AMx50Yi4fz0D6V9JfPUW3u',0,0,'2015-04-18 12:31:40','2015-04-18 13:33:42','','{}','0000-00-00 00:00:00',0,'','',0),(834,'Lynette Carrell','lynettecarrellcjvreu','nuhhlearnedlkj3045@yahoo.com','$2y$10$0L/49biIDIC5nYNTCq8TWORCRPVaCOHDokkKoQuQsD0ZygqpYEFSG',0,0,'2015-04-18 13:05:42','2015-04-18 15:11:44','','{}','0000-00-00 00:00:00',0,'','',0),(835,'Lasonya Carrington','lasonyan06cuwlz','catinagfhullingerhgg5367@yahoo.com','$2y$10$koMB6bedIzyuxXWnPfPtROQ0Wr/TjxcKZXWLe/z47ValTTmlIsBhK',0,0,'2015-04-18 20:04:19','2015-04-18 22:09:57','','{}','0000-00-00 00:00:00',0,'','',0),(836,'Chasity Close','chasityclosekebqxxpo','loidaccludwigzzz5126@yahoo.com','$2y$10$r/L1P9DXNthXk154B9KZJe0tYks30tfQ/eOcYI0ZPFpqpGajXhUFO',1,0,'2015-04-18 22:37:55','0000-00-00 00:00:00','221832ebd70941e5d8c5fdcd0c839063','{}','0000-00-00 00:00:00',0,'','',0),(837,'Earle Glasheen','earleglasheenyob','jacquietraspenjhg3599@yahoo.com','$2y$10$7oSRXf/ZRZ0itMqbowid8ecJjbJamXUtAcYy1R13nF1PANPjhXT4W',0,0,'2015-04-18 22:48:53','2015-04-19 00:08:03','','{}','0000-00-00 00:00:00',0,'','',0),(838,'Dennis Mactier','dennis96rpichvdwl','lyndia0ho8hof@mail.ru','$2y$10$eClfo13Qo7VAJ9mmWR0preOYcghKiXJaAR1woTbb5aiZSnw0UO6aS',0,0,'2015-04-19 00:52:27','2015-04-19 02:53:49','','{}','0000-00-00 00:00:00',0,'','',0),(839,'Omar Crowley','omar9703tpwykcrlk','paolautwarnsnlj7589@yahoo.com','$2y$10$rGoeDcSUGS9NW1p9f2556..3i64EIdQGNSeP96j6OE7WH8GXC0Zdy',1,0,'2015-04-19 01:06:30','0000-00-00 00:00:00','85805852ab71446d706872ad933492f8','{}','0000-00-00 00:00:00',0,'','',0),(840,'Adriene Wemyss','adrienewemyssqz','tonyawudirosarom3297@yahoo.com','$2y$10$ahQiTt9zZVhNb782bfkqGeiObEMUDMWjzaf84Ysy2t.4s26DeBfnS',0,0,'2015-04-20 06:49:49','2015-04-20 07:50:51','','{}','0000-00-00 00:00:00',0,'','',0),(841,'Maggie Mertz','maggiemertzpysmvwed','maggie.mertz95@meesterlijkmoederschap.nl','$2y$10$1hQD7T5Ipv9N.JLoc42KCefQewIVh4/Vbw.6mUyvXkQKrxFcrdqO2',1,0,'2015-04-20 07:05:52','0000-00-00 00:00:00','026e1c56c25dde59b9f1a7cbc7aa9dd3','{}','0000-00-00 00:00:00',0,'','',0),(842,'Elizabeth Joe','elizabethjoermiqoi','debbyeeshusterccc7962@yahoo.com','$2y$10$dck4PAWgcmqhAe4RKFkwe.GfXfB8k7B0FqdrXyqpBLsfoM1UBcGLS',0,0,'2015-04-20 09:02:34','2015-04-20 10:34:57','','{}','0000-00-00 00:00:00',0,'','',0),(843,'Cristine Rader','cristines46bjrut','bernicelktheelsrq2380@yahoo.com','$2y$10$S4j9dqiyjlDyfWQWV4.8FeXl63MlqNnX5ikHtuQZvGjWDqNlg.eGC',0,0,'2015-04-20 10:51:19','2015-04-20 12:53:11','','{}','0000-00-00 00:00:00',0,'','',0),(844,'Mona Tost','monatost72193184','monatost@almajedy.com','$2y$10$ZfteexHRJX2u.Forlc1qJ.0jTyHeX4xSiNtULS6AAMo9xsc15QKRq',1,0,'2015-04-20 12:25:33','0000-00-00 00:00:00','7f16ed8945e14eda026a6e6148c3e4ab','{}','0000-00-00 00:00:00',0,'','',0),(845,'Shantae Salvado','shantaez59mossyaad','cathiekjlannipoo8665@yahoo.com','$2y$10$ABg3otiZjeC.J4NWuOP2OeN6bCWozp5KC0Q0hMEd...5FZIUeub8u',0,0,'2015-04-20 22:30:57','2015-04-21 01:15:59','','{}','0000-00-00 00:00:00',0,'','',0),(846,'Monique Banfield','universallawofattraction','deedeeqldirlameu2142@yahoo.com','$2y$10$rBqOTC3sKDSWgrAZVDDozuB8Cw3AnJKx0VQXXzdBGFPni0.Xsp/62',0,0,'2015-04-21 13:48:39','2015-04-21 14:12:04','','{}','0000-00-00 00:00:00',0,'','',0),(847,'Denice Highsmith','denicehighsmith','elenorsglindenpitzji3649@yahoo.com','$2y$10$eQuWcSo.iLLiNOt4dkrRTezsNyOpX93T8dzjPISzMn70JuEWg9UhG',1,0,'2015-04-21 21:59:15','0000-00-00 00:00:00','7a7f8aaddcedf2b654a0595c064f75c1','{}','0000-00-00 00:00:00',0,'','',0),(848,'Tangela Sprent','tangelasprentcibjpjz','verliekeniryxr6069@yahoo.com','$2y$10$rDTFhcAYjq4x3Ld7AIfCleRhwbn3.oyeOUhRxItMZR5tzHg61fj2W',0,0,'2015-04-22 02:58:32','2015-04-22 03:09:22','','{}','0000-00-00 00:00:00',0,'','',0),(849,'Britt Child','brittnkmnejxoci','doreenmepetrusovd4540@yahoo.com','$2y$10$xzZmWtXN6Cc6KPT.lbmzpu/osAD8j6DRaXGJIHU7tJ8V7/Se1F.OG',0,0,'2015-04-22 06:30:18','2015-04-22 06:45:29','','{}','0000-00-00 00:00:00',0,'','',0),(850,'Jenifer Vine','jenifervine691255','gearldinenmbooreywv2459@yahoo.com','$2y$10$1oZvORIR3OWmKqQ3veSc2.6ju.fg4USubtwCLFA234lcvdm07try2',0,0,'2015-04-22 18:19:26','2015-04-22 18:28:53','','{}','0000-00-00 00:00:00',0,'','',0),(851,'Milagro Fulmore','milagrocts94435','vickilkkandollsrq7865@yahoo.com','$2y$10$vojRqgV7B8gGaJVyWVg/A.Zt2hOsDU4xvhTImmBI9zVIxPEeCO38K',1,0,'2015-04-22 23:28:27','0000-00-00 00:00:00','cc6d20614ad15821ef46e3fc3fab4440','{}','0000-00-00 00:00:00',0,'','',0),(852,'Kristal Shumack','kristal07o9977936','terrapozablockicaz5889@yahoo.com','$2y$10$.lkyoEdmLkF0XLzfzSjyxOoqxJLPwM3.efXnDiltSLhKQkzw4FGq2',0,0,'2015-04-23 01:33:02','2015-04-23 01:51:49','','{}','0000-00-00 00:00:00',0,'','',0),(853,'Parthenia Coffee','partheniao36mnu','bethannnlmackinsyt2977@yahoo.com','$2y$10$6TUO3EaLJOGcosufXB3LCORZ3Fep6WujOsQowWN83WSx2beTqNH3S',1,0,'2015-04-23 04:50:18','0000-00-00 00:00:00','9834a8a33b2ef231a7a53714b4f802c9','{}','0000-00-00 00:00:00',0,'','',0),(854,'Rozella Jack','rozellajackhngttoky','janettakhgarsonrl8925@yahoo.com','$2y$10$H0Iyx1KiMnsIc/a/ASzGOueZHJx/yYYvmOnCT5RuHpopJLYfkusUK',1,0,'2015-04-23 06:34:29','0000-00-00 00:00:00','7dfdbb53a0b3e7c5f727e4747ad08c2d','{}','0000-00-00 00:00:00',0,'','',0),(855,'Catherine Vega','catherinevega9042159','renita@b.captchaeu.info','$2y$10$CKvHrGQ6xBW2ZVVCyqRyM.UgRJMsvExO5WIbs86my0IdpqrEdF8zW',0,0,'2015-04-23 09:00:13','2015-04-23 09:37:36','','{}','0000-00-00 00:00:00',0,'','',0),(856,'June Crouch','junecrouchbnfbanzz','kazukoyplabbadiawc7964@yahoo.com','$2y$10$HEXzlA7iw1eO.k0yFhd.ouvjjlHpItYRQvRBUfmY1O6TOMPRltKx6',0,0,'2015-04-23 15:25:23','2015-04-26 05:50:54','','{}','0000-00-00 00:00:00',0,'','',0),(857,'Don Tallis','dontallisnzeuoyjxpu','ettalaukl4228@yahoo.com','$2y$10$5xAAzMYQeFThZ/EicrG5R.PdZsv3SgWUV3TrVVkFAAi9CK.uxbFru',0,0,'2015-04-23 17:24:24','0000-00-00 00:00:00','','{}','0000-00-00 00:00:00',0,'','',0),(858,'Nannie Nash','ktsnannieomtyhh','jennamthaggwl8659@yahoo.com','$2y$10$.L2cVfVtYiGwJ5MZHZP5kO1.LD1eBq1ri81OhR.ecagioDlIPJhOm',0,0,'2015-04-24 17:00:19','2015-04-25 09:28:15','','{}','0000-00-00 00:00:00',0,'','',0),(859,'Betty Beaudry','bettybeaudry3559','kasterwhittakeroii@yahoo.com','$2y$10$j/qq98jytWHEMaZ8hOnMhe/U0tqlSLDoOvgRYOuodj6BO2.XPBjtm',0,0,'2015-04-25 19:07:12','2015-04-25 20:45:30','','{}','0000-00-00 00:00:00',0,'','',0),(860,'Kate Claxton','kateclaxton321893','nicolaisouthwardbjn@yahoo.com','$2y$10$JKMkDPe0I.BFcUINsM.Y/ejKgQYvXfjqn2V1E.vc.vB3LnaSLk892',0,0,'2015-04-26 01:49:23','0000-00-00 00:00:00','','{}','0000-00-00 00:00:00',0,'','',0),(861,'Sergio Ebden','sergioebdenfqtxzkoyd','nadinecentininu8074@yahoo.com','$2y$10$PDGdy6ZcXVVg2w6zMdBJI.J06tuAGEJlWesAvpV4xlivUg2RBgmim',0,0,'2015-04-26 05:16:25','2015-04-26 05:19:58','','{}','0000-00-00 00:00:00',0,'','',0),(862,'Christal Conolly','christalppcaigvn','trishanmlannowvu4435@yahoo.com','$2y$10$lCpuMb5OHAWxh2fE5eEaBeiEWSI/M/ajjdov5GRKHzuKPP3AbT0XO',0,0,'2015-04-26 09:04:20','2015-04-26 12:50:14','','{}','0000-00-00 00:00:00',0,'','',0),(863,'Jetta Clow','jettaclow264962','ajaypayanmdg@yahoo.com','$2y$10$CjEGbE2VUmd/kdRjLok9KefJjrcygFee7e8q1K4SVM6rhKiPfqt3e',0,0,'2015-04-26 11:48:26','2015-04-26 12:10:03','','{}','0000-00-00 00:00:00',0,'','',0),(864,'Rosalyn Lindley','rosalynxpoivruv','tammykjlexrqp4235@yahoo.com','$2y$10$WgLAuBwXAGneZC2nmYY6MukdbzDKvmHd3tn1/G6qEf2H49xQDAKAG',1,0,'2015-04-26 17:06:10','0000-00-00 00:00:00','12cb91fdf5d733ef0f3db78f75d655d4','{}','0000-00-00 00:00:00',0,'','',0),(865,'Duane Aitken','duaneaitkenxayabvktt','aliciapintoyxj@yahoo.com','$2y$10$9gewlSCUelgZI/9qobRRl..U7hCc7bRiDYr.N/r5j9Co8IwMs7vf.',0,0,'2015-04-26 18:37:54','0000-00-00 00:00:00','','{}','0000-00-00 00:00:00',0,'','',0),(866,'Jesus Dalgety','jesusdalgety1811','jesusdalgety14@us.pockmail.com','$2y$10$oPMNuZy7yygQlhrd1mtX2u6gW/P8TJ6f0CCaOicH1ThhxEWzIl8F.',1,0,'2015-04-26 21:49:52','0000-00-00 00:00:00','5c8ba9ae24b8abf53a9930fc1126b447','{}','0000-00-00 00:00:00',0,'','',0),(867,'Katrina Kroger','katrinakrogervyezeqb','malkagabourelwim@yahoo.com','$2y$10$TDJPk86NTdCyRNBO52Ymj.kGbSVCqpXI0VHLYcB2Y4kTxV2nrwMWK',0,0,'2015-04-26 22:08:24','2015-04-27 01:41:26','','{}','0000-00-00 00:00:00',0,'','',0),(868,'Graig Pickering','graigpickeringt','mycahwelshcarroll@yahoo.com','$2y$10$g/ADGuVQkCiuxaxdcoaA0esdwYnp6ijRR0Dnov3ylJPFuyn5yhCfW',1,0,'2015-04-27 22:19:03','0000-00-00 00:00:00','126f661a7b13f6187777c843bbb96b63','{}','0000-00-00 00:00:00',0,'','',0),(869,'Janie Vanhoose','janievanhoosebyeczn','m1ss_zoya93@mail.ru','$2y$10$xU/YKsHQuC/ZGXkW9Kr5ZeUjxldWh7mcPPHhmY1rcS98FQhNZPX5u',0,0,'2015-04-27 23:23:01','2015-04-30 20:17:07','','{}','0000-00-00 00:00:00',0,'','',0),(870,'Fern Overton','fernt10qruncggzoet','suzyhhtauntonlkj8242@yahoo.com','$2y$10$WUo8uour2Y9fmho9oqbAG.JfNv75XPIgix03cy6E.qErjxJfVoF32',0,0,'2015-04-28 20:43:21','2015-04-29 04:34:11','','{}','0000-00-00 00:00:00',0,'','',0),(871,'Michelle Landrum','michellelandrum6603','landrum81@ana.producrate.com','$2y$10$iJrPEeUY7AscM7jRKS4q8uB3GlyuN96kXt2DAkROjmxI5yEorcZTO',1,0,'2015-04-29 15:49:53','0000-00-00 00:00:00','deb574ca8c8327fd8ed69a97150a3797','{}','0000-00-00 00:00:00',0,'','',0),(872,'Deneen Glyde','deneenglyde19465','glyde90@ana.producrate.com','$2y$10$DfU8ue3hZN9VFcCq70mbY..uz77ks95uqumd6vYtVpSe5uZT9xZAy',1,0,'2015-04-29 17:07:32','0000-00-00 00:00:00','4bf81470624f6d7e860b0f4c2b6cf6c0','{}','0000-00-00 00:00:00',0,'','',0),(873,'Chanda Abernathy','fvcchandayuznifenvk','songpojaubertbzy8238@yahoo.com','$2y$10$yeA3w2X3ofKnH9wsmU4qSu.H7b3Z3Mgk24SEA2/OE5TjLLEfSTjdi',0,0,'2015-04-30 01:45:09','2015-04-30 03:51:09','','{}','0000-00-00 00:00:00',0,'','',0),(874,'Marylin Trujillo','marylintrujillo','alicialkdittysqq4253@yahoo.com','$2y$10$GHZ65xNE/VPSy.bVsRxDe.L1ok8UQ/Zo1UPmKsJlp86CUT5YvSTlS',1,0,'2015-04-30 02:23:31','0000-00-00 00:00:00','e00777da487bcb547f3408349e926603','{}','0000-00-00 00:00:00',0,'','',0),(875,'James Bolen','james83hhicfzvg','latriceqolecherdba4952@yahoo.com','$2y$10$E/tyXhcTeAPVQdXO5U91z.Xq/2VO987TD3hxGUQgXgpdpfzueI1um',0,0,'2015-04-30 04:59:49','2015-04-30 07:04:53','','{}','0000-00-00 00:00:00',0,'','',0),(876,'Dann Dominique','dannnvslshrdzuocvc','janevtmcindoepnl3488@yahoo.com','$2y$10$fnq7jwVXYyUbDmcB3TpoGOUc.8GP/nobwM3Z/9jpb1gchmfPgpiC2',0,0,'2015-04-30 09:27:40','2015-04-30 11:27:17','','{}','0000-00-00 00:00:00',0,'','',0),(877,'Tracey Culpin','traceyculpinbkb','mellieccbowdenzyy2561@yahoo.com','$2y$10$c9deGMnHz13Q9j6zXnqXhOHJcIcbKTSVNuhPLp43HSZ63NuNEEt2G',0,0,'2015-04-30 13:18:09','2015-04-30 13:19:40','','{}','0000-00-00 00:00:00',0,'','',0),(878,'Micheline Tribble','micheline16287052786','tribble65@ana.machinerybase.com','$2y$10$ZAyAP6zeK92Ed7JH5T/jye8tCZHTQcu8Zdf1ZR7k7FMyct5ASX1J2',1,0,'2015-04-30 14:30:41','0000-00-00 00:00:00','dfbc9a2c1f60f231cdbb12f56158b7f7','{}','0000-00-00 00:00:00',0,'','',0),(879,'Katharina Christison','katharinachristison8','christison70@ana.reviewlity.com','$2y$10$Nv4aTVTt/2dGvnVOV8v.GucDO.mMYf1alS.HcztzngA7BmJGkut8C',1,0,'2015-04-30 15:32:17','0000-00-00 00:00:00','cdb076eb2bc5f0baa817326bc02903f9','{}','0000-00-00 00:00:00',0,'','',0),(880,'Julieta Sturgill','cjwjulieta8710938503','sturgill82@ana.producrate.com','$2y$10$JnTp7TNe2krt8CRU3JSkn.K7eTFUU/22fZ.9537ljZ0byAVdPbwGK',1,0,'2015-05-01 06:41:54','0000-00-00 00:00:00','036caf7d9a4508ff0aa522567ee090fb','{}','0000-00-00 00:00:00',0,'','',0),(881,'Danelle Xiong','danellexiong820680','pearlenestoughdl6565@yahoo.com','$2y$10$.D5CnB9jfVGZo6EY5ddqde7xjxsoET4sgGWasKi8.pkr.628HYoz2',0,0,'2015-05-01 19:03:05','2015-05-01 19:07:02','','{}','0000-00-00 00:00:00',0,'','',0),(882,'Hayley Washington','hayleywashington627','giuseppinagenisrd6946@yahoo.com','$2y$10$F8zuOBDvTMQeio4ZPj1yOu6jXpgT0L11Oeic6XxfEone1aLsgKP86',0,0,'2015-05-01 21:51:03','2015-05-01 21:57:45','','{}','0000-00-00 00:00:00',0,'','',0),(883,'Tanya Mattes','dhptanya5719447','mattes75@twinklegalaxy.com','$2y$10$qKCh6euq9xVCDirQ63WUVOvbsza81pe1u.AqDATR8EXvD7Sc9D/a.',1,0,'2015-05-01 21:52:07','0000-00-00 00:00:00','3e56c427fc8fe7d150f317bc5d3e4b48','{}','0000-00-00 00:00:00',0,'','',0),(884,'Judith Egger','juditheggerciwvplih','michaelrodgers3g2z2h9e9d9i2q9s2q3@outlook.com','$2y$10$/Lqs713clmPiEvHpooFRv./uYklmfpq9DPy13PaGkrixHFRv8YRrC',1,0,'2015-05-02 06:30:37','0000-00-00 00:00:00','ed06238e00e3accf79b311d6a58685f5','{}','0000-00-00 00:00:00',0,'','',0),(885,'Joycelyn Parkin','joycelynparkin77391','gaylexvsnettingtqo4796@yahoo.com','$2y$10$jY.B2MqZky3RFBo3asLrH.nGkKIEo5CeS3ILivanHOzgvm/ottoPK',0,0,'2015-05-03 08:22:58','2015-05-03 08:31:24','','{}','0000-00-00 00:00:00',0,'','',0),(886,'Hye Ebden','hyeebdenagvamrenrz','michaelrodgers2g6l2h9e9d9i2q9s2q3@outlook.com','$2y$10$rhcBkLXQyiqJnvFdA0qaPeV2yvaI6t.vRk.S6U7cwY1Gkog7/WyFi',1,0,'2015-05-03 12:47:55','0000-00-00 00:00:00','2bbc37a0d01ed5c72bed0210f594f59c','{}','0000-00-00 00:00:00',0,'','',0),(887,'Eulalia O\'Meara','eulaliaomeara25','helenepomainvillewt1954@yahoo.com','$2y$10$AwPpGfYyY4KbaEKROTccBO2/0B.B91yDsozkp0rErD2c0n08HRA96',0,0,'2015-05-03 15:54:20','2015-05-03 16:02:32','','{}','0000-00-00 00:00:00',0,'','',0),(888,'Pilar Angulo','pilarangulo134021','lynnarawlseve@yahoo.com','$2y$10$TsrHaL8WdtkuzzHzFdPzTucqxcEPiFWKVY24X3Pi4ieCt3sRpKgKW',0,0,'2015-05-04 09:43:46','0000-00-00 00:00:00','','{}','0000-00-00 00:00:00',0,'','',0),(889,'Christin Poindexter','christinpoindexter','analisahhrymankkj4979@yahoo.com','$2y$10$r5S1EMjkj6T9f6srSjdV7..AxOWS4lf0i8my8trOT7aHO1LcVKJ5q',0,0,'2015-05-05 05:51:35','2015-05-05 05:56:39','','{}','0000-00-00 00:00:00',0,'','',0),(890,'Tammara Burney','tammaraebz795837461','lexienallsqd8883@yahoo.com','$2y$10$6ccsDn.8VYNcMG20.74pL.st1i5GhHR8MP677RMWuH9JLXtbSA0Lq',0,0,'2015-05-05 12:32:31','2015-05-05 12:49:42','','{}','0000-00-00 00:00:00',0,'','',0),(891,'Clement Troup','clementtroup17645095','phebebekhitkw1950@yahoo.com','$2y$10$esljqVGvsWawlAteUwoAquFdTDNEjmI7tJhmFq8HBP90cSWOMy/w2',0,0,'2015-05-05 15:22:17','2015-05-05 15:35:33','','{}','0000-00-00 00:00:00',0,'','',0),(892,'Juan Chaffey','juanchaffey509489','manasrkingfisherigf7607@yahoo.com','$2y$10$e1kphNFP9OfO3p0DRwomNOEDWQ8rzZaxmzE82F2olwnspyTcEXAz.',0,0,'2015-05-06 02:05:35','2015-05-06 02:10:11','','{}','0000-00-00 00:00:00',0,'','',0),(893,'Alicia Willhite','alicia65f965297084','lonaknappvpi@yahoo.com','$2y$10$Qw4TR8rJ.67bPycwnHM.x.CY5t3erZ4p6d4lyat.rXBVVkwehGeai',0,0,'2015-05-06 06:26:40','2015-05-06 06:33:38','','{}','0000-00-00 00:00:00',0,'','',0),(894,'Bridgette Champion','bridgettechampion907','myrnakamanskybzm@yahoo.com','$2y$10$xLNahw1tgj6wpsrxe1CvSeSf9RTgzVyL6XHhFMvJbgpJ4E1S.sv4e',0,0,'2015-05-06 08:52:52','2015-05-06 10:09:13','','{}','0000-00-00 00:00:00',0,'','',0),(895,'Staci Lajoie','stacilajoie1476180','assconour@outlook.com','$2y$10$dheIfp5b4n1/1kkWZ6JDhu9cvghwhtVLz9G9ca7vpbxe5dEEeXheC',1,0,'2015-05-06 19:11:50','0000-00-00 00:00:00','cdff66301756aa30c1b138d5324f2694','{}','0000-00-00 00:00:00',0,'','',0),(896,'Candice Heredia','candiceheredia9070','goosepollak@yahoo.com','$2y$10$PgLVC6SHej3nDl6yzYNwX.D/ndks8x0qztlcLsdfdeBgftdOe.IR.',1,0,'2015-05-08 08:07:42','0000-00-00 00:00:00','56800b2ad47a376b5a1bc039f02356fa','{}','0000-00-00 00:00:00',0,'','',0),(897,'Kate Rickett','kateu87657330984','brakejohannes@yahoo.com','$2y$10$dKFVhIZP/cgMThlMxenNf.V9ubFnwSvMsRAtCrJkNMExYU.1MT33K',1,0,'2015-05-08 10:55:58','0000-00-00 00:00:00','88b826f0ba59c8963ecd88670ca257ae','{}','0000-00-00 00:00:00',0,'','',0),(898,'Matilda Tober','matildatober541','ruttgertruslow@yahoo.com','$2y$10$lSIp3A/WUwxwCaYzdYpkE.k1iXHae46vEECksAMdaZl9XHdza1Oda',1,0,'2015-05-08 12:24:30','0000-00-00 00:00:00','9c8d48fbda4250a900a2ed32afa6e247','{}','0000-00-00 00:00:00',0,'','',0),(899,'Barbra Drescher','barbradrescher4','jenellesiciliano@yahoo.com','$2y$10$yYCXEZtsOoxrwWh.iqzxJulUkwOjAOcYmriVtKJeudoMTnHxRaXgi',1,0,'2015-05-08 12:29:56','0000-00-00 00:00:00','9c16bee6756cf8384291e8f3c52eb105','{}','0000-00-00 00:00:00',0,'','',0),(900,'Fleta Garcia','fleta4158929016250','homersmoljanovic@yahoo.com','$2y$10$OKzQpWgIPU5CIAfT3vp1Eu6C9lCTwV6DTP5DjSPfVx8J4Chvy6T4m',1,0,'2015-05-09 04:27:02','0000-00-00 00:00:00','3d81a75f7159e2bfdd5ae131d6826d25','{}','0000-00-00 00:00:00',0,'','',0),(901,'Luke Ennor','lukeennor5442758','vladamirtrujillo@yahoo.com','$2y$10$x6TC0XWGkIEyp5Oybgmc4Ocw42duOx6QEIgrrfFmATjCHfBuBrsm2',1,0,'2015-05-09 04:30:34','0000-00-00 00:00:00','3d387541e19a72ec9e899c45ba1227f0','{}','0000-00-00 00:00:00',0,'','',0),(902,'Alma Wakefield','alman730840001841299','natalapalius@yahoo.com','$2y$10$QRjJQEi12h8Z8Vlz4bdHa.qo8oFJs6rG4cDfIbqxpicjEnKp464NC',1,0,'2015-05-09 10:12:21','0000-00-00 00:00:00','deed19e49db176908a2d6ced37f7bff0','{}','0000-00-00 00:00:00',0,'','',0),(903,'Minnie Bullock','minniebullock2527','deannffmoneyfff6661@yahoo.com','$2y$10$gahW.XxrGFEg6nCiExkVROHrRjCpAYyrYtwr0sLF2wK6C7DswFoYu',0,0,'2015-05-13 01:02:43','2015-05-13 03:39:33','','{}','0000-00-00 00:00:00',0,'','',0),(904,'Hassie Deane','hassiedeane1981','azaleevvstembridgevvv8843@yahoo.com','$2y$10$nO2OWOCXLn/0NyoCwHxpYu2FxA//q47mRHMcDyPIKOnDZIR6FOIUS',1,0,'2015-05-14 13:03:16','0000-00-00 00:00:00','cfe7789996482266a0eca6494f03efd0','{}','0000-00-00 00:00:00',0,'','',0),(905,'Bernie Teakle','bernieteaklepokuclqst','aleksandra.prejsnar@o2.pl','$2y$10$Hxwzoq2EdIBleVeyMpK.4eT9lcoNuSqug1krqxuxqqnmxb/x2OV.6',1,0,'2015-05-15 06:29:18','0000-00-00 00:00:00','24e09af9840ff4c86f34252e44c5cd58','{}','0000-00-00 00:00:00',0,'','',0),(906,'Norberto Saddler','norbertosaddler','a5@pass12.com','$2y$10$nTvTQZWKyKyqaoDnBh6LL.G.jW2Pf.7K/uxV35s1DvgSUENB6oi1W',0,0,'2015-05-15 08:11:53','2015-05-15 10:55:00','','{}','0000-00-00 00:00:00',0,'','',0),(907,'Domingo Reis','domingoreis9824484','engelbartchacoawi@yahoo.com','$2y$10$JQa5c6YBdrsV2injZztr6uQW9tSAh/RWnQN42QfSFYAS.wb06C6im',1,0,'2015-05-15 22:02:10','0000-00-00 00:00:00','e4bd6b72bc358cdb4da82dbbcb2b9945','{}','0000-00-00 00:00:00',0,'','',0),(908,'Kristan Ware','kristanwarecmfb','harlenesoergel@yahoo.com','$2y$10$YBInvvh9KvDt4UlZBfcJyODy.oK1Jl/99PImo2DwK0XIhZS.gBnAK',1,0,'2015-05-15 23:14:46','0000-00-00 00:00:00','53fc63d76e26f67ff991f38d056bc3db','{}','0000-00-00 00:00:00',0,'','',0),(909,'Lionel Stambaugh','lionelstambaugh17','taniapawlikvaw@yahoo.com','$2y$10$A/k.5QNEM9FrHrY6TK1qPOOw7rHCY4ucnj9DHDcJ4LFLGerR3BzLu',0,0,'2015-05-16 00:40:27','2015-05-16 00:46:20','','{}','0000-00-00 00:00:00',0,'','',0),(910,'Wayne Thames','waynethamesubkdju','rudytakacs@yahoo.com','$2y$10$99GeYaVnhauCeE77x7Wrd.R9T7tp13KUrCOc4AJ6UEKKW3BI/c7Vy',0,0,'2015-05-16 02:36:22','2015-05-16 07:47:23','','{}','0000-00-00 00:00:00',0,'','',0),(911,'Harris Greenhalgh','harris57ckcytifpb','pathanralf@yahoo.com','$2y$10$vCSS/XX/XZ8CbZMGoABkh.h8q22q98ga3vtamnPmfjjkwlyHsZTwG',0,0,'2015-05-16 04:13:45','2015-05-16 10:24:22','','{}','0000-00-00 00:00:00',0,'','',0),(912,'Reuben Williams','reubenlbwxdepjicfscwj','yolanetrim@yahoo.com','$2y$10$Ci8pELXCP0B5otlT4C6NLuBU/XR9kxA2DsNbrYL3S47Xa5OZrhvuC',0,0,'2015-05-16 05:27:50','2015-05-16 10:22:32','','{}','0000-00-00 00:00:00',0,'','',0),(913,'Sylvester Bone','sylvesterbone468','nerorairdonadk@yahoo.com','$2y$10$E3SVvydCtogMyQ7Cjdpv/e0L4FEx26xGaZBFuL/9g49Ywmlmw54rW',0,0,'2015-05-16 13:32:23','2015-05-16 13:42:45','','{}','0000-00-00 00:00:00',0,'','',0),(914,'Antoinette Fultz','antoinettee50culcoidb','tabithatoczekrb9426@yahoo.com','$2y$10$/cXtppRRXZMbTFQW8bS5cuNPWYWDDYLNpC53hoEmDY5OSOzNG3AKG',0,0,'2015-05-16 15:24:10','2015-05-16 15:27:51','','{}','0000-00-00 00:00:00',0,'','',0),(915,'Mason Croteau','masontit528121459115','patrikcorinuyn@yahoo.com','$2y$10$fBWrNVAXeTfZoGjbp0Nyge575JDRsOdHUpCs.ucdzfxtjRQqbhkke',0,0,'2015-05-16 15:45:50','2015-05-16 15:59:20','','{}','0000-00-00 00:00:00',0,'','',0),(916,'Minna Philipp','minnaphilipp04884995','bealewellennbl@yahoo.com','$2y$10$P0dCNT/SWtug0q0YmtGbMO7ywBeQ7wT9n6kN/kXzq.rfk9QXTeKNy',0,0,'2015-05-16 22:59:21','2015-05-16 23:12:23','','{}','0000-00-00 00:00:00',0,'','',0),(917,'Rex Guillory','rexguillory37980428','maudemulkheycmn@yahoo.com','$2y$10$MJXDF6souy/Z92xRQwNNGuaxpw/yFAyd2kRUTnJVpg2XNpuDYMu5a',0,0,'2015-05-17 02:32:15','0000-00-00 00:00:00','','{}','0000-00-00 00:00:00',0,'','',0),(918,'Shantae Roland','shantae36i44163954883','vilmapozosvrz@yahoo.com','$2y$10$DsDgFpWb8g5SUo1TeBJp5.jfMEBklHNS6fb3pV28e85ZvAbpjBaly',0,0,'2015-05-17 03:37:19','2015-05-17 03:42:46','','{}','0000-00-00 00:00:00',0,'','',0),(919,'Romeo Boland','romeoboland381688','jameyweberkyt@yahoo.com','$2y$10$./H6341SRcyaiJKUpgG4fut9RKDSoJbK2W4OAvX7NOUO4sd5AUAF2',0,0,'2015-05-17 11:54:11','2015-05-17 12:00:36','','{}','0000-00-00 00:00:00',0,'','',0),(920,'Clarice Nesbitt','claricenesbittntj','ginnywoollacott@yahoo.com','$2y$10$XcOC3OsJP.D.mEPahY4hGeAjjS3SUTU4F1X3rF02TMfvjuI/nn9TK',0,0,'2015-05-17 18:41:41','2015-05-17 20:50:14','','{}','0000-00-00 00:00:00',0,'','',0),(921,'Cyrus Thorp','cyrusthorpmmzkznw','johnnyduran8009@spambog.com','$2y$10$q8zJUCJzXWuLsOohAArLi.iQdVBK4Bd5wosks4UWiTJzqT9BemAtC',1,0,'2015-05-17 22:49:22','0000-00-00 00:00:00','2d785ed6af73a95cd719dc5ffa01ceba','{}','0000-00-00 00:00:00',0,'','',0),(922,'Merle Massina','merle04d78786333438','pattibowhallhge@yahoo.com','$2y$10$75JWNLVkLU5uhFUmnIvm1uOriLFq83Ba5z8oDNxFmyBniXo2QbEye',0,0,'2015-05-18 01:47:01','2015-05-18 01:58:01','','{}','0000-00-00 00:00:00',0,'','',0),(923,'Lloyd Fain','lloydfain61714132531','alexianealeyxaz@yahoo.com','$2y$10$qHa3TpZEsNcxUGq/CPmzV.oJBqh/Rh/rMaMbUGAMaA9fIoZHA0cXq',0,0,'2015-05-18 07:03:26','2015-05-18 07:13:07','','{}','0000-00-00 00:00:00',0,'','',0),(924,'Lawrence Roderick','lawrencevmc1498248','fredericohadijlk@yahoo.com','$2y$10$KpcDwY2ZvZKA7NGqw6SKX.FYoVNeFv4nv.V5qVln0dIQYZrDHlsQ2',0,0,'2015-05-18 07:13:46','0000-00-00 00:00:00','','{}','0000-00-00 00:00:00',0,'','',0),(925,'Bailey Byerly','baileybyerlybyt','evanprichlzw@yahoo.com','$2y$10$LnsB.58nx34BDfvAnpc2WO.FC.rKtvA7oQsCz2RUVZ5irQ1C8EhCe',1,0,'2015-05-18 09:18:18','0000-00-00 00:00:00','264d6ae9b60ec4433d632a5f2cda2240','{}','0000-00-00 00:00:00',0,'','',0),(926,'Amie Hilderbrand','amiehilderbrand','meaghaneepineraeee5370@yahoo.com','$2y$10$Gqz0hLeXuWctV0PsOM3Lk.ZyUCo/FdHL2w3dnA1b8g2Ky8TNL/.za',1,0,'2015-05-18 11:04:08','0000-00-00 00:00:00','4724068af45034b4ea3f63098f834d89','{}','0000-00-00 00:00:00',0,'','',0),(927,'Carlos Matlock','carlosmatlock892','judihiebertzjh@yahoo.com','$2y$10$41ehdhAf0vXAN/u8k5z.9.o990P6yTaMztBYmL52PxKrm9JP16E8.',1,0,'2015-05-18 12:34:54','0000-00-00 00:00:00','0668a2f1c1ce8665329586e401d12744','{}','0000-00-00 00:00:00',0,'','',0),(928,'Wilson Marcum','wilsonmarcumuykprgqcw','janiceqqmondokqqq6394@yahoo.com','$2y$10$wAMf9RPkzzA.htLDgjH.O.Hb7ar2q7S2ftWLVjRz25xSr5fMD6T6u',1,0,'2015-05-18 13:37:58','0000-00-00 00:00:00','0a7d469916515ca3be5a2d669dcd5aea','{}','0000-00-00 00:00:00',0,'','',0),(929,'Arleen Chowne','arleenqhcgfpionprh','humbertokrampnli@yahoo.com','$2y$10$nS/vHDRjnQ0wJxWzydAVzeEKHG35lt2T54LmF8tp95mlgIsjqyzdO',1,0,'2015-05-18 15:14:36','0000-00-00 00:00:00','7a8aaa2166af704a5aa7921d1a792280','{}','0000-00-00 00:00:00',0,'','',0),(930,'Astrid Ramey','astridramey7294270','dulciconnertonsob@yahoo.com','$2y$10$g27Mc6hKxgdVOXXZ3TUb0.H6IM2bR31x4qLYX5zXN.W13j/.Go2jW',0,0,'2015-05-18 17:09:10','2015-05-18 17:15:38','','{}','0000-00-00 00:00:00',0,'','',0),(931,'Celinda Marcotte','celinda41nmjkigjby','n.branscomb@yahoo.com','$2y$10$SOckqrbyKCA9qG1MYYQkgOfk4MQQ0fvc9jcW4yizHBNo.b2wvF9nK',0,0,'2015-05-19 01:09:24','2015-05-19 04:56:20','','{}','0000-00-00 00:00:00',0,'','',0),(932,'Kaitlyn Baggett','kaitlynbaggettpct','sookpagliucarj4046@yahoo.com','$2y$10$CjwFBeA5YQ1oVWy2ydl.5ujjgLK5i4UGzHK0.3DUUPtDqMufecEGi',0,0,'2015-05-19 07:51:36','2015-05-19 09:11:10','','{}','0000-00-00 00:00:00',0,'','',0),(933,'Emilie Theriault','emilietheriault6','giovannagabrielucq@yahoo.com','$2y$10$DAit8fvkVv/7ziyRggoeC.lJLoWH6dXxwmGuz0uiH7rngIY6mOA8m',0,0,'2015-05-19 14:20:20','2015-05-19 14:28:14','','{}','0000-00-00 00:00:00',0,'','',0),(934,'Lorrine Bardin','lorrinebardin2718','maishaseamonjml@yahoo.com','$2y$10$5H8sAne0dY313MpbJGaru.szuPebrYVgnFHL.L5cfvjFcMM8PwT4S',0,0,'2015-05-19 22:08:57','2015-05-19 22:12:52','','{}','0000-00-00 00:00:00',0,'','',0),(935,'Concepcion Hare','ckbconcepcionnxou','westleylitchfield@yahoo.com','$2y$10$vHymAW9pNaXIiNubCf8t.eA0tN6H498UYoN1BKa3zw2pclw5i4aHS',1,0,'2015-05-20 03:00:04','0000-00-00 00:00:00','6d5541c4685fc28c335df3d1b967794d','{}','0000-00-00 00:00:00',0,'','',0),(936,'Shayna Calabrese','shayna95d841850305320','marietteallegoodfej@yahoo.com','$2y$10$/.E0fv05nvnUnl1KOVRt/egQRL3pS63GgcoFETff0J9mAjM38swty',0,0,'2015-05-20 04:23:37','2015-05-20 04:24:44','','{}','0000-00-00 00:00:00',0,'','',0),(937,'Reta Wight','retaajlsbfeopojbdcz','mohantynisa@yahoo.com','$2y$10$2DsHIBdERlIURb5e0ZN6SuBxlvQ80/MPv8QLl8qQ8YOH8ZiX1KXa2',0,0,'2015-05-20 09:06:07','2015-05-20 11:15:57','','{}','0000-00-00 00:00:00',0,'','',0),(938,'Alysa Loewenthal','wwualysalcurgxyeevbmh','kovalrobinetta@yahoo.com','$2y$10$ej5IhHsgkfSAQHyUq46iXufLRkj3a8nY2rLpJoU4GbI0zg7x.qvVq',0,0,'2015-05-20 13:06:13','2015-05-20 16:00:27','','{}','0000-00-00 00:00:00',0,'','',0),(939,'Tiffiny Hirschfeld','tiffinyhirschfeld','dacyehrlich@yahoo.com','$2y$10$bF5YNoBP7rNlvt6IESZvCeYmYQWnzUJ8XRoZKbSWvXhvMXFGpoVo6',0,0,'2015-05-20 19:19:26','2015-05-20 21:23:29','','{}','0000-00-00 00:00:00',0,'','',0),(940,'Tamika Ulm','tamikaulmiuhaud','emeldamendolasj1693@yahoo.com','$2y$10$7J8wVWmYoBdpoUpHqIkySO0KyqCk0uNFhqFSgmmjvH3m3cW30euqa',1,0,'2015-05-20 22:38:03','0000-00-00 00:00:00','0c0fadc9d47761518671853e42d0f763','{}','0000-00-00 00:00:00',0,'','',0),(941,'Clarissa Floyd','clarissafloydpxzvaqil','ardeliabielby@yahoo.com','$2y$10$FlP4t4eVqDrt2eMnLayhY.CqXYL6i27ufS2Q3KceisvEkfoX0d00u',0,0,'2015-05-21 16:01:46','2015-05-23 17:47:38','','{}','0000-00-00 00:00:00',0,'','',0),(942,'Angela Askew','angelaaskew5817044','bradenidleburgapv@yahoo.com','$2y$10$k2uOa1kE1FzcPjqsUl1BdOXGuoU2CU9QeoGCU9Fam581.IVzzi1Zi',0,0,'2015-05-21 18:27:41','2015-05-21 18:30:02','','{}','0000-00-00 00:00:00',0,'','',0),(943,'Patrick Raven','patrickraven07617','colliegommeriee@yahoo.com','$2y$10$iOD29KaBeZ14.G.6kI9mgeNh2AAt0u/c6vrQXHDvRTWyeGONmNPFm',0,0,'2015-05-21 22:41:27','2015-05-21 22:49:09','','{}','0000-00-00 00:00:00',0,'','',0),(944,'Gavin Beeton','gavinbeeton5177808','tominachorqsl@yahoo.com','$2y$10$ttWKdVcA3z7sXLSmMjviMe3OPOx5vFU76KVp64/UZXJhPR5dC.wkG',0,0,'2015-05-22 00:09:24','2015-05-22 00:11:23','','{}','0000-00-00 00:00:00',0,'','',0),(945,'Anastasia Kinne','anastasiakinne05','liannehiestandkyf@yahoo.com','$2y$10$MeqPpOADUel8DheVlkt1s.CM7Jryur1CitL4nogrIEnj0m61m83Sy',0,0,'2015-05-22 03:31:28','2015-05-22 03:35:45','','{}','0000-00-00 00:00:00',0,'','',0),(946,'Fae Zachary','faezachary56256353159','ivanlamerekhx@yahoo.com','$2y$10$YzLGaWbWBR8GHSmpCqRBF.UOXTOPUU9GSE6zn/XavqsPZVC6Keat2',0,0,'2015-05-22 04:09:57','2015-05-22 04:11:22','','{}','0000-00-00 00:00:00',0,'','',0),(947,'Matthias Deberry','matthiasdeberry390','mickiewollschlagererj@yahoo.com','$2y$10$Q7lOTFIxEA4wKYwdvk0Vm.nldXsfKKO2oL/taLXEGU9Tb7fhGicym',1,0,'2015-05-22 04:57:55','0000-00-00 00:00:00','e645b3447919c7c910811839101c153a','{}','0000-00-00 00:00:00',0,'','',0),(948,'Ezekiel Brewton','ezekielyjpkjgkgi','lydiarustcd3570@yahoo.com','$2y$10$44SbKV/hWmBquO0PiZhwremuXz7tGtxhIx9xo1UMrLw56jJfSAUn.',1,0,'2015-05-22 07:00:39','0000-00-00 00:00:00','10c950e0f97cbcd85f3a5dec2b9b0fef','{}','0000-00-00 00:00:00',0,'','',0),(949,'Judith Briscoe','judithbriscoe85','kermiecroftsagz@yahoo.com','$2y$10$2gfjFrDxuqF9xGhpnn5z1OYL7XMcZRS52TS7GJHNKJ8Ifud.PYTS6',0,0,'2015-05-22 09:35:40','2015-05-22 09:39:04','','{}','0000-00-00 00:00:00',0,'','',0),(950,'Lizette Leija','lizetteleijaywjdspevn','karritolerfk9427@yahoo.com','$2y$10$opXgNXPpf7pG2kpME04K4eYy93AuhBFYdiZZyvAe/mBvn/exnfIzu',1,0,'2015-05-22 10:45:58','0000-00-00 00:00:00','a9cdd97a73fede95495bf03848e00545','{}','0000-00-00 00:00:00',0,'','',0),(951,'Violet Hook','violethook563197751','roobbiejoshiiyj@yahoo.com','$2y$10$gvESZfOQ6dSGTJl6FsECyeT8dfI3rHLu3ELzBpl3fLRnCQqqQH2VK',0,0,'2015-05-22 10:47:24','2015-05-22 10:54:59','','{}','0000-00-00 00:00:00',0,'','',0),(952,'Aubrey Sandoval','aubreysandoval2','katharinesaltarellibyr@yahoo.com','$2y$10$4euxXYqR4nUGBOljDwXGLe0kiC7AvEA1GbXzXwxGTimqbed1s68lG',0,0,'2015-05-22 11:10:17','2015-05-22 11:14:55','','{}','0000-00-00 00:00:00',0,'','',0),(953,'Sheldon Rubensohn','sheldonsymymkbhub','ashtonnettiav2945@yahoo.com','$2y$10$KhAZjGt75VA6cSoD/vR3ROPQ4ZxqCnmSx4RQvyEFBNDnwQ18Y3lIC',0,0,'2015-05-22 13:10:30','2015-05-22 17:18:13','','{}','0000-00-00 00:00:00',0,'','',0),(954,'Brigida Nazario','brigidagerdqoxtuf','evelinburrousyb4899@yahoo.com','$2y$10$HHARhG9VCmz7bBvNVsmJSeAFS/Jz71NdSCX4ZT5Aha.7sY8opXaZ6',1,0,'2015-05-23 01:12:42','0000-00-00 00:00:00','ee967530d1ea4fd4926d7ba9e9314dfe','{}','0000-00-00 00:00:00',0,'','',0),(955,'Shelley Gurule','shelley92820450580','koriemccleeslgx@yahoo.com','$2y$10$.XdrWIJ28D5Vaf1GmWHQk.BT1e7l48HBW84oSoERzvmQhxSfsSMYK',1,0,'2015-05-23 03:21:47','0000-00-00 00:00:00','c9ed426cccefe0068de552538e09f900','{}','0000-00-00 00:00:00',0,'','',0),(956,'Casie Janney','casiejanney01574','bertiepeggscvo@yahoo.com','$2y$10$kWptg6RiJQGWRDufCqcrj.B0JfkD1x.OQt7ANTr5xBKetf3aSS/0u',0,0,'2015-05-23 16:13:06','2015-05-23 16:20:07','','{}','0000-00-00 00:00:00',0,'','',0),(957,'Sharron Krueger','sharronkruegerfi','garylasalagw6200@yahoo.com','$2y$10$rVkTfXEqvpdjWwMGL.BAbuhLW5QU8k0WDYrYadYg.e36SJ.AWAOxu',0,0,'2015-05-23 23:09:17','2015-05-24 02:36:59','','{}','0000-00-00 00:00:00',0,'','',0),(958,'Jeanett Pinkham','jeanettpinkhamyvmi','carolinreadyrw3772@yahoo.com','$2y$10$QU07D18d3MilVap6tBpXVORsYotjH2wzNMqijMYIC5LEe3uUxh6km',0,0,'2015-05-24 03:18:45','2015-05-24 05:59:20','','{}','0000-00-00 00:00:00',0,'','',0),(959,'Starla Roman','starlaroman6673678','leonoretraverssle@yahoo.com','$2y$10$VzqwZD6nRdvQLB0QAbRIpOD/sG/F5N9cK4JHBKvz5wvBpIA3zHQ5W',0,0,'2015-05-24 04:15:55','2015-05-24 04:24:08','','{}','0000-00-00 00:00:00',0,'','',0),(960,'Carmelo Vance','carmelovanceypc','gaynellemainieronj4279@yahoo.com','$2y$10$dKsclvxYUuM1ft1buIdoDuP.PSLjfgD.Z5sVbG8asCDtc6eRIig8m',1,0,'2015-05-24 05:15:25','0000-00-00 00:00:00','2f68129beb1e6aee967416cb94d9b468','{}','0000-00-00 00:00:00',0,'','',0),(961,'Cyril Coningham','cyrilconinghamjuc','galadelcourthw4079@yahoo.com','$2y$10$0XHGXVoMdS04Z.bMQWNNM.oTgFcV3NnQAngWtcFxjwL.9o5MClsRe',0,0,'2015-05-24 07:10:58','2015-05-24 07:16:19','','{}','0000-00-00 00:00:00',0,'','',0),(962,'Julio Patch','julio9041drdrvitu','alandclaybournfui@yahoo.com','$2y$10$UF0xt8uWZ0pWkFuXqSe1wOWqP31rhKsoMygdcWLGZYgbzfS1tMWza',0,0,'2015-05-24 13:06:37','2015-05-24 15:25:06','','{}','0000-00-00 00:00:00',0,'','',0),(963,'Angelina Medland','angelinazpbdumgjjpdez','brandyndepasqualeikt@yahoo.com','$2y$10$gklqMqqke9xsHabXFr6sru6cGSJSRBImQCqHYIngfAMHYlgY8G6zC',1,0,'2015-05-24 13:11:58','0000-00-00 00:00:00','6d264bf4cf1c52100f3423e1ffb132ed','{}','0000-00-00 00:00:00',0,'','',0),(964,'Jerrell Ferro','jerrellferro62341763','judetellmanvq7683@yahoo.com','$2y$10$qe0YKGAU9QVCc2d1vZNUbOhQ0CyBYJLjRinAjKyYjSV0BlpLfLcNO',1,0,'2015-05-24 20:58:01','0000-00-00 00:00:00','cc8f1cbe56528b319f69dc5b3c60fb26','{}','0000-00-00 00:00:00',0,'','',0),(965,'Latasha Eller','latashaeller43831564','newtonrandckw@yahoo.com','$2y$10$fjXeHA9z8sRTMZqJCj/J2OmsCtuWCKY0FQyYMLqdkrRAqV4pmwuem',0,0,'2015-05-24 21:32:18','2015-05-24 21:44:36','','{}','0000-00-00 00:00:00',0,'','',0),(966,'Madge Stallcup','madgestallcup02','ozellaabendrothha7470@yahoo.com','$2y$10$gm98I.0DiYTg/fFIE6AKr.S0a/.zN2GgmcoeCQhJ3/Y2krgFZdu/u',0,0,'2015-05-24 22:18:49','0000-00-00 00:00:00','','{}','0000-00-00 00:00:00',0,'','',0),(967,'Trisha Dill','trishadillengzpo','inahenricksenvm0415@yahoo.com','$2y$10$WNsre8ZQa6WF4cRPotwbUuLA4lBoU.W8wnsb7/IaDtDXWqXR0ojcu',0,0,'2015-05-24 23:15:47','0000-00-00 00:00:00','','{}','0000-00-00 00:00:00',0,'','',0),(968,'Lonna Field','lonnafield66558838','gertrudishincksdy9996@yahoo.com','$2y$10$KP3Jr7B9rgAXIGqYyKF8fOP1bzrtmuVAo/HK7jFT3AhhalAC1/.Oi',0,0,'2015-05-25 00:20:13','0000-00-00 00:00:00','','{}','0000-00-00 00:00:00',0,'','',0),(969,'Donette Headrick','donetteheadrick','louisalinkharthd4697@yahoo.com','$2y$10$zq.4hBmItn1ltsog4kZkm.UC/q.srluU9GnlQSmO4/dnfbSCI2kNa',0,0,'2015-05-25 04:07:09','2015-05-25 04:16:21','','{}','0000-00-00 00:00:00',0,'','',0),(970,'Kelli Gain','kellinzfsgtygcz','brittneygrubbs@spambog.ru','$2y$10$Ofc6B2xfeUUKNhMARx38WuW6kR5BRtQNRL7OrtLBu1ehL7jawuWXS',0,0,'2015-05-25 05:22:58','2015-05-25 07:38:46','','{}','0000-00-00 00:00:00',0,'','',0),(971,'Vance Mcgrath','vancemcgrath062177','kandraebbertuys@yahoo.com','$2y$10$FD4/YlFrsGLMWXbOY6MRzujqpCAGS6.a84VvQVTy1pYANkMHUpHtW',0,0,'2015-05-25 05:52:48','2015-05-25 05:57:26','','{}','0000-00-00 00:00:00',0,'','',0),(972,'Rena Whicker','rena88j07901316','charmaingoebellg4414@yahoo.com','$2y$10$BYkw4gpjPyNjMpjU7irtRO/w62JrsVWXinx20SbxeEPUOKo55WU7y',0,0,'2015-05-25 10:40:15','2015-05-25 10:44:34','','{}','0000-00-00 00:00:00',0,'','',0),(973,'Reyna Enriquez','reynaenriquez6682','druciehemishtqt@yahoo.com','$2y$10$nYCz36cGq/iw3CQs/X0zq.TCdhn8n5iAW/bF50yyv5FKBpv44EkHa',0,0,'2015-05-25 13:47:04','2015-05-25 13:47:33','','{}','0000-00-00 00:00:00',0,'','',0),(974,'Heath Montemayor','heathmontemayor2683','azzierohrsbb1179@yahoo.com','$2y$10$jJdzWs9Izp8Yti6Us8f6GOmtFFL7TC8Q9.BJikGNPjD1iZ8Ifc0pC',0,0,'2015-05-25 18:02:33','2015-05-25 18:10:28','','{}','0000-00-00 00:00:00',0,'','',0),(975,'Francesca Coney','francescaconeyvnzl','vegetabid@yahoo.com','$2y$10$B9NUenp9LIcZZTSXX2LbaehzJszbdhdlNY.IXpZXndFQ9Ikzhh15G',0,0,'2015-05-25 19:09:46','2015-05-25 19:15:54','','{}','0000-00-00 00:00:00',0,'','',0),(976,'Wilhelmina Pocock','wilhelminapocock2236','ruthedepueqj4380@yahoo.com','$2y$10$mEU5VBXFaiyQy9BVHVIk5eHuGWOniAViCRBnoaR3TRwo93FxVFv22',0,0,'2015-05-25 23:43:56','2015-05-25 23:47:54','','{}','0000-00-00 00:00:00',0,'','',0),(977,'Sharron Stoker','sharronstoker50','trudituggieskx@yahoo.com','$2y$10$0mTPphd2pnPWiKm.2naxc.tsxDV18j9uHmb4TLvSHobxpkQ4L3e8q',1,0,'2015-05-25 23:49:08','0000-00-00 00:00:00','00f3d32b246c119322e0af53a70203f7','{}','0000-00-00 00:00:00',0,'','',0),(978,'Dustin Nealey','dustinnealey4161','yukfalconionc0843@yahoo.com','$2y$10$gU5Q8xCrjXYtsDG4iwg7YOL8dD0XWtTJUprSeMl56CbwjLCXO4Psq',1,0,'2015-05-26 00:10:17','0000-00-00 00:00:00','b26ca48de310f6de11e85cdfb76ef081','{}','0000-00-00 00:00:00',0,'','',0),(979,'Richie Curtin','richiecurtin03809','dellymainehj@yahoo.com','$2y$10$BsPHi6CsgwI5cAchrQH8SegY1KiCSKnnHRwhM8bjEdUREfiouTgv6',0,0,'2015-05-26 05:18:18','2015-05-26 05:27:38','','{}','0000-00-00 00:00:00',0,'','',0),(980,'Marissa Mitchell','marissamitchell','graciewanglerhc4378@yahoo.com','$2y$10$1jHdSzcC3UulO/EJVxzDfu.1JsyiuJk0Sy2AMKarCafUIiH/RlbCK',0,0,'2015-05-26 07:04:52','2015-05-26 13:25:21','','{}','0000-00-00 00:00:00',0,'','',0),(981,'Kenton Mannix','kentonmannix68397','adelindmacgregorudg@yahoo.com','$2y$10$7lBie762mFRgY7toPDLG7OMqOXoImi29dt9xey2Qvn0D8fRxSCLfK',0,0,'2015-05-26 08:57:18','2015-05-26 08:58:07','','{}','0000-00-00 00:00:00',0,'','',0),(982,'Niklas Bage','niklasbage2860178997','marleenandersonxso@yahoo.com','$2y$10$Q.Qh.Vt/.Oiv8QScZ5VEVe45djWyEmN0dn1D7KwEUkeWEAPa2xmNi',0,0,'2015-05-26 09:00:33','2015-05-26 09:08:56','','{}','0000-00-00 00:00:00',0,'','',0),(983,'Terrence Persse','terrencepersse369','vitaruckgwy@yahoo.com','$2y$10$KN0ssTkqayxCJp1eVpZt.OCiPXVPijX12WdlYesbBVumNm0QUU8K.',0,0,'2015-05-26 10:18:17','2015-05-26 10:21:23','','{}','0000-00-00 00:00:00',0,'','',0),(984,'Annett Denton','annett37wnijkozs','fernandahaberkornmm2950@yahoo.com','$2y$10$J4IrVPtQ9/GUT6sagwaOe.gO0C46f21aEkb48dHFP0kLkKxUOR.Ve',0,0,'2015-05-26 10:33:12','0000-00-00 00:00:00','','{}','0000-00-00 00:00:00',0,'','',0),(985,'Dorothea Hose','dorotheahose342372','danlitzenbergwfo@yahoo.com','$2y$10$dlau1g23aVatDPqgI80m8eptmSXsppBMIQd8na2BOs7vNwfzwpLey',0,0,'2015-05-26 11:21:25','2015-05-26 11:30:49','','{}','0000-00-00 00:00:00',0,'','',0),(986,'Anne Coons','annecoonsyqutnbxjwfh','yncraexpj@yahoo.com','$2y$10$6P7nlWR7LzipsEvwvpaUqu8CsYi6cA.dw34YA1QeqjQOAiY788tFG',0,0,'2015-05-26 23:57:17','2015-05-27 00:09:46','','{}','0000-00-00 00:00:00',0,'','',0),(987,'Candace Zavala','candace32221588129','nialvelozocvm@yahoo.com','$2y$10$Tf3/Z89v1YFtxePb7Kd5puefUEIPrPsOchdPc8vL1df.I4InzwJH.',0,0,'2015-05-27 00:02:23','2015-05-27 00:04:17','','{}','0000-00-00 00:00:00',0,'','',0),(988,'Randall Hamlet','randallhamlet0844','mikasscoolmansss4019@yahoo.com','$2y$10$BNL8FbNoBd/rIt19XViCpOgeDgUdTlmvtcLy/HNm.e5TRJ6UDIs8G',1,0,'2015-05-27 02:46:14','0000-00-00 00:00:00','a05ec84a20527c6b2dc6291cb6a67524','{}','0000-00-00 00:00:00',0,'','',0),(989,'Alva Embling','alvaznqfxinrdybilsht','kelcielappaasp@yahoo.com','$2y$10$s/BWeQFcqxuoksyrBDEXIu.ab24iw.1VMyjdgQQcYbbmsiRt9yW8O',0,0,'2015-05-27 09:03:35','2015-05-27 13:59:42','','{}','0000-00-00 00:00:00',0,'','',0),(990,'Renate Pittard','zmkrenate05444723408','audreajjkerestesjjj3874@yahoo.com','$2y$10$yp9NXWX1SsZxazURMGVmouaUbm5XVErK881GBeWCSKIDvCWvoOpnm',1,0,'2015-05-27 22:32:48','0000-00-00 00:00:00','5f9f1f41ff270ba50d50ce3cdc2c53f9','{}','0000-00-00 00:00:00',0,'','',0),(991,'Jodi Thibault','jodil3082826883450701','kristenmcgrapthiw5973@yahoo.com','$2y$10$L4iuv5Q7u8OJ10fg6J0fSOGR7OveLTHbhldP40LanfpIpjWrRxrB2',0,0,'2015-05-28 09:48:22','0000-00-00 00:00:00','','{}','0000-00-00 00:00:00',0,'','',0),(992,'Nelson Collins','nelsond546907345541','renechadezhz3808@yahoo.com','$2y$10$DEhzqilC9u/1xfAyyWWTf.VRwVYV9xQZkkqitmzg5kECEGwl1fLiu',0,0,'2015-05-28 12:59:12','2015-05-29 01:28:35','','{}','0000-00-00 00:00:00',0,'','',0),(993,'Jetta Illingworth','jettaillingworth1','edythhammelvs1421@yahoo.com','$2y$10$l7JCYQvYHQYRDz0BMeonn.gaZIoBpE1oWKxHI6fsePoF12h7NKzlu',0,0,'2015-05-28 15:02:36','2015-05-29 02:46:57','','{}','0000-00-00 00:00:00',0,'','',0),(994,'Manuela Hutchison','manuelahutchison1','elenoretobaccorv6240@yahoo.com','$2y$10$jZehe9ZfZzraDLENghyjmeiF.zXfo/rs9y0d0TTAqWo0WH1VAYB/O',1,0,'2015-05-28 15:23:53','0000-00-00 00:00:00','9c7285b281822bba70ea0dd4e33771d4','{}','0000-00-00 00:00:00',0,'','',0),(995,'Adele Luu','adeleluu719260935','jeffiegeorgijdf@yahoo.com','$2y$10$b8/w9odZwPtORwsLkt8mgeG9UAVxG0qaXI7G51jqVjxF2SrX9GLE2',0,0,'2015-05-28 15:26:33','2015-05-28 15:35:25','','{}','0000-00-00 00:00:00',0,'','',0),(996,'Marina Williamson','marinawilliamson93','carlimorreauij3296@yahoo.com','$2y$10$3mI/UZK7YsRnpO3xtzxLeeWsSZ8NZlG1LHlpL0UgUwEKhioCyXcWG',0,0,'2015-05-28 15:32:18','0000-00-00 00:00:00','','{}','0000-00-00 00:00:00',0,'','',0),(997,'Adolfo Rude','adolfoqlb798476173','leilanizhangfjw@yahoo.com','$2y$10$zWpGcpxDn6z81YKd/vNxc.3xy1ukAaY9awfuSm1L73RVB3hvaDoVW',0,0,'2015-05-28 16:45:25','0000-00-00 00:00:00','','{}','0000-00-00 00:00:00',0,'','',0),(998,'Merissa McDonald','merissa57660356379971','kalyncimminony5537@yahoo.com','$2y$10$tNspgzsR2SEVMrSAu/ptG.sN4gdQI6Pltj8ZSXS2CATFgX0jxx5Je',1,0,'2015-05-28 17:20:31','0000-00-00 00:00:00','3e781e515c2a2ad8b8b51a44a1e4c078','{}','0000-00-00 00:00:00',0,'','',0),(999,'Houston Zylstra','houstonyzh76244899303','alycelumbfr5064@yahoo.com','$2y$10$Pvv9zSfGINzlJfKr0cOnBOeEDTUzst822wWKvl3pTpPTXS1gU.cXu',0,0,'2015-05-28 18:57:01','2015-05-29 23:08:28','','{}','0000-00-00 00:00:00',0,'','',0),(1000,'Drusilla Baskett','drusillaeqh6309280451','hannahmomsenuj6271@yahoo.com','$2y$10$G9qMPBCq7rJt20W2uH596OZC2DFD9tg23durC2SCjwCyZXkx93jMe',0,0,'2015-05-28 22:46:30','2015-05-30 09:53:41','','{}','0000-00-00 00:00:00',0,'','',0),(1001,'Sue Outtrim','sueouttrim20041392790','antoniemargarishec@yahoo.com','$2y$10$7THoLj4xIjw3QdUp8KMPde.I1D8CVPKl5VThtPjF55zLjjORjAqCC',0,0,'2015-05-29 05:33:36','2015-05-29 05:42:06','','{}','0000-00-00 00:00:00',0,'','',0),(1002,'Delilah Plumlee','ewfdelilah387938','barnabedietrichkkg@yahoo.com','$2y$10$ymO9NLAwTHp/D43TUhfVEuOVP0uIcm3kO3jodGYj.4n.RFcVxgFoy',0,0,'2015-05-29 05:40:42','2015-05-29 05:46:36','','{}','0000-00-00 00:00:00',0,'','',0),(1003,'Noreen Bon','noreenbon221887','maryanneqqzwillingqqq2325@yahoo.com','$2y$10$L6ls6Oq/k764DuAxh2KH5eW.OvQNdRPQVk6RGF/Kj/r/7XySDIc4y',1,0,'2015-05-29 06:55:21','0000-00-00 00:00:00','a043bcbda7c1dfe13a3aa84e76cffb22','{}','0000-00-00 00:00:00',0,'','',0),(1004,'Buster Easton','bustereaston7354','eudoraciccaroneffn@yahoo.com','$2y$10$5MV61oWHeftrzq4eckUOtuEEODT2y.w5TgxOa3SwHfsGxULR29BfO',0,0,'2015-05-29 08:42:41','2015-05-29 08:50:13','','{}','0000-00-00 00:00:00',0,'','',0),(1005,'Anna Mattner','annamattner9958','leonidabbdaisbbb4573@yahoo.com','$2y$10$7kEqUu9wSypthFPxP9Cm4.g/E.b2Qz6R4hLVIQEYPf0K5ayeVU7Ki',1,0,'2015-05-29 09:21:45','0000-00-00 00:00:00','1eaca651da341adb642eafb843a5a134','{}','0000-00-00 00:00:00',0,'','',0),(1006,'Dixie Marcello','dixiemarcello3292223','rudyknauffiro@yahoo.com','$2y$10$xAJZZeeh3pJ4445AiSmFau07nikn4eloLtQACGIz7nzFnDsb7pzAu',0,0,'2015-05-29 10:49:54','2015-05-29 10:52:45','','{}','0000-00-00 00:00:00',0,'','',0),(1007,'Elana Liversidge','pnfelana09306885','tildytreonvha@yahoo.com','$2y$10$4udT9yf.wJwhWYoMHubjkuHRzeYeQ9lHGmq6nzgwSEX0XzjmslvtW',1,0,'2015-05-29 12:11:48','0000-00-00 00:00:00','fcff4ba0ee7ee67ea249c577c8550bd9','{}','0000-00-00 00:00:00',0,'','',0),(1008,'Lynette Pleasant','lynettepleasant33','abramokerbernzr@yahoo.com','$2y$10$hazzn6sCd8wOv9LnzZdMQuKTDCCah2NX9f7XLMOMjWwGEIl5Cng1K',0,0,'2015-05-29 17:27:04','0000-00-00 00:00:00','','{}','0000-00-00 00:00:00',0,'','',0),(1009,'Terrie Skinner','terrieskinner972922','brandyodomlrv@yahoo.com','$2y$10$OM4X4PjitOHSu41pkm6N7eNv9nLgHZvdZtGHcqSLj8sQBakpSIv6S',0,0,'2015-05-30 12:23:39','2015-05-30 12:54:41','','{}','0000-00-00 00:00:00',0,'','',0),(1010,'Cesar Gillies','gcrcesar09964608760','halleygambrellgka@yahoo.com','$2y$10$mgjeT3vhb33V0iIWQ6R29eA.IKMrfl6WsfhOXITEBrosl0D0TLzZy',0,0,'2015-05-31 05:54:22','2015-05-31 06:00:15','','{}','0000-00-00 00:00:00',0,'','',0),(1011,'Adrianne Bugg','adriannebugg460864','veronicaconmymfh@yahoo.com','$2y$10$HB5lkbGTLes/b0Fxo74rguoz4KaaQyWou3VmiSGwIWU16Rzci4R8a',0,0,'2015-06-01 03:34:08','2015-06-01 03:35:16','','{}','0000-00-00 00:00:00',0,'','',0),(1012,'Jeanne Tietjen','jeannetietjen49','tondafullwoodep2634@yahoo.com','$2y$10$lqZt0RXkhg1Bl4/kBn4bD.leLRc12ZkAv7Crj/HUTZks5ui8nJkea',0,0,'2015-06-01 03:35:35','2015-06-01 03:44:59','','{}','0000-00-00 00:00:00',0,'','',0),(1013,'Rebecca Kellett','rebeccakellett1','treyogstondyk@yahoo.com','$2y$10$opor2J2r6GSSPQN5wNn5seQfmxCDV5OgySyDkc9gX2/YlzFGvq41W',0,0,'2015-06-01 05:02:12','2015-06-01 05:16:17','','{}','0000-00-00 00:00:00',0,'','',0),(1014,'Rene Robison','renerobison400982','kirstenremsenmx4026@yahoo.com','$2y$10$zRXUq0Il0ZMkIIsX.NFPbOwkqfqLCMRmGx2kSGIHJAkaa9A8N2qAG',0,0,'2015-06-01 09:02:26','2015-06-01 09:09:07','','{}','0000-00-00 00:00:00',0,'','',0),(1015,'Oscar Sadlier','oscarsadlier8014','elsieddisonddd5260@yahoo.com','$2y$10$iZ3/brhyZCXcU.uC1Zj8AOEUF2jNik6ahNbN//sOMyyQ0/48AiKmq',1,0,'2015-06-01 09:07:02','0000-00-00 00:00:00','7e4103abbc5335008231874dc461c8f1','{}','0000-00-00 00:00:00',0,'','',0),(1016,'Jannie Gleeson','janniegleeson4703219','adamgerritsng3433@yahoo.com','$2y$10$MdoXZk3rCtd7PV3Cm2sBh.KPim94QfEvuiYy3LWDGMh.05EFdOlEi',0,0,'2015-06-01 18:20:12','2015-06-01 18:23:12','','{}','0000-00-00 00:00:00',0,'','',0),(1017,'Delila Corbin','delilacorbinxmvxzoqsc','lonnablakeley3728@spambog.com','$2y$10$4HgYOJyXcwAG/DDaMiRVgOX92YaKTg8QpzgurVg.QyIORTnwpt39y',1,0,'2015-06-01 18:28:24','0000-00-00 00:00:00','a3a260e7caf2f8d633a38a182dc4a8e6','{}','0000-00-00 00:00:00',0,'','',0),(1018,'Rosita Cantu','rositar80708576139891','saucaihr8065@yahoo.com','$2y$10$VTS63/lWRKFSXClmf3KJZ.xr0Osw1NoPZZHKSBsrEIZSr4cvD2g8S',0,0,'2015-06-01 19:40:16','2015-06-01 19:53:31','','{}','0000-00-00 00:00:00',0,'','',0),(1019,'Waldo Estrada','waldoestrada37197984','corlissweigertrl6420@yahoo.com','$2y$10$1vcWVRyccKJUFT30FNEzsek.70bN4VIqc/hseXjP306yHi1XfEmfO',0,0,'2015-06-01 19:43:48','2015-06-01 19:51:17','','{}','0000-00-00 00:00:00',0,'','',0),(1020,'Lavon Burleson','lavonburleson387916','dierdremcquigghr1918@yahoo.com','$2y$10$7iZ1Mai6iEg3PA./wUMzBehAPLa7kp6UlyZA69dPAMXi.ugVgoJOq',0,0,'2015-06-01 21:02:27','2015-06-01 21:05:50','','{}','0000-00-00 00:00:00',0,'','',0),(1021,'Leora Townes','leoratownes66193','marylouisecadretteao9254@yahoo.com','$2y$10$Kt9KKmYaZjaLrNBnQQ4B5.NVMVmtl4j3iai.wfehyayYAX50r5JoG',0,0,'2015-06-01 21:08:29','0000-00-00 00:00:00','','{}','0000-00-00 00:00:00',0,'','',0),(1022,'Rogelio Glasfurd','rogelioglasfurd7030','anthonyownesci9388@yahoo.com','$2y$10$My7cw9XIB7jxO/rRScKxs.3Vz6Pb09pt18cD9veezAyRmF3.4KbdC',0,0,'2015-06-01 23:07:00','2015-06-01 23:36:57','','{}','0000-00-00 00:00:00',0,'','',0),(1023,'Hai Nivison','hainivison0163198','darcigalligherbs1806@yahoo.com','$2y$10$k3ytrfjFgc.hpLxWftASTeYfj7e6C4pwZv42POCP2K0oDym3LN4gm',0,0,'2015-06-02 00:53:10','2015-06-02 01:01:07','','{}','0000-00-00 00:00:00',0,'','',0),(1024,'Daniele Zaleski','danielezaleski6','jesicaducheminhk7664@yahoo.com','$2y$10$DTAFdWf9Jnl.Dp9Byt6YpO8UyOnF0cPviq0iOlrFIgUzC5jW38CF2',0,0,'2015-06-02 02:54:11','0000-00-00 00:00:00','','{}','0000-00-00 00:00:00',0,'','',0),(1025,'Darrin Bradbury','darrinbradbury8066','aureliaperkinsci5326@yahoo.com','$2y$10$1JFJBND/whi.dCBzMKGequ0UmuSopmj5Z0jGDO703o.RJrCkt4V42',0,0,'2015-06-02 05:51:46','2015-06-02 05:54:37','','{}','0000-00-00 00:00:00',0,'','',0),(1026,'Maybelle Scantlebury','maybellescantlebury6','julietchastainyh0093@yahoo.com','$2y$10$lceqS3OVKdv1gYWiUxTIv.4yQFrOEb3RDEjuHSsOzCmJ7gbsD21qi',0,0,'2015-06-02 07:26:12','2015-06-02 07:31:55','','{}','0000-00-00 00:00:00',0,'','',0),(1027,'Casey Hawker','caseydxjvbathvrupkaem','aleecevandalxoq@yahoo.com','$2y$10$7PY9jk2soWPWzgJIDRYub.FmeCRtc4eZthz2VK2f/VpxcltweiOrK',0,0,'2015-06-02 13:46:16','2015-06-02 18:25:27','','{}','0000-00-00 00:00:00',0,'','',0),(1028,'Gilberto Creech','gilbertocreechb','andrewqqhst@yahoo.com','$2y$10$WWapd8FtKZPsb1SO1aSn2.ETPD61w3kv3QpJE3bmQmaswea/looYO',0,0,'2015-06-02 16:44:19','2015-06-02 16:57:37','','{}','0000-00-00 00:00:00',0,'','',0),(1029,'Virgilio Brett','virgiliobrett5250884','cathleencrakerxmis@yahoo.com','$2y$10$c5yLwnczV9ZF7tOe6e6pUuKkWuMiOriqRCI3a9cO3ZB/4qIRB2oCO',0,0,'2015-06-02 21:13:43','2015-06-02 21:17:50','','{}','0000-00-00 00:00:00',0,'','',0),(1030,'Margherita Gagne','margheritagagne173','cassybrazielpub@yahoo.com','$2y$10$ul625BeL3YBazq1cfXbq1e7ab2PQff2t0XljqFHm0giWjzCcgeAje',0,0,'2015-06-03 04:13:22','2015-06-03 06:33:40','','{}','0000-00-00 00:00:00',0,'','',0),(1031,'Rene Hodge','renehodge630189','theomilnorpuc@yahoo.com','$2y$10$4ZONd27Flz7UlvPRLlf4R.6NdpEIQyetStWcHGkwarRSq8rMLdaBi',1,0,'2015-06-03 06:46:09','0000-00-00 00:00:00','c0adb0b4533ab27dbfd28954c25353a7','{}','0000-00-00 00:00:00',0,'','',0),(1032,'Yanira Seese','yanirah86281364043505','dygmboyce@outlook.com','$2y$10$aU2FIsB/JJfAEICdQPZZxevsYt.6On1Ftcixqxlz2QlhLweVMc79W',1,0,'2015-06-03 06:52:39','0000-00-00 00:00:00','e03db08ab24bf8ef8c86fe011b28f7e4','{}','0000-00-00 00:00:00',0,'','',0),(1033,'Demi Grandi','demiq825061345745485','oyaronep@outlook.com','$2y$10$JiV1zGsvsI/uz/s5941twuOFPg4CsZ8Afl3aVvScNrxlcTZcDlgq2',1,0,'2015-06-03 07:06:11','0000-00-00 00:00:00','798d1c1f4f6af92184e68337c9425885','{}','0000-00-00 00:00:00',0,'','',0),(1034,'Maryanne Pottinger','maryannepottinger13','angeliquelotzqen@yahoo.com','$2y$10$lkkXaHJRbDTnPTZKjS5Pj.KTsPBBad8OvBMZNAOl2QHKUKkcefGNe',0,0,'2015-06-03 07:10:14','2015-06-04 05:02:02','','{}','0000-00-00 00:00:00',0,'','',0),(1035,'Gabriel Dovey','gabrieldovey13749838','puliceznmo@outlook.com','$2y$10$Ql/edin/u82VRTgoTRAGFuWQSW1mKb5Oyoby.VaP9YFyUiyFRRD.a',1,0,'2015-06-03 07:17:33','0000-00-00 00:00:00','28257334eb6393da5309c31d1e5f588e','{}','0000-00-00 00:00:00',0,'','',0),(1036,'Hildred Mull','hildredmull804678','vlavmckirk@outlook.com','$2y$10$klqUTByV5nAUbmmatfjTK.ne7FGBYTt8IO0PD4TQjFV6mu5.VqjPm',1,0,'2015-06-03 09:11:18','0000-00-00 00:00:00','bc2fc19ecdeac972a29089a0fa4bb688','{}','0000-00-00 00:00:00',0,'','',0),(1037,'Lurlene Banner','iknlurlene500203','pandorabellerrpt@yahoo.com','$2y$10$xJQg/hE18D3jyja3id8dWuIscUDnsjNuGHTkK5.ygsjapPbUK7Lju',0,0,'2015-06-03 09:15:52','2015-06-04 05:05:31','','{}','0000-00-00 00:00:00',0,'','',0),(1038,'Julio Furey','juliof52431778305','nqlqghantt@outlook.com','$2y$10$AeG/OoOMgHlI9Okt1IwxiuQFGzWGaU7PBQZ15tcamC12yr/Ktkf.K',1,0,'2015-06-03 10:15:34','0000-00-00 00:00:00','1e843cf0262d0a8fc4dfe61c2b151d14','{}','0000-00-00 00:00:00',0,'','',0),(1039,'Gus Olivares','gusolivares4055','lucrecianmlippewvu6791@yahoo.com','$2y$10$IhHkKm6PEcgZogKpUNcq9ON2WF0UqQfzUmx0zJ9GKqA8IAEF.Ijim',0,0,'2015-06-03 10:24:57','2015-06-03 11:29:08','','{}','0000-00-00 00:00:00',0,'','',0),(1040,'Nola Marconi','nolamarconi4425','gagliaxg@outlook.com','$2y$10$jRtOPRMVuTn90Ikin3/J/.Cb/SYdJqTtWJsrXIyLj3NahKtGGPMIy',1,0,'2015-06-03 10:30:39','0000-00-00 00:00:00','48d5ea061b4f3ea07ab1247f8a4abf7e','{}','0000-00-00 00:00:00',0,'','',0),(1041,'Shayna Harcus','shaynaharcus310577','qbachandcz@outlook.com','$2y$10$zKg0weP/sK.vfOulWgSnYeSUrX3oiU0z6N8f.lAe6MmAfUOhx03B.',1,0,'2015-06-03 10:46:04','0000-00-00 00:00:00','d4cdaa727bf511e90c9a8f071cd367fa','{}','0000-00-00 00:00:00',0,'','',0),(1042,'Sherita Lyttleton','sheritalyttleton1098','terrellju@outlook.com','$2y$10$3QaHeYBa//XMKBmN0K3xfeq/PWXO7B.fEsTCzt9pNimi6Zh2hmZfm',1,0,'2015-06-03 10:47:10','0000-00-00 00:00:00','5a334e2d1e936aca67e3c31d598f9e70','{}','0000-00-00 00:00:00',0,'','',0),(1043,'Tilly Boatwright','tillyboatwright522','ruthhannesfxc@yahoo.com','$2y$10$iDzAUH5vwWeC7H0URNtkN.g10qT/w0cC9XSeZBxPr.GbOX/SX/lIe',0,0,'2015-06-03 10:48:06','2015-06-03 17:09:47','','{}','0000-00-00 00:00:00',0,'','',0),(1044,'Lilian McGavin','lilianmcgavin3676','zamzamycory@outlook.com','$2y$10$ksf1P1Aqzuec2dBdt1oSR.60y5cgYyO6PwfpqD9QOD8cGa5Kh9iWK',1,0,'2015-06-03 10:49:08','0000-00-00 00:00:00','e1514ee94f1b61073f51e8379ff3e745','{}','0000-00-00 00:00:00',0,'','',0),(1045,'Verna Martino','vernamartino10556933','randellhylleyrl@yahoo.com','$2y$10$rXe9c9AxsGRjf5rejaHvU./87zDbbdVmb6EF3Yuhh9GsK9maYLAxW',0,0,'2015-06-03 10:49:39','2015-06-04 04:53:32','','{}','0000-00-00 00:00:00',0,'','',0),(1046,'Isis Schramm','isisschramm224861481','junghansufl@outlook.com','$2y$10$S9.7T9vV4AgY2wf.h36yKOqqjIGaNUPzRzEKNfSImh1786kiuccHC',1,0,'2015-06-03 10:52:19','0000-00-00 00:00:00','c0f8dc0b7fa22eec5c4cc52dabbaf7b4','{}','0000-00-00 00:00:00',0,'','',0),(1047,'Buddy Kotai','buddykotai935583','audielorensenqlf@yahoo.com','$2y$10$3Rq50O1orhpAqy9NH7Cx9.Fjny1XXU.z.edjLzzBepXoBa2hBSQSa',0,0,'2015-06-03 11:49:34','2015-06-04 05:31:20','','{}','0000-00-00 00:00:00',0,'','',0),(1048,'Samuel Bromby','samuelbromby49976196','otqycaom@outlook.com','$2y$10$ygbJzlw/4icFyAApacT1Fuw4IC02o1u6HwnPDVfztgyWQthW7XJdO',1,0,'2015-06-03 13:12:10','0000-00-00 00:00:00','397aeb08bf833afff8e7a1937ca20bde','{}','0000-00-00 00:00:00',0,'','',0),(1049,'Glen Chiu','glenchiu4333407358','yallensn@outlook.com','$2y$10$tJvAG8R.Z/IOXosYRM5MEOXPCusJeIwRWxxA.O.vPVxDoERJrh2x.',1,0,'2015-06-03 16:17:25','0000-00-00 00:00:00','934dc50fd7ef571973d99860f724b1f9','{}','0000-00-00 00:00:00',0,'','',0),(1050,'Angelia Paten','angeliapaten4023917','verneywilberthuy@yahoo.com','$2y$10$PCuTCpHFfdBUnOUYjbkD9.yiJ5kNkdK4x68rGyhwZa5ILby1cX972',0,0,'2015-06-03 17:47:34','2015-06-04 15:47:36','','{}','0000-00-00 00:00:00',0,'','',0),(1051,'Maryellen Hinds','maryellen13f55645214','tulaspriggko9860@yahoo.com','$2y$10$Gk1Zqq9lYkpnekuNDHXAk.zNemscDSOGsZAgEKCFoIGyRY3NndILa',1,0,'2015-06-03 18:03:00','0000-00-00 00:00:00','2efb025c51a3d8b3cd57327367e34017','{}','0000-00-00 00:00:00',0,'','',0),(1052,'Juana Trumble','juanacnn856459913','kristinedettmanrbs@yahoo.com','$2y$10$1q0rtsLI6ovkaDU99epQbe.X5/VmgQbmjqfTuOR0soas0skla2tJS',0,0,'2015-06-03 19:58:22','2015-06-04 01:57:01','','{}','0000-00-00 00:00:00',0,'','',0),(1053,'Ezra Colbert','ezral5852140075869','foyhimilnik@outlook.com','$2y$10$7lon/EIqsl.ch3xVH36IDOVhDg3qrNxTUlaShbd7WEsEQ7QD8BWYS',1,0,'2015-06-03 20:54:05','0000-00-00 00:00:00','ee800f41ea45a34bc653aef07f424feb','{}','0000-00-00 00:00:00',0,'','',0),(1054,'Linnea Shand','linneashand565424','clevieparfaithtv@yahoo.com','$2y$10$CrIeKjO1lqjcf/6J/AK68e51eyPVfxp8lWe0sFW246Z.4LljhpPBi',0,0,'2015-06-03 20:56:37','2015-06-04 14:47:49','','{}','0000-00-00 00:00:00',0,'','',0),(1055,'Marla Pink','marlapink16342080','tamicagierkocrs@yahoo.com','$2y$10$aZo4HcNCbUMxaKpB82X/N.0Iio5UhsCnYm6JuBb4cV9xSE00AuX4G',0,0,'2015-06-04 02:26:44','2015-06-04 05:54:50','','{}','0000-00-00 00:00:00',0,'','',0),(1056,'Rena Stratton','renastratton68304452','toniawetterlep@yahoo.com','$2y$10$MPvhFT4bKucfqPMpAFGW5O..y9HELVBuRy6P.8RbZ/.dEvT7I/yKa',0,0,'2015-06-04 07:31:30','0000-00-00 00:00:00','','{}','0000-00-00 00:00:00',0,'','',0),(1057,'Leonardo Rosenstengel','leonardorosenstengel','kareenfaverocos@yahoo.com','$2y$10$XgmoVFIq4TfDIpCoihdBDe1MTQuXB6Z4nNKVVZHdjGLa.Y94zXBHO',0,0,'2015-06-04 08:07:16','0000-00-00 00:00:00','','{}','0000-00-00 00:00:00',0,'','',0),(1058,'Rebecca Rosenberg','rebeccarosenberg81','melindaafricazyc@yahoo.com','$2y$10$5PURkR0o0oMyut02CPW3VeL4FquY3n04pSPZOJba/x.osMc8YnOaC',0,0,'2015-06-04 08:12:23','0000-00-00 00:00:00','','{}','0000-00-00 00:00:00',0,'','',0),(1059,'Adell Mcneely','adellmcneelyscepr','jfredicksr@yahoo.com','$2y$10$V/EFqvr4qfF934C/xo3vyecWH.HYOGeyU9sf8OZIkPNpgk/3qDwUq',0,0,'2015-06-05 03:59:00','2015-06-05 04:11:36','','{}','0000-00-00 00:00:00',0,'','',0),(1060,'Roxanne Call','roxannecallmeszcatl','barczyk.julia@tlen.pl','$2y$10$z979SnU.JG2XwTy8AkGENuFLCnpwCT9X09PNxr.E4KgxEqEwxwOVO',1,0,'2015-06-05 07:34:59','0000-00-00 00:00:00','ca4d0760c04bc6b56aa6c6bac2136309','{}','0000-00-00 00:00:00',0,'','',0),(1061,'Stanley Klinger','stanleyklingergro','aldengta@yahoo.com','$2y$10$pFtv64/bmB/LZVmSPw5jjO8qHnJanl58sLNIFry8pkr3dTBM9M0kW',0,0,'2015-06-05 11:45:21','2015-06-05 11:52:50','','{}','0000-00-00 00:00:00',0,'','',0),(1062,'Luigi Maclean','luigimaclean355068004','winnieshurtspty@yahoo.com','$2y$10$wAv5iiqxiZPPIo4rMaF/teCLZKJ8G5iYFrzhNrNMCbRtf.MfgPCkS',0,0,'2015-06-05 21:44:01','2015-06-05 23:44:44','','{}','0000-00-00 00:00:00',0,'','',0),(1063,'Rocky Shakespeare','rockyshakespeare4','tobycamaratanv1489@yahoo.com','$2y$10$3lfGrJle9Ot0M8uCvnQtduhXjzgRphEE3/G3kYglv0UPbjGl2rguq',0,0,'2015-06-05 23:17:21','0000-00-00 00:00:00','','{}','0000-00-00 00:00:00',0,'','',0),(1064,'Shawna Jageurs','shawnanndndgzsprfzy','sonnyytt@yahoo.com','$2y$10$HH6kCRKfg2JZ9hm1KENYM.S0MgNbAd7OcNtOjtslY.ep8It1/ueNe',1,0,'2015-06-06 02:28:57','0000-00-00 00:00:00','0433a7660c7c7c699f56c1db80cac1e1','{}','0000-00-00 00:00:00',0,'','',0),(1065,'Grady Gatling','gradygatling963241','celindajustencts@yahoo.com','$2y$10$9FAQsRofQCcWCsunMR5Z5eb9CcUTSbOcNvKHXmplTWl6kYaWYLD7u',1,0,'2015-06-06 10:42:44','0000-00-00 00:00:00','4e425452760b4584a6794afced4be7c9','{}','0000-00-00 00:00:00',0,'','',0),(1066,'Maira Ralston','mairaralston096230','rosalbaihharnoisllk5375@yahoo.com','$2y$10$Kd6M/.CcWOW8zDvG4Keube/YbjgA2pMCYeOPHOnjwQdfMFroPM4RS',0,0,'2015-06-06 21:40:23','0000-00-00 00:00:00','','{}','0000-00-00 00:00:00',0,'','',0),(1067,'Yukiko Schreiner','yukikoschreiner','katperoffwhk@yahoo.com','$2y$10$3QYct5Et6J2Z/wpF2l8hF.wDaRS.pGsEI1gd2yjuSJI2i.Bz.tIWG',0,0,'2015-06-07 23:13:11','2015-06-08 01:46:38','','{}','0000-00-00 00:00:00',0,'','',0),(1068,'Lillie Comino','lilliecomino75418','aleksdiamondjsb@yahoo.com','$2y$10$JDoOBuFk81GUkC.fE2r9ieCWjwP0aWjBOYrFSlLX2f14leeyvKp/S',0,0,'2015-06-08 03:02:03','0000-00-00 00:00:00','','{}','0000-00-00 00:00:00',0,'','',0),(1069,'Rudolph Hartz','rudolph4909pfoksd','erickahickman@spambog.com','$2y$10$3TtIPeikY4BhPMIstKYms.7I4vnPMnhUM9WgccKrHc/TqJzBfqI1e',1,0,'2015-06-08 08:54:47','0000-00-00 00:00:00','eed8bd32be82c048ffb3cb293c51fed2','{}','0000-00-00 00:00:00',0,'','',0),(1070,'Denny Castro','dennyl15nbaeyzy','dezczusy@yahoo.com','$2y$10$LOAlesHXMHoMo5kgj3fNfuQTVB8hpNDoF3m2g3Yi8J1CGlTsfLqT6',0,0,'2015-06-09 22:30:53','2015-06-09 22:35:24','','{}','0000-00-00 00:00:00',0,'','',0),(1071,'Margart Duppstadt','margartduppstadt','nfoborson@yahoo.com','$2y$10$RxBGukfJsCcfaljZArQ4JeQoeVu3S1nz2.FVPRpzfpCJwPEpSNuh2',0,0,'2015-06-10 08:17:15','2015-06-10 08:23:55','','{}','0000-00-00 00:00:00',0,'','',0),(1072,'Alena Eger','alenaeger244951','mi.la.na19srong11@gmail.com','$2y$10$fGzH039JWcykwvDAzkEd2e76th2yZSCmONqucrntznKUB60gLWxHu',1,0,'2015-06-10 16:47:08','0000-00-00 00:00:00','51cfc08b998df311c08884f570c8a348','{}','0000-00-00 00:00:00',0,'','',0),(1073,'Maryjo Klinger','maryjoklinger2526314','philomenareinwaldzu4155@yahoo.com','$2y$10$ms6a.QiY11tAOoxxogVnOucdwye9vXxhn9ZlIJUNpAo6I1Rd.bu.W',0,0,'2015-06-12 02:03:00','2015-06-12 04:54:57','','{}','0000-00-00 00:00:00',0,'','',0),(1074,'Jordan Vannoy','jordanvannoy029236','portiafebrepd4614@yahoo.com','$2y$10$KdOxV.AAfxDhFDoUyI3l9uM4qzLM8OYLh1lM0asJXho6yd6y2cEbK',1,0,'2015-06-12 11:07:59','0000-00-00 00:00:00','e0b604c08cb826991b218f291c8e0438','{}','0000-00-00 00:00:00',0,'','',0),(1075,'Marsha Gipps','marshagipps9006605','kailawengelps7085@yahoo.com','$2y$10$exTrT5zck26YXZDz1d/vQ.Q1h.9fccDosOOpoBjkJUXg.aEUpOxM.',0,0,'2015-06-12 18:42:09','2015-06-12 23:51:21','','{}','0000-00-00 00:00:00',0,'','',0),(1076,'Marvin Rios','marvinrios38454','nickwaldhofffaa@yahoo.com','$2y$10$au4cqMaZO6.upjZo/uGA9u.WbIiiJ7NsIeZabOrpgqKGvV2qgLHVe',0,0,'2015-06-13 10:11:31','2015-06-13 10:25:05','','{}','0000-00-00 00:00:00',0,'','',0),(1077,'Alecia Harrison','aleciaharrisonvqxxkxm','irishloffredovt1022@yahoo.com','$2y$10$X3rjlk.NcCnQZLokrcMY/OGdEPfPib2YIDi/1yGHZHrSyXyHPsUem',0,0,'2015-06-13 18:10:06','2015-06-13 18:22:20','','{}','0000-00-00 00:00:00',0,'','',0),(1078,'Jay Toussaint','jaytoussaint8984','leolacorcoranjho@yahoo.com','$2y$10$itznN7ef9srvXDkqLiQtG.MH5Bjr38abqgxFFt0xeZtbUNsytlKj.',0,0,'2015-06-13 23:20:11','2015-06-13 23:24:51','','{}','0000-00-00 00:00:00',0,'','',0),(1079,'Carina Joe','carinajoe18698908245','lilianapartidalx9033@yahoo.com','$2y$10$WN3qfidUYlpF6ufMpp1aP.iZLI.Y9c.Sf0.dcO.flpJqtCSUFvPMi',0,0,'2015-06-14 12:15:12','2015-06-14 20:23:04','','{}','0000-00-00 00:00:00',0,'','',0),(1080,'Eloisa Luse','eloisaluse20067','maiatweedleof8405@yahoo.com','$2y$10$EZcd0OKafDw507I36Ll/j.cYsf4QWJGbgl0UCrLTms9gtG0sX.WPy',0,0,'2015-06-14 17:43:13','2015-06-14 18:05:12','','{}','0000-00-00 00:00:00',0,'','',0),(1081,'Francine Stocks','francine1167185271','abeunowaksag@yahoo.com','$2y$10$ouuEj/NgH1kMmAh2YTQLPO1KxdwyD3xbRjB18krK/xszHjvQi3GLa',0,0,'2015-06-14 22:57:34','2015-06-15 05:28:24','','{}','0000-00-00 00:00:00',0,'','',0),(1082,'Korey Mercier','koreymercier64107','johnathonschoenwetternuk@yahoo.com','$2y$10$QnPOy7dFHrBjTxFK0t8Fau8yJ4kGovVYeBVfKs6OKEUAThSUqwWNW',0,0,'2015-06-15 00:31:46','2015-06-15 00:33:09','','{}','0000-00-00 00:00:00',0,'','',0),(1083,'Ahmad Merrell','ahmadmerrell8832975','despinaacothleyajh@yahoo.com','$2y$10$QrgUjwJ88gPz9KogtTkcAOPZDD01pOy13mg41IsmeTpvvKfO0p81e',0,0,'2015-06-15 01:53:26','2015-06-15 01:55:29','','{}','0000-00-00 00:00:00',0,'','',0),(1084,'Mohammad Nair','mohammadnair121','karipilatbj4643@yahoo.com','$2y$10$WP5LioSDLCtXEPlXaxnR/eoUDH/h7K5uV.Cutbw8IspF65S6cT0vO',0,0,'2015-06-15 03:10:14','2015-06-15 05:16:08','','{}','0000-00-00 00:00:00',0,'','',0),(1085,'Bea Hasan','beahasan792588329260','nanineboylesjov@yahoo.com','$2y$10$1gs1fxGdPu.ciztq9FR6WeKopP80v5jETDB0Tv.7uhd8ErWlcuHoK',0,0,'2015-06-15 04:20:07','2015-06-15 04:22:30','','{}','0000-00-00 00:00:00',0,'','',0),(1086,'Sterling Starr','sterlingstarrgupvwgmv','pangilinaz@yahoo.com','$2y$10$FOgT9kJvyAlS4qAW.0B5luOIIP0sf7ECAdTv7U2d/u7qXI83KBxh6',0,0,'2015-06-15 22:22:04','2015-06-15 22:29:50','','{}','0000-00-00 00:00:00',0,'','',0),(1087,'Odette Alfaro','odettealfaro8734','othellaperazzobao@yahoo.com','$2y$10$u6wFbU1bfq9LxyAzI8bbfesY5PgI7kYuq9U/p/tU08fyQzX/ahJeq',0,0,'2015-06-17 10:58:53','2015-06-17 11:01:17','','{}','0000-00-00 00:00:00',0,'','',0),(1088,'Dan Wakehurst','danwakehurst96386225','stephanniestavinsigc@yahoo.com','$2y$10$5OdUpIjbUGwNwarOv.VRy..de59RbGG2Y/kNdTuG3dcU9UtF4g2he',0,0,'2015-06-17 14:13:14','2015-06-17 14:20:19','','{}','0000-00-00 00:00:00',0,'','',0),(1089,'Wendi Hmelnitsky','wendihmelnitsky45724','deannalaughtonww8784@yahoo.com','$2y$10$YLhoOQh4SNHtpLs4YDK9aOPLqFKDe0RhfmNnuThav7WVTthKAXFr2',0,0,'2015-06-17 22:07:59','2015-06-18 02:13:36','','{}','0000-00-00 00:00:00',0,'','',0),(1090,'Bridgett Vivier','bridgettvivier0868','ivettedechambeauzwq@yahoo.com','$2y$10$R8WJwYrVtBtAw/GGVVzhhuloM7ZsfwiEK1heT0hkm17.VDKDHu1Di',1,0,'2015-06-17 22:09:51','0000-00-00 00:00:00','b4a88bce62caca851ecd36753f792969','{}','0000-00-00 00:00:00',0,'','',0),(1091,'Cyrus De Gillern','cyrus37n29134736440','edwinaterrebonnebx1843@yahoo.com','$2y$10$KWJL89T1UcMc1RgbDlwca.F5diA6FfkT9URuhB/IwO63mpwMrw2Gu',1,0,'2015-06-18 03:26:20','0000-00-00 00:00:00','63870ec10dcfda4e865537b064b13dbf','{}','0000-00-00 00:00:00',0,'','',0),(1092,'Jacques Roehl','jacquesroehl9594','pheliamihlfeldsji@yahoo.com','$2y$10$WNTsk4V09rhOxKLJ5dpFruhHgxiRRnTWNWIRrgw85Q.aMzaVf5Iri',0,0,'2015-06-18 05:42:20','2015-06-18 05:47:53','','{}','0000-00-00 00:00:00',0,'','',0),(1093,'Marilyn Zachary','marilynzachary664','sophiamittelmannvs@yahoo.com','$2y$10$Vwvn2g64zcX4Jy8i0vbNQOK8FRs9u/YHE7AUJiedBfyv6bydEiVcq',1,0,'2015-06-18 05:44:03','0000-00-00 00:00:00','787a573dc8acd19a717c895a6e64c449','{}','0000-00-00 00:00:00',0,'','',0),(1094,'Toni Henslowe','tonihenslowexdix','hernandocontiniiuc@yahoo.com','$2y$10$S7gDJrEBOyFOHBcOptkftOCLHkulElnAPnXo15gz3/LjHJLk4phli',0,0,'2015-06-18 15:25:25','2015-06-18 15:51:02','','{}','0000-00-00 00:00:00',0,'','',0),(1095,'Clifton Angela','cliftonyca965647','gabrielaratzlaffev9102@yahoo.com','$2y$10$INyg0sPf7kHFwgGwLLgABuma4muxqUm/fENxZSLDSMQkBcmEwacPW',0,0,'2015-06-18 23:26:47','0000-00-00 00:00:00','','{}','0000-00-00 00:00:00',0,'','',0),(1096,'Kory Tovell','korytovell74476','berniedcreinhardtaaa8544@yahoo.com','$2y$10$KRbMgZwbaBQDO7TbGLFJruHMW6cxwJeTra.SSrpmi/h0AI4ELGlGu',0,0,'2015-06-19 03:24:07','2015-06-19 03:31:36','','{}','0000-00-00 00:00:00',0,'','',0),(1097,'Sabrina Gray','sabrinavnwghlvkqhnh','noelyqisi@yahoo.com','$2y$10$HbOoNsVIbuXVkOoxJOP47.lqk9OW7JwTfZHUlBODqLMqlrdDyrayi',0,0,'2015-06-19 06:57:33','2015-06-19 12:39:11','','{}','0000-00-00 00:00:00',0,'','',0),(1098,'Jasmine Serisier','jasmineserisier31','quigglychristianiobs@yahoo.com','$2y$10$pIdliG85qv6xIAkb6v8kz.DwqNGSozXbO3ypQpmgxoEmDUQhepLWK',0,0,'2015-06-19 09:25:29','2015-06-19 09:27:25','','{}','0000-00-00 00:00:00',0,'','',0),(1099,'Florene Bolt','florenebolt6913381703','paulkellerhouseqyp@yahoo.com','$2y$10$5XDvEhfIaglOj3mFHG9xg.mpJ/Ch2ozZQL/Eb4dCggUNEQrwYwWUW',0,0,'2015-06-19 12:49:38','2015-06-19 12:58:05','','{}','0000-00-00 00:00:00',0,'','',0),(1100,'Francesco Eanes','francescoeanesnknxayn','hermiaquillenyqk@yahoo.com','$2y$10$zbucBX.JUdJ.lEQTaYWoU.lMm3DWVJ73qUTpriUNwa1HF5V9eDP.G',0,0,'2015-06-20 02:02:09','2015-06-20 02:19:46','','{}','0000-00-00 00:00:00',0,'','',0),(1101,'Candelaria Chaffin','dztcandelaria665','roxanaloertscherceh@yahoo.com','$2y$10$OPLfKFZCC4sl6T30MZDtZ.BmklyWzrq2klck2oX/dlil3E.09S0Qu',0,0,'2015-06-20 09:24:28','2015-06-20 09:26:33','','{}','0000-00-00 00:00:00',0,'','',0),(1102,'Margery Brodney','margerybrodneyusxg','dustilogginsscq@yahoo.com','$2y$10$zQ1.4e21bwEGczINo.VMiuNyEigzeS6u.1BAZHTClSnJuCzBnOh3u',0,0,'2015-06-20 11:21:11','2015-06-20 11:25:23','','{}','0000-00-00 00:00:00',0,'','',0),(1103,'Maxine Bennett','maxinejcq81105588','kaneshatippenscxq@yahoo.com','$2y$10$JasY2INefS0177OznLWNfewaIKMFV/RmiGD42OUx0MbRKvMHh6faC',0,0,'2015-06-20 14:10:01','2015-06-20 14:17:12','','{}','0000-00-00 00:00:00',0,'','',0),(1104,'Michelle Ramer','michelleramer1972123','dottilohwasserkoz@yahoo.com','$2y$10$22JVuOhUA3NTfp892RyLU.P1cmcx6nqD7GI/6M8JqGHNm/fftwuxK',0,0,'2015-06-20 16:43:45','2015-06-20 16:46:51','','{}','0000-00-00 00:00:00',0,'','',0),(1105,'Johnny Hays','johnnyhayswjjesiob','deboracostersrn@yahoo.com','$2y$10$Mi5iArbPGSqMZnOQ0EEgKui7/jqTWRtlStiDDopBZjUqc8XcK39vm',0,0,'2015-06-20 19:33:48','2015-06-20 19:41:59','','{}','0000-00-00 00:00:00',0,'','',0),(1106,'Donny Wurfel','donnywurfel91598','lawrencegfstickmanhhg4257@yahoo.com','$2y$10$/EE0V/aG2YmTcbtDQP4jNeqpY8RzSBKaYzhixDQQSZ37phgM0ocvG',0,0,'2015-06-20 21:18:34','2015-06-20 21:37:34','','{}','0000-00-00 00:00:00',0,'','',0),(1107,'Darby Soul','darbysoul024789716','sarimeehanoum@yahoo.com','$2y$10$x7.qnTRVkZJlLy.XkM/TAuvn0VO5OMRwcre2uRShYWUAPm.jhiPVy',0,0,'2015-06-21 00:36:30','2015-06-21 00:38:10','','{}','0000-00-00 00:00:00',0,'','',0),(1108,'Daryl Shimp','darylshimp4384312498','benediktcloerekt@yahoo.com','$2y$10$A/13uOXfCg7dhM4jKoiR7Oo2fnFcvOsZAok11uh4Sb9I6YSjV4Lmq',0,0,'2015-06-21 07:06:40','2015-06-21 07:13:55','','{}','0000-00-00 00:00:00',0,'','',0),(1109,'Judy Solis','judysolis109366951851','miriamganscut@yahoo.com','$2y$10$jmH.R6yvCUF0fyCGuMx2M.gJHk/uYFXPouyyCgqqN3.UvimHaGGPC',0,0,'2015-06-21 15:39:00','2015-06-21 15:43:57','','{}','0000-00-00 00:00:00',0,'','',0),(1110,'Cole Schweizer','mkvcole90728912','hewieschottxpk@yahoo.com','$2y$10$OglroEGNANr7qvpuOfrG1uELfFyhNXeXxhlS7JhTvvswn1DCjyxwG',0,0,'2015-06-21 18:17:16','2015-06-21 18:22:59','','{}','0000-00-00 00:00:00',0,'','',0),(1111,'Viola Hardison','violahardison51812','wondakrishnarft@yahoo.com','$2y$10$TjEVODoiBzspufADLWGxB.F99EojCOH7G1FnVnrUdqWZyYot4RklC',0,0,'2015-06-21 22:42:36','2015-06-21 22:47:33','','{}','0000-00-00 00:00:00',0,'','',0),(1112,'Dian Gollan','diangollan1298492','louisemcfaulzol@yahoo.com','$2y$10$0Fc2ECrl7M9qWmt7HRDPE.0QMHjp/0kM7RZOBa1MqWJrUJeMMf6yC',0,0,'2015-06-22 13:53:49','2015-06-22 13:54:59','','{}','0000-00-00 00:00:00',0,'','',0),(1113,'Stacey Chinner','staceychinner89','maragaretcolindresfax@yahoo.com','$2y$10$wuF99BinZekLi6IFB550WOtP9AE0TffVtEHlRxYkjpGfpW/9pD4da',1,0,'2015-06-22 15:17:24','0000-00-00 00:00:00','70b88178bd8235505993d117d28bea46','{}','0000-00-00 00:00:00',0,'','',0),(1114,'Chauncey Fryman','chaunceyfryman363','neilllacyxeq@yahoo.com','$2y$10$9U3c6haiUfNvJHe8uF7qNe4GlEJIVYnbeFSo9DcL3T4NleGv8P9Uq',0,0,'2015-06-22 17:40:23','2015-06-22 17:46:00','','{}','0000-00-00 00:00:00',0,'','',0),(1115,'Evie Poole','eviepoolebzpthtfce','apolonialamaxfcx@yahoo.com','$2y$10$tPeAhYb0YqXoZqvWo9MS/u1FAIagFiiXEbxhI4waGkj8xoUANEp/a',0,0,'2015-06-22 20:28:59','2015-06-22 20:45:03','','{}','0000-00-00 00:00:00',0,'','',0),(1116,'Georgia Finkel','georgiafinkelnafef','bibbyeleisnerxez@yahoo.com','$2y$10$OAe1ZJT2qhY8L1.87VJ8a.QinH1N3FVEOmXu/eusBj9lJQuIak0qO',0,0,'2015-06-23 02:31:11','2015-06-23 02:45:11','','{}','0000-00-00 00:00:00',0,'','',0),(1117,'Valentin Paulson','valentinpaulson','delindagaydoshlpf@yahoo.com','$2y$10$SIHFmBm182Is7IU9q3Eyy.muUdRYTEkUHr/SV2Y/8pJn8WzeC0CP2',0,0,'2015-06-23 13:44:16','2015-06-23 13:55:04','','{}','0000-00-00 00:00:00',0,'','',0),(1118,'Brock Cate','brockukzjbwncquqgynt','chrismanhdi@yahoo.com','$2y$10$vg92VdOhuwuZmzhn/iK.KOZySyWX9zNSUaa0AGNhr25.dvHjisgbS',0,0,'2015-06-23 14:17:44','2015-07-01 10:24:02','','{}','0000-00-00 00:00:00',0,'','',0),(1119,'Brenna Lovins','brennacckzkrbfteaufy','magda_prejsnar@go2.pl','$2y$10$6LvclkeRIiXb4aw7poNTkOW0ql1lxsmu6JtIm5x37jNBcwhXkecZG',1,0,'2015-06-24 03:23:39','0000-00-00 00:00:00','5a445e1900801ae9a503b5f000a0b855','{}','0000-00-00 00:00:00',0,'','',0),(1120,'Zak Wheen','zak73iroucnqxuz','spenserhoffmanngkc@yahoo.com','$2y$10$XZ0ISpVOXJG23iRiIjj73.9UABzmfgUTfB4SZN2uR2OT.ub3EnF5K',0,0,'2015-06-24 11:15:58','2015-06-24 11:29:55','','{}','0000-00-00 00:00:00',0,'','',0),(1121,'Janie Biaggini','janiebiagginirbq','ephrayimgowenssiq@yahoo.com','$2y$10$ZqcIS48v5XUCCQ4hhwex2.RIKKXRrqBAaFoIQG4wmm4emyTGo0Amu',0,0,'2015-06-24 17:39:35','2015-06-24 17:47:11','','{}','0000-00-00 00:00:00',0,'','',0),(1122,'Amos Daigre','amosdaigrepugon','jobiracioppiutn@yahoo.com','$2y$10$2.kzIKzxhsKShlboN/RwfuI/xFdjSHH5Q/cOPBbLkF1dBjv4ib1ha',0,0,'2015-06-25 08:45:35','2015-06-25 08:51:02','','{}','0000-00-00 00:00:00',0,'','',0),(1123,'Cecilia Groce','cecilia1496aqpjq','mathildawilkensmde@yahoo.com','$2y$10$vZ9aMo2VoPlYt9VE6PQWpOxXZ1i8FXUZqbdYWW5vZ0Mj5bpZ0jwV.',0,0,'2015-06-25 08:46:29','2015-06-25 08:52:54','','{}','0000-00-00 00:00:00',0,'','',0),(1124,'oscomrecous','oscomrecous','kostinamiralda1982349@rambler.ru','$2y$10$12Kqm07Z2JOnzcrCROBM2.8AxtQkli6bvS62clB1Bb85fi1R1krte',0,0,'2015-06-25 12:43:01','0000-00-00 00:00:00','','{}','0000-00-00 00:00:00',0,'','',0),(1125,'Liam Johnston','liamjohnstonngsscw','qianatagliariniptc@yahoo.com','$2y$10$JKlOSKkdxuPY9TGZPyNQIeQTemYp5FWkfaWxV.X/TlglrZxdru6wy',0,0,'2015-06-26 02:00:16','2015-06-26 02:20:42','','{}','0000-00-00 00:00:00',0,'','',0),(1126,'Elliott Crofts','elliottcrofts241','malvahedstromuep@yahoo.com','$2y$10$iE7FAFJdFLLPfdvWY7biEOGmMyeYUxPeUVZpvQ7vQHVNSX5BbrHlS',0,0,'2015-06-27 22:42:17','2015-06-28 00:59:15','','{}','0000-00-00 00:00:00',0,'','',0),(1127,'Barry Macansh','barrymacansh4767789','rahaldoraisybo@yahoo.com','$2y$10$3biASBnMoi4SQfGey0rnLOplDpJc0sFHhxyE86HpEGLdanhNcHDt6',0,0,'2015-06-28 06:10:39','2015-06-28 09:54:42','','{}','0000-00-00 00:00:00',0,'','',0),(1128,'Aubrey Trouette','aubreys24177523','mistybreukui@yahoo.com','$2y$10$PSXlehc7BXFgORSL.d6qiODiYRSiezeuhGMulY0AmdOsi1ZJWOWni',0,0,'2015-06-30 06:08:55','2015-06-30 09:23:31','','{}','0000-00-00 00:00:00',0,'','',0),(1129,'Rigoberto Seward','rigobertoseward14','cathernpitmanoru@yahoo.com','$2y$10$2e6bhJ8MN0imT7tounTs7.T0F4Zcdi/GkkFZTf74oS7kjq96HXoyy',0,0,'2015-06-30 11:39:22','2015-06-30 11:53:44','','{}','0000-00-00 00:00:00',0,'','',0),(1130,'Rocky Zaleski','rockyf715640594043983','jermainemongaruxl@yahoo.com','$2y$10$2F3FgNobfxIlG.youfFyyul9vJRekeZag1n4dayiUVAxknvcHFjUW',0,0,'2015-06-30 22:42:58','2015-06-30 23:53:44','','{}','0000-00-00 00:00:00',0,'','',0),(1131,'Tracey Cathey','traceycathey315','sanchohavnercda@yahoo.com','$2y$10$pfp94Gx2cOQqWE4/M/L8luFFD7NY.uKVEaLqLlRkhDzkbn4Vpdree',0,0,'2015-07-01 13:12:22','2015-07-01 13:15:56','','{}','0000-00-00 00:00:00',0,'','',0),(1132,'Wesley Pelensky','wesleypelensky63','inocenciariskapia@yahoo.com','$2y$10$qv0lSLApbGmPnYGWWqa7k.ha5fgt/Lp0pYbhZSoyKNVU1Kb2ySM5W',0,0,'2015-07-01 13:57:21','2015-07-01 20:24:15','','{}','0000-00-00 00:00:00',0,'','',0),(1133,'Florentina Horning','florentinahorning','joshuawamackyyp@yahoo.com','$2y$10$LpQmrsQdi3aXTihezb3LhOnWsorENx.weIAxVGyTPT6hTkGxoUqxC',0,0,'2015-07-02 05:22:25','2015-07-02 07:50:12','','{}','0000-00-00 00:00:00',0,'','',0),(1134,'Mayra Tunstall','mayratunstall65129','hollyannedesadiercgs@yahoo.com','$2y$10$BfpqyyI33.WcFx2KYKL1/.Pi.AQiYw5c5Bb.vkqq0dYvLFlEZjCvu',1,0,'2015-07-02 20:56:19','0000-00-00 00:00:00','20580213f3b365da3d0e1f20ea0badb2','{}','0000-00-00 00:00:00',0,'','',0),(1135,'Yvette Tuggle','yvettetuggle864','dynaruccidev@yahoo.com','$2y$10$fz3xg6e9ICpQp.Le58p6jOURFE0PQQqYLoF5pEt33xBxZy1zvSna2',0,0,'2015-07-04 03:05:38','2015-07-04 03:08:38','','{}','0000-00-00 00:00:00',0,'','',0),(1136,'Nelle Mill','nellemill3411467340','kerrillmarazitanmx@yahoo.com','$2y$10$vPbLux50rfz8c2r1leS3.uAu1QW2W2XhSwhHXpAajE3PZA8415Iyu',0,0,'2015-07-05 15:25:05','2015-07-05 15:30:32','','{}','0000-00-00 00:00:00',0,'','',0),(1137,'Maybell Nale','maybellnaleeaizuju','conniemonielsq@yahoo.com','$2y$10$fZkJfkINMS/qFVxTFFum4.JEYgJ2A75u/ekb0G/F.0I/gsUVVcrNi',0,0,'2015-07-05 16:12:10','2015-07-05 19:02:04','','{}','0000-00-00 00:00:00',0,'','',0),(1138,'Audrey Daigre','audreydaigre00020651','tyishapitterwre@yahoo.com','$2y$10$lXq0QW3/fO0EDkLj8zb7N.SiSUQeerQxd5mpXssO31uLc859eB4tK',0,0,'2015-07-07 10:39:15','2015-07-07 10:45:51','','{}','0000-00-00 00:00:00',0,'','',0),(1139,'Oscar Farrington','oscarfarrington5366','keirakalbxfr@yahoo.com','$2y$10$DkIE3ZSkXVVFmKRH/gKGZuXFjaUm8ZCT275Bo2nCBy6v/oozxmMvW',0,0,'2015-07-08 14:51:59','2015-07-08 15:02:44','','{}','0000-00-00 00:00:00',0,'','',0),(1140,'Annis Landon','annis1438shixeplarumf','ymzledelo@yahoo.com','$2y$10$BoN9sArQPRbkSFnvVDriaeskwj.UtCpE0YgsTHr7FsIjVB1YQE2re',0,0,'2015-07-09 06:08:12','2015-07-09 06:34:07','','{}','0000-00-00 00:00:00',0,'','',0),(1141,'Windy Blodgett','windy40s8731276337332','windyblodgett@first.zonerig.com','$2y$10$OpvVlXTZxb70gxglXRg69O11KuORBTzDjEB0wmydW5HHzHpMCH6x2',1,0,'2015-07-09 06:42:17','0000-00-00 00:00:00','e63705e05dcb1ca6e11d865ab1c30920','{}','0000-00-00 00:00:00',0,'','',0),(1142,'Eugenio Strout','eugeniostrout7103965','laceymersonog7345@yahoo.com','$2y$10$4P457ynEvcwX/JvoRmvc5e9Cbdf2OPSMRdZZcdy/kJCpGu7md5Mqi',1,0,'2015-07-09 13:33:36','0000-00-00 00:00:00','b9b3768fe2d71dc6805b04ca0e8589ae','{}','0000-00-00 00:00:00',0,'','',0),(1143,'Elmer Deegan','elmerdeegan634542','sanorawinrichyc5745@yahoo.com','$2y$10$8JFzFPgRH4PFWLu0QpSRF.2CYs.2Dnmb/LehZ3yTFEDYVESp8/gFa',0,0,'2015-07-09 17:06:10','2015-07-09 17:39:44','','{}','0000-00-00 00:00:00',0,'','',0),(1144,'Gay Salmon','gaysalmon86284321527','allenewangercvw@yahoo.com','$2y$10$w941IMoouq/PTH44IXkaveMPWsoI.3vy7o4Wz6xBIeX1wJVQS5zxq',0,0,'2015-07-09 18:45:05','2015-07-09 18:58:25','','{}','0000-00-00 00:00:00',0,'','',0),(1145,'Skye Paris','skyeparis5842264166','dariooteykxc@yahoo.com','$2y$10$NEhQDJcdc6aBTaKE6f06quwMjg/uhirwBou4oa6Yd9pIqxvdvNbB.',0,0,'2015-07-10 03:26:48','2015-07-10 03:34:03','','{}','0000-00-00 00:00:00',0,'','',0),(1146,'Marcella August','qvamarcellahljjdnmcu','rupertlgxws@yahoo.com','$2y$10$hfuwm/jRdyshBlRvUmiGa.vU7vAgfIE.6.6oqEl6r1E8FC2RXE0DG',0,0,'2015-07-11 16:44:05','2015-07-11 16:46:14','','{}','0000-00-00 00:00:00',0,'','',0),(1147,'Henrietta Connely','henriettaconnely4','kishayancehah@yahoo.com','$2y$10$eIW3zC.ahm5cuhAEBmMM5O9HHq99E8wzzgHkjO7NWPGInZxawLmaC',0,0,'2015-07-11 18:55:11','2015-07-12 00:39:08','','{}','0000-00-00 00:00:00',0,'','',0),(1148,'Lavonda Morrill','lavonda19q085704','waiterbenningtondkq@yahoo.com','$2y$10$JWWXwb/7J/HSNP.vIlYide6uXpTn9YhZPBxS/SV9DStvBvYSTs0yO',0,0,'2015-07-12 03:15:48','2015-07-12 10:02:21','','{}','0000-00-00 00:00:00',0,'','',0),(1149,'Chelsea Skuthorp','chelseaskuthorp62706','jameygasparinowku@yahoo.com','$2y$10$Io/U4u2.xppyak5TyjBcReV.yIg/xuKYyNiUEz706wCbX24vLnQoG',0,0,'2015-07-12 06:20:41','2015-07-12 08:37:53','','{}','0000-00-00 00:00:00',0,'','',0),(1150,'Lucy Carboni','lucycarboni50673822','chrissydantuonoqxs@yahoo.com','$2y$10$Zl861MGG/l2OJbbETKXvE.nf4Tgb0GYEYsROi17w1kfPc2Lk3avw2',1,0,'2015-07-15 00:08:40','0000-00-00 00:00:00','a417799719459ec5536fe678136986b9','{}','0000-00-00 00:00:00',0,'','',0),(1151,'Bea Holub','beaholubswpbpyegetaz','privateezm@yahoo.com','$2y$10$jF.Cx2v7VvFgi9PNG45dKudmtW5M0E.yjKo133o.wZpFwMlubukJ2',1,0,'2015-07-15 01:33:52','0000-00-00 00:00:00','bbd9bfdc2890ea5a4fdcd529a6f2f209','{}','0000-00-00 00:00:00',0,'','',0),(1152,'Esmeralda Cathcart','esmeraldacathcart72','calypsomeffertssc@yahoo.com','$2y$10$MQNqwzLEb3WWz01OQoxzZ.3or3FAgsnJkn4ZsrZhYtyrFMktNOZXy',0,0,'2015-07-15 03:29:02','2015-07-15 05:37:36','','{}','0000-00-00 00:00:00',0,'','',0),(1153,'Jeanett Haddon','jeanetthaddon1168313','leonuribebo2640@yahoo.com','$2y$10$7lH7EHKWrdSrD4G2v.MrV.540lTrq1JmRBzdcfvDV6fDYBSZymfdC',0,0,'2015-07-15 23:35:39','2015-07-15 23:42:23','','{}','0000-00-00 00:00:00',0,'','',0),(1154,'Almeda Quezada','almedaquezada0964','sherikafincheramz@yahoo.com','$2y$10$krzNeur5nX2HoxCsFkRpcuhI24yAR3.Pr9w6Ks1oilJB1yFiltqr6',0,0,'2015-07-17 04:43:57','2015-07-17 16:19:24','','{}','0000-00-00 00:00:00',0,'','',0),(1155,'Shane Lopez','shanelopez3775796','kellifortmanrj5071@yahoo.com','$2y$10$IEFCKXjUF9HLgMV/z1Bci.jZC7mS8f6RjN88hgQIJ1kjC4etV3Tgm',1,0,'2015-07-17 05:13:16','0000-00-00 00:00:00','120057846a7a2a25e46df56bd92cbf43','{}','0000-00-00 00:00:00',0,'','',0),(1156,'Gracie Bayly','graciebayly5406','delorasregierfh2456@yahoo.com','$2y$10$1oaLgh0pkiDPG36nZRS11OUR9zrVFxr59TKu9dj1MQaSYonkIyzOG',1,0,'2015-07-17 15:09:48','0000-00-00 00:00:00','3cec96d136aa161c1a4e0a324c5e325f','{}','0000-00-00 00:00:00',0,'','',0),(1157,'Gennie Hedin','gennie1918245101','tawnyaberteaucnp@yahoo.com','$2y$10$rgAqSxLyBjuosWFyfahpvuzuQaUdWqMeOb1tPySqlTdVadp4xU1/2',0,0,'2015-07-18 01:56:08','2015-07-18 02:04:47','','{}','0000-00-00 00:00:00',0,'','',0),(1158,'Phoebe Isaac','phoebeisaac80961','dennishooleycqt@yahoo.com','$2y$10$YdxtW69cXFOHxC89twaFEO2qAsGY5b3iMe3wiqCAzHwgr9oNIMDRe',0,0,'2015-07-18 11:46:41','2015-07-18 11:58:10','','{}','0000-00-00 00:00:00',0,'','',0),(1159,'Justine Staley','justinestaley73626','santossatterleypo9752@yahoo.com','$2y$10$cFz5H4YHvri.JdvGMxqfzuHQuCvTIRvw7zNOJITzVRpROrOFwHMKu',0,0,'2015-07-18 19:54:53','2015-07-18 19:58:12','','{}','0000-00-00 00:00:00',0,'','',0),(1160,'Oliver Dietrich','oliverdietrich','cleopatraengelhardtri6147@yahoo.com','$2y$10$NjBwx2CAttsafA3z7yG71eCrk5XgWFKzhxzWEPw7RJ59npLYZsYAq',0,0,'2015-07-19 04:18:27','2015-07-23 00:14:33','','{}','0000-00-00 00:00:00',0,'','',0),(1161,'Mayra Fabela','mayrafabela1698','etiennefleegerzyu@yahoo.com','$2y$10$lZEvF6xSVosfbm8BCie7k.2KrjUpquRZXOA0O5xzI.FLQhW9pYAPm',1,0,'2015-07-21 17:45:11','0000-00-00 00:00:00','0f950d986ee7243e7c1687983e754e06','{}','0000-00-00 00:00:00',0,'','',0),(1162,'Freddie Austral','freddieaustral5','elschusnutne1986@zobaczsobie.pl','$2y$10$9a3nEsWLh21KQRW4cc.0t.nxNPoayLUA1pnYunIvV/FKmqAaNqbqm',0,0,'2015-07-22 14:29:31','2015-07-22 15:11:46','','{}','0000-00-00 00:00:00',0,'','',0),(1163,'Veronique Scammell','veroniqueqyj351','posfecacer1982@zobaczsobie.pl','$2y$10$pUWYvK/F5aMt54sTtbHzHeuoSp./xbk3ly.I2HTsGc3ZNH.nlCm4i',1,0,'2015-07-22 16:44:56','0000-00-00 00:00:00','3655045bb9eaebf508b29bc006626af1','{}','0000-00-00 00:00:00',0,'','',0),(1164,'Lashonda Cissell','lashondacissell','pepialdersonvmq@yahoo.com','$2y$10$BFespbwZWdO5jgUyK4tUve59hqTBJuIUuzJWcPqMqD/erJguzKkPa',1,0,'2015-07-23 02:00:57','0000-00-00 00:00:00','f6c0528fec852a5290bad57feeea3981','{}','0000-00-00 00:00:00',0,'','',0),(1165,'Mack Adcock','mackadcock8516686005','frederickaschwartsome@yahoo.com','$2y$10$N2GsaLVjNYAEBuqgMsuQouod1OvJkPKVoBPpRBhEnDWL0D9u7uJse',1,0,'2015-07-24 02:40:32','0000-00-00 00:00:00','70bd468ba720a0af4966624bf96cd1ec','{}','0000-00-00 00:00:00',0,'','',0),(1166,'Yong Reuter','yongjjt28810835509','bertikahnllh@yahoo.com','$2y$10$manhBfj.RuR4ZD7j591qDePvorOIa.G9cEoP2sWVpJWtQjLN/CJAi',1,0,'2015-07-24 03:21:38','0000-00-00 00:00:00','f4fc446ef16517c48acff93e2afa05d8','{}','0000-00-00 00:00:00',0,'','',0),(1167,'Natalia Mawson','nataliamawson9390984','wanteafflpq@yahoo.com','$2y$10$fE.KamErgoG2Wlr17zHcnOIupRI2RzoW02ldMdYyO.7CNrz449Rfy',0,0,'2015-07-25 05:23:37','2015-07-25 12:45:33','','{}','0000-00-00 00:00:00',0,'','',0),(1168,'Georgina Mercier','georginatdm81900','luettapisanoqbv@yahoo.com','$2y$10$jseWjPDRMVdth8vRvTpcmOtAjKbp7b8LSOHBd8VZ9XBQNkcfmRgg.',0,0,'2015-07-25 07:26:31','2015-07-26 00:46:42','','{}','0000-00-00 00:00:00',0,'','',0),(1169,'Adela Tickell','adelatickell9129220','aerielasweatmankbp@yahoo.com','$2y$10$h1aumMZmOMq94lKp569r3Okshcg1e0OQAL4NQDCxf5bWTDZ84gMFm',1,0,'2015-07-25 23:00:26','0000-00-00 00:00:00','cfb01a430a8c81c9f63f0a42873a1743','{}','0000-00-00 00:00:00',0,'','',0),(1170,'Emely Sallee','umwemely2496602450103','trishwankerjtv@yahoo.com','$2y$10$I.ZP4xOh6fgooGFZ4zJP/.SCw3xEEH7VFWZH0O2npopYWh3plQx3S',0,0,'2015-07-26 20:36:42','2015-07-27 16:19:31','','{}','0000-00-00 00:00:00',0,'','',0),(1171,'Angela Cornett','angelacornett28054','marlounwinlbk@yahoo.com','$2y$10$VCnmYge5F7fb0Zf4/SRAteu6RI67nTBkQK60ccxtF3w/gUNgu411C',0,0,'2015-07-27 15:20:39','2015-07-28 06:22:47','','{}','0000-00-00 00:00:00',0,'','',0),(1172,'Matthias Buck','matthiasbuck7760','dennispietilabrm@yahoo.com','$2y$10$arMIPARJlW4s9dcDPTdmA.JozCMiBUYvthesx5oC2iUSgOyL.6iv.',1,0,'2015-07-29 19:10:43','0000-00-00 00:00:00','005a552a4a30d2cbc4e5b3979bb04878','{}','0000-00-00 00:00:00',0,'','',0),(1173,'Francine Desaillly','francinedesaillly061','loellamagallonmxj@yahoo.com','$2y$10$dnwItyza4azHXB7pGZrdgusQrVBy/6JdNN8.5GgUpGhRPFwFHlzgi',0,0,'2015-07-30 18:31:32','2015-07-30 18:37:27','','{}','0000-00-00 00:00:00',0,'','',0),(1174,'Julio Everett','julioeverett41126467','dorianshofffqs@yahoo.com','$2y$10$thc5TPqv/zSiTCmxCz0jpOsMySHR6UUbwrzWsBbswJcR9pypvVGFu',0,0,'2015-07-31 18:12:03','2015-07-31 18:18:37','','{}','0000-00-00 00:00:00',0,'','',0),(1175,'Bettina Bergman','rysbettina7235940021','garvmoeningcmr@yahoo.com','$2y$10$hddQsZwI7Xp7ydOTGPL8h.3Uw2VFU.9UXbpU18e2bU8Qg8ZDg9DnG',0,0,'2015-08-01 15:38:06','2015-08-01 15:39:07','','{}','0000-00-00 00:00:00',0,'','',0),(1176,'Lien Tighe','lientighe3854034','mayapoholskydlg@yahoo.com','$2y$10$uRMNRAzZt6BTFcR6X/5/n.DlWJNtfaPw900i/GFxy5ktvuKh7q1VC',0,0,'2015-08-02 22:17:21','2015-08-02 22:24:22','','{}','0000-00-00 00:00:00',0,'','',0),(1177,'Ala Ma Wielkiego Kota','acdrgbddrejos','zipis@noclegor.pl','$2y$10$JwqbLsU71mTU.ZM9d.la/OEtFfjH3utp/qS7gjNw1oWo3.8kHuFEO',0,0,'2015-08-03 06:55:23','2015-08-06 02:51:40','','{\"editor\":\"\",\"timezone\":\"\",\"language\":\"\"}','0000-00-00 00:00:00',0,'','',0),(1178,'Shaun Elizondo','shaunelizondo791','christoferishiharaltq@yahoo.com','$2y$10$1YlUDAvCRR2.rB.RUT2GGe3zXwsD4uf/Rr3E9Zcpj.fxOoYSWfwjq',0,0,'2015-08-03 22:03:49','2015-08-03 22:21:44','','{}','0000-00-00 00:00:00',0,'','',0),(1179,'Rick Ferraro','rickferraro756442732','ellacavallifzp@yahoo.com','$2y$10$/dMY6Q0Mp5PiYAu1mN3Tr./Ifiu3h75Alk7R24tdeMnun0G7zQuE2',1,0,'2015-08-04 15:00:46','0000-00-00 00:00:00','32fd5e9b0dbadbe5efcf636ce4c24d5a','{}','0000-00-00 00:00:00',0,'','',0),(1180,'Chanel Rotton','chanelrotton12706','michaelinabeauchainekza@yahoo.com','$2y$10$.8fvCczYG6Sk0zYqWnXh3OJg/YhfVkzKgeW6f3qRgHT6oWwDogPri',0,0,'2015-08-04 21:33:56','2015-08-04 21:36:10','','{}','0000-00-00 00:00:00',0,'','',0),(1181,'Octavio Neuman','octavioneuman368852','carialafontaineebn@yahoo.com','$2y$10$2ZoeGSWiCJQ16ON6RC7B6OjEz8Iq0YGCAXpds5CEJH27PrwYw1NO.',0,0,'2015-08-05 00:39:33','2015-08-05 00:46:52','','{}','0000-00-00 00:00:00',0,'','',0),(1182,'Emerson Catani','emersoncatani7186','eliashennemanzff@yahoo.com','$2y$10$kxC1Shw/y2NayV4RIpgzKO2yFNt4nkW.n6suVxQvNe7/fkRHwyEW2',0,0,'2015-08-05 05:07:16','2015-08-05 05:14:29','','{}','0000-00-00 00:00:00',0,'','',0),(1183,'Georgiana Stricklin','georgiana83w46416','kienancananali@yahoo.com','$2y$10$bVaCz8hCwRDaktPnk7agB.WbiUKzrHESkvlFOF/Hc6d5zj1VPYtYa',0,0,'2015-08-05 08:20:17','2015-08-05 08:32:34','','{}','0000-00-00 00:00:00',0,'','',0),(1184,'Ernesto Berkman','ernestoberkman76','fayettesargeantyod@yahoo.com','$2y$10$n2sXMgK0vmTw/CkF3LnRF.3LLWqXDfv/kPebOlEsu6a3/WdTH3Dmq',0,0,'2015-08-05 10:45:27','2015-08-05 10:50:44','','{}','0000-00-00 00:00:00',0,'','',0),(1185,'Wendi Vardon','wendivardon179331893','murieldeneenocm@yahoo.com','$2y$10$exgE/7JqciWVDT9Ff3oWB.cXdUs6kL5xNTOaj7yLEhC2/wwu5JKxm',0,0,'2015-08-05 15:57:37','2015-08-05 16:02:19','','{}','0000-00-00 00:00:00',0,'','',0),(1186,'Milford Shively','milfordshively71305','engelbertzanellabmh@yahoo.com','$2y$10$iSH.vQenc8dpwyeICKqlbeqb5u1tiMMrJxE7ksvq6Fp4TjsZsb41a',1,0,'2015-08-05 15:59:03','0000-00-00 00:00:00','7e4b7878b49f1aa9524ca69512c492a8','{}','0000-00-00 00:00:00',0,'','',0),(1187,'Brandi Caraway','brandicaraway020','ginellezadedaf@yahoo.com','$2y$10$MW9Yd4kRxUPR/SXfZl1mDu5Ni7XGJkHxUywOPAnbVbmvs9BaD5HE2',0,0,'2015-08-05 19:00:58','2015-08-05 19:02:46','','{}','0000-00-00 00:00:00',0,'','',0),(1188,'Selene Tinline','selenetinline3832','kathaleendittrichwtn@yahoo.com','$2y$10$qwYOCb5SpcuWlEvCBukw9O.AABGLWHN8DNoY3s3iFo2v2cAnJmZvW',0,0,'2015-08-05 20:09:52','2015-08-05 20:10:47','','{}','0000-00-00 00:00:00',0,'','',0),(1189,'Boris Buckman','borisbuckman16646188','cathadurranceism@yahoo.com','$2y$10$82qwK6TqoV8yCzWc4h4b8uMDpR3fLnXIJdBy2Ixgm3wi6nfxr/K1y',0,0,'2015-08-05 21:20:09','2015-08-06 06:58:21','','{}','0000-00-00 00:00:00',0,'','',0),(1190,'Rodolfo Chiaramonte','rodolfochiaramonte7','sayresbarrickmanzsu@yahoo.com','$2y$10$636uxFIqH4aF5fcRNw5UAePREQ3blovDgG8qjBy83B5DnOzHY4Ohu',0,0,'2015-08-06 03:35:54','2015-08-06 03:37:59','','{}','0000-00-00 00:00:00',0,'','',0),(1191,'George Lardner','georgelardner40972','kendallcesadco@yahoo.com','$2y$10$5AOQlsKy8wkIb7apUJSVCOJFpVkzOEgtVCiBq4NWfNgffvl2ZuyVm',1,0,'2015-08-06 07:29:39','0000-00-00 00:00:00','a34faafcc21a3b1d03ad5a103858ce2a','{}','0000-00-00 00:00:00',0,'','',0),(1192,'Refugio McConachy','refugiomcconachy1','stevietrumboreehd@yahoo.com','$2y$10$D1QyNye5bWwvMYpkIvLNhecU9AvMNlyKp.dfsydHJnfVGygrf33jm',0,0,'2015-08-06 09:29:45','2015-08-06 09:30:25','','{}','0000-00-00 00:00:00',0,'','',0),(1193,'Sheldon Larocca','sheldon3496194529960','evangelinabermudesxoz@yahoo.com','$2y$10$gwRj0qtJicXAi71BdDMPduxLDQZaBnNZQi.rFl52ymbbiarTwjvPS',0,0,'2015-08-06 12:40:00','2015-08-06 12:45:09','','{}','0000-00-00 00:00:00',0,'','',0),(1194,'Kelley Linney','kelleylinney7437','maurenekrackeugf@yahoo.com','$2y$10$tYEZguPdrRfDey8pN22ZFeQRlH387Cio6OzUALVaQDhMcIaC0s5LS',0,0,'2015-08-06 16:41:47','2015-08-06 16:48:15','','{}','0000-00-00 00:00:00',0,'','',0),(1195,'Christena Giron','christenagiron5279','jedediahpabichrys@yahoo.com','$2y$10$NH2Hu2P7AESH4wgQvxSreeL7Gwtvj5jKevTJXp9vvQ33/dwHvmYdq',1,0,'2015-08-06 19:00:06','0000-00-00 00:00:00','d5921e4ba6fb06d909e61dc160fd36f5','{}','0000-00-00 00:00:00',0,'','',0),(1196,'Bret Elder','bretelder604652','chelsielemmosod@yahoo.com','$2y$10$SONII0sYNDSQAWpbnLBVJuUyAzuZEM7Vudz0gmeBYNjYIOeh0B42C',0,0,'2015-08-06 20:21:18','2015-08-06 20:28:22','','{}','0000-00-00 00:00:00',0,'','',0),(1197,'Sal Trommler','rflsal4657299839093','ameerobleezr@yahoo.com','$2y$10$cMCdwcgixWGCHYjm88GrcOBXF20jEcJtc4FYNDL0KLVlILlgptNJC',0,0,'2015-08-06 20:27:34','2015-08-06 20:36:47','','{}','0000-00-00 00:00:00',0,'','',0),(1198,'Chassidy Hardison','chassidyhardison678','maddiepataodgi@yahoo.com','$2y$10$ySZedazOyaXaMz03QD5CBe4KEndzOaLY8tQYVqNZr6k5RLjR11c7u',0,0,'2015-08-06 21:05:26','2015-08-06 21:06:30','','{}','0000-00-00 00:00:00',0,'','',0),(1199,'Kourtney Branch','kourtneybranch60','raimundcutchinboi@yahoo.com','$2y$10$oCLKn7PvpiVdz4TehyoPiu576l9vvZ3IXymtz.J7UySAC.0i2C/NW',0,0,'2015-08-06 22:38:14','2015-08-06 22:39:56','','{}','0000-00-00 00:00:00',0,'','',0),(1200,'Leonard Halfey','leonardhalfey1194','woodlomidi1975@zobaczsobie.pl','$2y$10$2ujTjWU48qOEcWf5qeAaBO.fX.jawhvPB6MzLmqK7seHl2/sNf2hy',1,0,'2015-08-06 22:53:33','0000-00-00 00:00:00','4e450d529fc2177cf8aed34ce2f07023','{}','0000-00-00 00:00:00',0,'','',0),(1201,'Justin Camfield','justincamfield47191','downhomastuss1986@zobaczsobie.pl','$2y$10$1Y.Wm20oXK/2Ac1wULNbZeHEoomkvEl9UCpk3K5707oJLJS0rigay',1,0,'2015-08-06 22:58:35','0000-00-00 00:00:00','31b14bfe0ac088799c8d74c2ec32ed17','{}','0000-00-00 00:00:00',0,'','',0),(1202,'Zelda Penny','zeldaqpo990686365','dominicabodenschatzslp@yahoo.com','$2y$10$RCYtGWEIL/Uo//fd4Pc2Ae48LDkTl7Zcai3aFBb1ef40ewMt8t6be',0,0,'2015-08-07 00:04:11','2015-08-07 00:05:04','','{}','0000-00-00 00:00:00',0,'','',0),(1203,'Bradley Saiz','bradleyrpy017234','wenremptenad1980@zobaczsobie.pl','$2y$10$UXJUsfyjX59LlEiuJO0jveTGdg6MY7KjBLETx6dQweO7DmEpWGGUm',1,0,'2015-08-07 02:10:23','0000-00-00 00:00:00','04af88d13cc1735ea8215d4b9fdf5564','{}','0000-00-00 00:00:00',0,'','',0),(1204,'Denese Waylen','denesewaylen53856291','dhartaglipsse1981@zobaczsobie.pl','$2y$10$JML16Pc1eYMr.7OaBUcIGunxQwBN2VQBx9k/MgKL29lHqFIM8sQMy',1,0,'2015-08-07 05:22:57','0000-00-00 00:00:00','9e600684d4fb242215572321e42b5bb5','{}','0000-00-00 00:00:00',0,'','',0),(1205,'Fredericka Hodson','frederickahodson96','dehliawindholzkvb@yahoo.com','$2y$10$.a2sigGdWiYpGhKtPKbA4uMEhgns0TUdlQD5vxeHN.KBXkS3DqQl.',0,0,'2015-08-07 06:46:25','2015-08-07 06:48:25','','{}','0000-00-00 00:00:00',0,'','',0),(1206,'Torsten Mowry','torstenmowry6571455','saundradraytonhwe@yahoo.com','$2y$10$EDn4vXNkag66V3Hp49MqwO.6Uc/LyolePrOmt26YfxFbznNQw0NRy',0,0,'2015-08-07 10:44:58','2015-08-07 10:52:40','','{}','0000-00-00 00:00:00',0,'','',0),(1207,'Tawnya Newby','tawnyanewby37290','winnsawyerxhc@yahoo.com','$2y$10$FQ1tc0XPqO1lX7ZDM//VGeMRJBaBCs/Ry7BarydORjdq7LmxR12jK',0,0,'2015-08-08 01:33:17','2015-08-08 01:36:07','','{}','0000-00-00 00:00:00',0,'','',0),(1208,'Zelma Ludwick','zelmaludwick614','savannamonteverdenj3211@yahoo.com','$2y$10$3BXrdXwlMRkswoC5Gio75uURfelhy07w2RDHTTFQ4nvadoszrgq8m',0,0,'2015-08-08 06:44:35','2015-08-12 22:37:59','','{}','0000-00-00 00:00:00',0,'','',0),(1209,'Cindy Trahan','cindytrahan56677','daniellemcgroryir8262@yahoo.com','$2y$10$revkCnGi7oArlb5qhc1vlOgI0VSrsaBUHbi97ZA73R9NxkezfYk7O',0,0,'2015-08-08 08:07:49','0000-00-00 00:00:00','','{}','0000-00-00 00:00:00',0,'','',0),(1210,'Latonya Stansfield','latonyastansfield249','eleanorglaabwj6240@yahoo.com','$2y$10$T.MwoYBV4iyqUczlnXPh8.yo38ueTSVHUNXqXnwkg9tdP5Hp8WIaW',0,0,'2015-08-08 10:38:06','0000-00-00 00:00:00','','{}','0000-00-00 00:00:00',0,'','',0),(1211,'Krystle Tibbs','krystletibbs8900','kathawarnekeewm@yahoo.com','$2y$10$5rjn4FbTwWgwzG1WyGy4NOqM/sF7.NgI8IlqqkvHffONxkzxapXu6',0,0,'2015-08-10 02:13:23','2015-08-10 02:19:39','','{}','0000-00-00 00:00:00',0,'','',0),(1212,'Devin Paramor','devinparamor6457','alyciatsruozzokih7142@yahoo.com','$2y$10$5OPMPN3hVaObj/1YQhVpx.yJmej3ErRfZU5nClRdJ3H6y3lSegRzm',1,0,'2015-08-12 07:47:21','0000-00-00 00:00:00','7613c8174f794087ab22a870d0c9f29e','{}','0000-00-00 00:00:00',0,'','',0),(1213,'Tresa Schuster','tresaschuster66621','brinkleybjorkoyqtl@yahoo.com','$2y$10$ehSjcKdDt.Q3xaq9CoyevOjl0IfOzUxVpmh0obhnH.TfNDiE3O33W',1,0,'2015-08-13 06:44:01','0000-00-00 00:00:00','4aedcdc1307d4716a40a73e575d802aa','{}','0000-00-00 00:00:00',0,'','',0),(1214,'Shelton Chick','sheltonchick321','ulrickborshoiu@yahoo.com','$2y$10$wf/bevZ8Vbr9rx9q4LVtMem8nxBib410610fjk0Vy0HJpjk4viGhO',1,0,'2015-08-14 17:23:57','0000-00-00 00:00:00','489d1b0b92175136bdd152ed391d27db','{}','0000-00-00 00:00:00',0,'','',0),(1215,'Conrad Breshears','conradbreshears34296','allicordanotfi@yahoo.com','$2y$10$wuDKDxgxPy564l.wCaS1dONo10Ziy1R93A0mKpzHOD13OhI.qSYsm',0,0,'2015-08-18 17:42:02','2015-08-18 17:48:32','','{}','0000-00-00 00:00:00',0,'','',0),(1216,'Aurelio Northmore','aurelionorthmor','angelynknicelycc4953@yahoo.com','$2y$10$cglFOOxmBxaKvSjAtpgqbevWt7R2At3e0BVUZwj1pVUInbtdwyKmq',0,0,'2015-09-05 22:46:48','2015-09-12 20:47:36','','{}','0000-00-00 00:00:00',0,'','',0),(1217,'Katherin Bagshaw','katherinaer301','cczcxxxx@zobaczsobie.pl','$2y$10$nfjI4CBzOlyV6Y95suctb.NQLlwLLihUSJtD8A9iaKYXA8um9Brn.',0,0,'2015-09-06 01:02:00','2015-09-12 22:22:45','','{}','0000-00-00 00:00:00',0,'','',0),(1218,'Margie Burn','margieburn92862','milenaellifritzlmu@yahoo.com','$2y$10$esr2I7EZJzqvR44P5MywJe00sfi37iwtnjUkaBWjcv4TFnfAf9Hi.',0,0,'2015-09-10 03:02:40','2015-09-10 06:12:45','','{}','0000-00-00 00:00:00',0,'','',0),(1219,'Sara Kurtz','vklsara267776493','vickeypellandvtv@yahoo.com','$2y$10$SN.0vddoBZ5ZoCFFf3Qky.UOMzLNOL4lVWtnR8wo5XjiOuq7Z3zr.',0,0,'2015-09-10 12:29:20','2015-09-10 12:35:56','','{}','0000-00-00 00:00:00',0,'','',0),(1220,'Lenora Bladen','lenora67q5669600','emmalinedutschke@yahoo.com','$2y$10$bbcWE7ZFNipqfsbCVYeyJOVSS22yaXYA0t8gCHbyzdGbMw5R4Ekom',0,0,'2015-09-20 05:01:24','2015-09-20 05:04:46','','{}','0000-00-00 00:00:00',0,'','',0),(1221,'Alton Link','altonlink221023','solzaphiris@yahoo.com','$2y$10$kkEUTle2nU5hw2l6KrJdOeOKaoEGhmtOHood1x999hOm0saCP3qS2',0,0,'2015-09-20 07:00:42','2015-09-20 07:01:48','','{}','0000-00-00 00:00:00',0,'','',0),(1222,'Maurice Prada','maurice17560555','spiegelmanneal@yahoo.com','$2y$10$zcU1Ku6i2jaq2kECyGTT1ueX5eAN2uWwn.kTg9XmFrGiUWUUxZOPG',0,0,'2015-09-20 11:22:26','2015-09-20 11:25:52','','{}','0000-00-00 00:00:00',0,'','',0),(1223,'Kathy Witt','kathywitt6193605648','malyndaneedleman@yahoo.com','$2y$10$pMBheeOxzUBTFjU9W1fn9epOqoH4hTQWQDShYIuzhtWcWaKy6muXy',0,0,'2015-09-26 11:46:40','2015-09-26 11:50:05','','{}','0000-00-00 00:00:00',0,'','',0),(1224,'Viola Laura','violalaura7376472','lenaricartcosta@yahoo.com','$2y$10$rLO2TGhzOe78MU.Jf8wrpeG2c6K1cyAeU4Yr8LSzTWfl3pShGraG2',0,0,'2015-09-26 20:28:26','2015-09-26 20:36:36','','{}','0000-00-00 00:00:00',0,'','',0),(1225,'Ila Boothman','ilaboothman9252','abbazambrano@yahoo.com','$2y$10$9eV.S96W9bi6mMbQpQJfX.3hlm1wqS0qjbWNeh57XfZbidm9XpCBm',0,0,'2015-09-28 22:08:42','2015-09-28 22:13:22','','{}','0000-00-00 00:00:00',0,'','',0),(1226,'Efren Hansell','efrenpna2590799787724','jaradreasenberg@yahoo.com','$2y$10$JfsrH0cTdDQi/K/4u8rQQ.E3w4xLG2SAIsse92s2.9edQIpsry4zm',0,0,'2015-09-28 22:22:28','2015-09-28 22:23:52','','{}','0000-00-00 00:00:00',0,'','',0),(1227,'Stella Anaya','stellaanaya332478','andriswrinn@yahoo.com','$2y$10$EYLhKfwUBSaLpEKVJ4fHSOiaoO/vZw1u1XamA9KIQOtblklk9jefC',0,0,'2015-09-29 10:37:44','2015-09-29 10:39:09','','{}','0000-00-00 00:00:00',0,'','',0),(1228,'Ralf Ledet','ralfledet60614246','madelineibroeckeribuv4613@yahoo.com','$2y$10$JItnQSNAiAf8IItI.JspLuPb0DVmbSql3GBd2e3xlyp1HpIzJMJ.e',0,0,'2015-10-06 02:22:57','2015-10-06 02:32:32','','{}','0000-00-00 00:00:00',0,'','',0),(1229,'Ezekiel Sherrard','ezekielsherrard05988','margertedboveccc1465@yahoo.com','$2y$10$mZ0RnwqZ3uFO/gGmbgC9DenZe1OeHWmMcykKZPc6LMNDML7SyzNui',0,0,'2015-10-06 12:49:52','2015-10-06 15:07:27','','{}','0000-00-00 00:00:00',0,'','',0),(1230,'Lawanna Boddie','lawanna1911869119366','bibingcrasengz8427@yahoo.com','$2y$10$dJLwVmGxly3ieC6Ubynpt.AZJM7TchW53J86h6QdTLCqGBePm/3NO',0,0,'2015-10-06 20:35:45','2015-10-06 22:36:33','','{}','0000-00-00 00:00:00',0,'','',0),(1231,'Ernest Wymark','esaernest48621842129','danetteihbealerlkk2146@yahoo.com','$2y$10$t2rfHN5gxmfxIbcSBspwke6Gj25PYKaSDsv56wa823VnjGgoMFi0m',1,0,'2015-10-10 16:36:05','0000-00-00 00:00:00','00969b5950612cc8f756250779ff866f','{}','0000-00-00 00:00:00',0,'','',0),(1232,'Rosetta Hess','rosetta07986365455130','thaineiansitiwjq@yahoo.com','$2y$10$jOGr8h2f9rX6WlzZp.t65.vF2rAFEmw83lh1a23VbeQEifP8WEXd2',0,0,'2015-10-15 11:15:29','2015-10-15 11:25:58','','{}','0000-00-00 00:00:00',0,'','',0),(1233,'Cecelia Danford','ceceliadanford8527','nomafuvytippettnabr9442@yahoo.com','$2y$10$fybaCoFSjh6cnCBH5TKK.ONeV.xob2TFVD6UEE9PfTIr39qxqBL9W',0,0,'2015-10-31 03:40:23','2015-10-31 04:04:07','','{}','0000-00-00 00:00:00',0,'','',0),(1234,'joomuser','joomuser','lyusya.spicina@mail.ru','$2y$10$HZwinsgXuKUq/8kK0gKV4elEW0HEBvBVuQFNmW.2sKl0XN6T8icmu',0,0,'2015-11-02 01:57:41','0000-00-00 00:00:00','','{}','0000-00-00 00:00:00',0,'','',0),(1235,'Claudio Gillette','claudiogillette','silvanaipguilianigad6696@yahoo.com','$2y$10$3B.0hWwRbXLaSyKlLRX8huJq0qhSHAHU4Dy4apNzE2rPzF9mXZgda',0,0,'2015-11-05 16:17:53','2015-11-05 16:23:51','','{}','0000-00-00 00:00:00',0,'','',0),(1236,'Stefanie Reynolds','stefaniereynolds749','buffyuqdowdvpr3516@yahoo.com','$2y$10$nz9UEN5YcFCK3KmC9u5Pf.rlv5M0W02JSkA/j4o7jpahj/Cfqs8fK',0,0,'2015-11-06 20:09:45','2015-11-06 23:27:30','','{}','0000-00-00 00:00:00',0,'','',0),(1237,'Patsy Peters','patsypeters463905','merissaroculnanecoz8778@yahoo.com','$2y$10$zMOci75FeuBEzpv7HY6rwe3H2Gc7kfz45dJOU5iCLsXfeLkBQYXiO',0,0,'2015-11-06 21:49:14','2015-11-06 21:53:18','','{}','0000-00-00 00:00:00',0,'','',0),(1238,'Roger Rister','rogerrister13056518','adelaidebyeveswoq5941@yahoo.com','$2y$10$w4nOBrvvuB07hFpAAnFyTeEDjc3KaFo2TojSD.oCnx1NXNlOp4qaq',0,0,'2015-11-07 14:18:51','2015-11-07 14:30:26','','{}','0000-00-00 00:00:00',0,'','',0),(1239,'Tom Worley','tomworley82800502811','ednatvbrinkscml0526@yahoo.com','$2y$10$M1dri1d3l/mkRWnqGtQFaOuILD7UrTSidWvdff8xrYTVxTzv6B3W6',0,0,'2015-11-07 16:14:36','2015-11-07 16:20:39','','{}','0000-00-00 00:00:00',0,'','',0),(1240,'Candra Nicolai','candranicolai92','elisesfboultonuvv2333@yahoo.com','$2y$10$f/V1Py/9sdaPiEBaas2WDOCSacnGzb7CUu2nBkUVs1YvLuRTAMwSa',0,0,'2015-11-07 17:07:03','2015-11-07 17:10:08','','{}','0000-00-00 00:00:00',0,'','',0),(1241,'Tuyet Pitcher','tuyet5040191919412572','frederickaoaordoricazba7463@yahoo.com','$2y$10$G7IcqZActlAXPy7y2yK/duruxuvwt69qe2fw3zpH6t19r9g6wtD6a',0,0,'2015-11-11 01:34:13','2015-11-11 01:48:45','','{}','0000-00-00 00:00:00',0,'','',0),(1242,'Cinda Scanlon','cindascanlon0056','kellerwgeitzrhs4677@yahoo.com','$2y$10$b5jTW9aLXFtgV5c.ndHjcuStsxz28k16T.wCx8DKe0FS8fz8Ea.xC',0,0,'2015-11-11 21:26:17','2015-11-11 21:33:48','','{}','0000-00-00 00:00:00',0,'','',0),(1243,'Brigida Driskell','brigidadriskell401','jacqulynrkdiloretocnq6412@yahoo.com','$2y$10$OVEtwdzaNasmhnIWMdpDYuScFgsalCa8VQVJ3P.EgXr6lImIULFtu',0,0,'2015-11-12 10:04:44','2015-11-12 10:13:38','','{}','0000-00-00 00:00:00',0,'','',0),(1244,'Ciara Saltau','ciarasaltau61750142','virginiadwrideoutwao7103@yahoo.com','$2y$10$ujhdPTDOKOwt967lkn2Z6eq6jYXRFt06JoEgrzjhsgbuOOipFgLzu',0,0,'2015-11-13 09:58:02','2015-11-13 10:03:06','','{}','0000-00-00 00:00:00',0,'','',0);

--
-- Table structure for table `oje6f_viewlevels`
--

CREATE TABLE `oje6f_viewlevels` (
  `id` int(10) unsigned NOT NULL AUTO_INCREMENT COMMENT 'Primary Key',
  `title` varchar(100) NOT NULL DEFAULT '',
  `ordering` int(11) NOT NULL DEFAULT '0',
  `rules` varchar(5120) NOT NULL COMMENT 'JSON encoded access control.',
  PRIMARY KEY (`id`),
  UNIQUE KEY `idx_assetgroup_title_lookup` (`title`)
) ENGINE=InnoDB AUTO_INCREMENT=7 DEFAULT CHARSET=utf8;

--
-- Dumping data for table `oje6f_viewlevels`
--

INSERT INTO `oje6f_viewlevels` (`id`, `title`, `ordering`, `rules`) VALUES (1,'Public',0,'[1]'),(2,'Registered',1,'[6,2,8]'),(3,'Special',2,'[6,3,8]'),(5,'Guest',0,'[9]'),(6,'Super Users',0,'[8]');

--
-- Table structure for table `oje6f_weblinks`
--

CREATE TABLE `oje6f_weblinks` (
  `id` int(10) unsigned NOT NULL AUTO_INCREMENT,
  `catid` int(11) NOT NULL DEFAULT '0',
  `title` varchar(250) NOT NULL DEFAULT '',
  `alias` varchar(255) CHARACTER SET utf8 COLLATE utf8_bin NOT NULL DEFAULT '',
  `url` varchar(250) NOT NULL DEFAULT '',
  `description` text NOT NULL,
  `hits` int(11) NOT NULL DEFAULT '0',
  `state` tinyint(1) NOT NULL DEFAULT '0',
  `checked_out` int(11) NOT NULL DEFAULT '0',
  `checked_out_time` datetime NOT NULL DEFAULT '0000-00-00 00:00:00',
  `ordering` int(11) NOT NULL DEFAULT '0',
  `access` int(11) NOT NULL DEFAULT '1',
  `params` text NOT NULL,
  `language` char(7) NOT NULL DEFAULT '',
  `created` datetime NOT NULL DEFAULT '0000-00-00 00:00:00',
  `created_by` int(10) unsigned NOT NULL DEFAULT '0',
  `created_by_alias` varchar(255) NOT NULL DEFAULT '',
  `modified` datetime NOT NULL DEFAULT '0000-00-00 00:00:00',
  `modified_by` int(10) unsigned NOT NULL DEFAULT '0',
  `metakey` text NOT NULL,
  `metadesc` text NOT NULL,
  `metadata` text NOT NULL,
  `featured` tinyint(3) unsigned NOT NULL DEFAULT '0' COMMENT 'Set if link is featured.',
  `xreference` varchar(50) NOT NULL COMMENT 'A reference to enable linkages to external data sets.',
  `publish_up` datetime NOT NULL DEFAULT '0000-00-00 00:00:00',
  `publish_down` datetime NOT NULL DEFAULT '0000-00-00 00:00:00',
  `version` int(10) unsigned NOT NULL DEFAULT '1',
  `images` text NOT NULL,
  PRIMARY KEY (`id`),
  KEY `idx_access` (`access`),
  KEY `idx_checkout` (`checked_out`),
  KEY `idx_state` (`state`),
  KEY `idx_catid` (`catid`),
  KEY `idx_createdby` (`created_by`),
  KEY `idx_featured_catid` (`featured`,`catid`),
  KEY `idx_language` (`language`),
  KEY `idx_xreference` (`xreference`)
) ENGINE=InnoDB DEFAULT CHARSET=utf8;

--
-- Dumping data for table `oje6f_weblinks`
--


--
-- Dumping events for database 'morales_newweb'
--
